518
CXUS52 KGSP 010817
CF6HKY
PRELIMINARY LOCAL CLIMATOLOGICAL DATA (WS FORM: F-6)

                                          STATION:   HICKORY NC
                                          MONTH:     NOVEMBER
                                          YEAR:      2014
                                          LATITUDE:   35 45 N
                                          LONGITUDE:  81 23 W

  TEMPERATURE IN F:       :PCPN:    SNOW:  WIND      :SUNSHINE: SKY     :PK WND
================================================================================
1   2   3   4   5  6A  6B    7    8   9   10  11  12  13   14  15   16   17  18
                                     12Z  AVG MX 2MIN
DY MAX MIN AVG DEP HDD CDD  WTR  SNW DPTH SPD SPD DIR MIN PSBL S-S WX    SPD DR
================================================================================

 1  51  38  45 -10  20   0 0.25    M    M 12.1 28 360   M    M   6 1      40 350
 2  54  33  44 -10  21   0 0.00    M    M  7.9 20 320   M    M   0        28 330
 3  64  30  47  -7  18   0 0.00    M    M  4.8 10 190   M    M   0        14 210
 4  67  38  53  -1  12   0 0.00    M    M  2.8 14 210   M    M   0        19 200
 5  64  44  54   1  11   0 0.00    M    M  3.0 12 210   M    M   0        17 200
 6  69  48  59   6   6   0    T    M    M 10.7 24 300   M    M   7        40 300
 7  58  38  48  -5  17   0 0.00    M    M  6.6 20 310   M    M   1 8      32  10
 8  56  30  43  -9  22   0 0.00    M    M  2.9 15 190   M    M   0 8      20 190
 9  63  37  50  -2  15   0 0.00    M    M  1.1  9 200   M    M   0        12 210
10  66  36  51  -1  14   0 0.00    M    M  1.4  9 190   M    M   0 1      13 190
11  72  38  55   3  10   0 0.00    M    M  2.3  9 310   M    M   0        12 300
12  73  44  59   8   6   0 0.00    M    M  3.8 12  60   M    M   4        15  70
13  58  37  48  -3  17   0    T    M    M  4.4 12  20   M    M   6 1      15  10
14  42  24  33 -17  32   0 0.01    M    M  7.5 15  20   M    M   3 1      20 350
15  42  21  32 -18  33   0 0.00    M    M  1.5 10  20   M    M   0        14  10
16  53  32  43  -7  22   0    T    M    M  1.5  7 200   M    M   7 8      10 170
17  48  32  40  -9  25   0 0.59    M    M  4.9 13 300   M    M   6 1      19 290
18  35  22  29 -20  36   0 0.00    M    M  8.4 18 330   M    M   0        26 340
19  39  18  29 -20  36   0 0.00    M    M  4.3 15 200   M    M   0        19 190
20  57  26  42  -6  23   0 0.00    M    M  6.0 16 280   M    M   0        23 290
21  55  31  43  -5  22   0 0.00    M    M  4.3 17 280   M    M   0        25 290
22  53  24  39  -9  26   0 0.00    M    M  1.8 10 210   M    M   1        13 210
23  49  40  45  -2  20   0 1.55    M    M  3.3 15 260   M    M  10 1      18 250
24  71  48  60  13   5   0    T    M    M 12.2 23 220   M    M   3 1      32 220
25  61  46  54   7  11   0 0.02    M    M  3.5 13 210   M    M   2        18 210
26  51  41  46   0  19   0 1.09    M    M  4.2 10 340   M    M   8 1      15 340
27  48  31  40  -6  25   0 0.02    M    M  5.6 18 320   M    M   6 12     27 320
28  45  26  36 -10  29   0 0.00    M    M  3.3 10 310   M    M   1        16 340
29  54  28  41  -4  24   0 0.00    M    M  4.1 15 190   M    M   0 1      21 190
30  64  30  47   2  18   0 0.00    M    M  4.6 14 200   M    M   0 1      20 200
================================================================================
SM 1682 1011       595   0  3.53    M    144.8          M       71
================================================================================
AV 56.1 33.7                               4.8 FASTST   M    M   2    MAX(MPH)
                                 MISC ---->  # 28 360               # 40  350
================================================================================
NOTES:
# LAST OF SEVERAL OCCURRENCES

COLUMN 17 PEAK WIND IN M.P.H.

PRELIMINARY LOCAL CLIMATOLOGICAL DATA (WS FORM: F-6) , PAGE 2

                                          STATION:  HICKORY NC
                                          MONTH:    NOVEMBER
                                          YEAR:     2014
                                          LATITUDE:   35 45 N
                                          LONGITUDE:  81 23 W

[TEMPERATURE DATA]      [PRECIPITATION DATA]       SYMBOLS USED IN COLUMN 16

AVERAGE MONTHLY: 44.9   TOTAL FOR MONTH:   3.53    1 = FOG OR MIST
DPTR FM NORMAL:  -5.0   DPTR FM NORMAL:    0.07    2 = FOG REDUCING VISIBILITY
HIGHEST:    73 ON 12    GRTST 24HR  1.55 ON 22-23      TO 1/4 MILE OR LESS
LOWEST:     18 ON 19                               3 = THUNDER
                        SNOW, ICE PELLETS, HAIL    4 = ICE PELLETS
                        TOTAL MONTH:    M          5 = HAIL
                        GRTST 24HR    M  ON   M    6 = FREEZING RAIN OR DRIZZLE
                        GRTST DEPTH:  M  ON   M    7 = DUSTSTORM OR SANDSTORM:
                                                       VSBY 1/2 MILE OR LESS
                                                   8 = SMOKE OR HAZE
[NO. OF DAYS WITH]      [WEATHER - DAYS WITH]      9 = BLOWING SNOW
                                                   X = TORNADO
MAX 32 OR BELOW:   0    0.01 INCH OR MORE:   7
MAX 90 OR ABOVE:   0    0.10 INCH OR MORE:   4
MIN 32 OR BELOW:  15    0.50 INCH OR MORE:   3
MIN  0 OR BELOW:   0    1.00 INCH OR MORE:   2

[HDD (BASE 65) ]
TOTAL THIS MO.   595    CLEAR  (SCALE 0-3)  20
DPTR FM NORMAL   140    PTCLDY (SCALE 4-7)   9
TOTAL FM JUL 1   765    CLOUDY (SCALE 8-10)  1
DPTR FM NORMAL    76

[CDD (BASE 65) ]
TOTAL THIS MO.     0
DPTR FM NORMAL    -2    [PRESSURE DATA]
TOTAL FM JAN 1  1390    HIGHEST SLP 30.54 ON 22
DPTR FM NORMAL    28    LOWEST  SLP 29.61 ON 17

[REMARKS]
#FINAL-11-14#




U.S. Dept. of Commerce
NOAA National Weather Service
1325 East West Highway
Silver Spring, MD 20910
E-mail: w-nws.webmaster@noaa.gov
Page last modified: May 16, 2007
NATIONAL WEATHER SERVICE: for Safety, for Work, for Fun - FOR LIFE