000
CXUS52 KGSP 300817
CF6HKY
PRELIMINARY LOCAL CLIMATOLOGICAL DATA (WS FORM: F-6)

                                          STATION:   HICKORY NC
                                          MONTH:     JANUARY
                                          YEAR:      2015
                                          LATITUDE:   35 45 N
                                          LONGITUDE:  81 23 W

  TEMPERATURE IN F:       :PCPN:    SNOW:  WIND      :SUNSHINE: SKY     :PK WND
================================================================================
1   2   3   4   5  6A  6B    7    8   9   10  11  12  13   14  15   16   17  18
                                     12Z  AVG MX 2MIN
DY MAX MIN AVG DEP HDD CDD  WTR  SNW DPTH SPD SPD DIR MIN PSBL S-S WX    SPD DR
================================================================================

 1  51  24  38  -1  27   0 0.00    M    M  3.5 13 270   M    M   1 1      17 260
 2  53  39  46   7  19   0    T    M    M  1.2 14 270   M    M   7        18 280
 3  48  43  46   7  19   0 0.58    M    M  2.9  9  10   M    M  10 1      11  20
 4  59  45  52  13  13   0 0.52    M    M  6.8 21 300   M    M   7 12     31 310
 5  48  30  39   0  26   0 0.00    M    M  5.7 18 240   M    M   0        23 250
 6  53  25  39   0  26   0 0.00    M    M  4.8 18 280   M    M   0        26 290
 7  37  12  25 -14  40   0 0.00    M    M 11.0 22 320   M    M   1        31 290
 8  28   7  18 -21  47   0 0.00    M    M  5.5 14 210   M    M   0        18 200
 9  43  18  31  -8  34   0 0.00    M    M  5.9 16 250   M    M   1        22 200
10  39  19  29 -10  36   0 0.00    M    M  2.2 10 360   M    M   0        13  10
11  45  18  32  -7  33   0 0.07    M    M  1.6  8 340   M    M   3 1      12 200
12  43  35  39   0  26   0 0.52    M    M  1.4 14 270   M    M  10 12     16 260
13  44  34  39   0  26   0 0.01    M    M  7.5 17  60   M    M  10 18     23  60
14  39  33  36  -3  29   0 0.00    M    M  2.2  9  60   M    M  10 18     11  60
15  40  27  34  -5  31   0 0.00    M    M  2.1  9 220   M    M   9 12     14 190
16  54  27  41   2  24   0 0.00    M    M  4.8 13 320   M    M   1 12     18 340
17  54  27  41   2  24   0 0.00    M    M  3.5 14 210   M    M   0        20 180
18  56  36  46   7  19   0    T    M    M  7.3 23 280   M    M   2        35 280
19  61  36  49  10  16   0 0.00    M    M  5.8 15 200   M    M   0        20 270
20  67  37  52  13  13   0 0.00    M    M  3.2 13 200   M    M   0        19 190
21  62  40  51  12  14   0 0.00    M    M  4.3 15 310   M    M   0        21 300
22  56  30  43   4  22   0 0.00    M    M  2.2  9 200   M    M   1        16 200
23  39  34  37  -2  28   0 0.93    M    M  5.4 12  20   M    M   9 1      16  10
24  48  34  41   1  24   0 0.07    M    M  7.0 18 300   M    M   5 1      26 300
25  55  29  42   2  23   0    T    M    M  4.1 13 190   M    M   1        18 210
26  52  33  43   3  22   0 0.02    M    M  6.1 17 330   M    M   4 1      27 330
27  44  28  36  -4  29   0 0.00    M    M  8.6 18 320   M    M   3        25 330
28  49  24  37  -3  28   0 0.00    M    M  4.0 17 330   M    M   0        26 340
29  48  25  37  -3  28   0    T    M    M  5.1 18 200   M    M   2 4      26 190
================================================================================
SM 1415  849       746   0  2.72    M    135.7          M       97
================================================================================
AV 48.8 29.3                               4.7 FASTST   M    M   3    MAX(MPH)
                                 MISC ---->  # 23 280               # 35  280
================================================================================
NOTES:
# LAST OF SEVERAL OCCURRENCES

COLUMN 17 PEAK WIND IN M.P.H.

PRELIMINARY LOCAL CLIMATOLOGICAL DATA (WS FORM: F-6) , PAGE 2

                                          STATION:  HICKORY NC
                                          MONTH:    JANUARY
                                          YEAR:     2015
                                          LATITUDE:   35 45 N
                                          LONGITUDE:  81 23 W

[TEMPERATURE DATA]      [PRECIPITATION DATA]       SYMBOLS USED IN COLUMN 16

AVERAGE MONTHLY: 39.0   TOTAL FOR MONTH:   2.72    1 = FOG OR MIST
DPTR FM NORMAL:  -0.2   DPTR FM NORMAL:   -0.86    2 = FOG REDUCING VISIBILITY
HIGHEST:    67 ON 20    GRTST 24HR  1.00 ON 23-24      TO 1/4 MILE OR LESS
LOWEST:      7 ON  8                               3 = THUNDER
                        SNOW, ICE PELLETS, HAIL    4 = ICE PELLETS
                        TOTAL MONTH:    M          5 = HAIL
                        GRTST 24HR    M  ON   M    6 = FREEZING RAIN OR DRIZZLE
                        GRTST DEPTH:  M  ON   M    7 = DUSTSTORM OR SANDSTORM:
                                                       VSBY 1/2 MILE OR LESS
                                                   8 = SMOKE OR HAZE
[NO. OF DAYS WITH]      [WEATHER - DAYS WITH]      9 = BLOWING SNOW
                                                   X = TORNADO
MAX 32 OR BELOW:   1    0.01 INCH OR MORE:   8
MAX 90 OR ABOVE:   0    0.10 INCH OR MORE:   4
MIN 32 OR BELOW:  16    0.50 INCH OR MORE:   4
MIN  0 OR BELOW:   0    1.00 INCH OR MORE:   0

[HDD (BASE 65) ]
TOTAL THIS MO.   746    CLEAR  (SCALE 0-3)  18
DPTR FM NORMAL    -3    PTCLDY (SCALE 4-7)   5
TOTAL FM JUL 1  2142    CLOUDY (SCALE 8-10)  6
DPTR FM NORMAL   -35

[CDD (BASE 65) ]
TOTAL THIS MO.     0
DPTR FM NORMAL     0    [PRESSURE DATA]
TOTAL FM JAN 1     0    HIGHEST SLP M ON M
DPTR FM NORMAL     0    LOWEST  SLP 29.60 ON 24

[REMARKS]




U.S. Dept. of Commerce
NOAA National Weather Service
1325 East West Highway
Silver Spring, MD 20910
E-mail: w-nws.webmaster@noaa.gov
Page last modified: May 16, 2007
NATIONAL WEATHER SERVICE: for Safety, for Work, for Fun - FOR LIFE