582
CXUS52 KGSP 300817
CF6HKY
PRELIMINARY LOCAL CLIMATOLOGICAL DATA (WS FORM: F-6)

                                          STATION:   HICKORY NC
                                          MONTH:     JULY
                                          YEAR:      2014
                                          LATITUDE:   35 45 N
                                          LONGITUDE:  81 23 W

  TEMPERATURE IN F:       :PCPN:    SNOW:  WIND      :SUNSHINE: SKY     :PK WND
================================================================================
1   2   3   4   5  6A  6B    7    8   9   10  11  12  13   14  15   16   17  18
                                     12Z  AVG MX 2MIN
DY MAX MIN AVG DEP HDD CDD  WTR  SNW DPTH SPD SPD DIR MIN PSBL S-S WX    SPD DR
================================================================================

 1  91  68  80   3   0  15 0.00    M    M  3.1 13 220   M    M   4 12     17 200
 2  94  72  83   6   0  18 0.00    M    M  3.8 12 220   M    M   1        17 190
 3  91  70  81   4   0  16    T    M    M  3.6 18 280   M    M   3        23 270
 4  85  64  75  -2   0  10 0.00    M    M  6.0 13  20   M    M   1        20  10
 5  83  58  71  -7   0   6 0.00    M    M  2.4 12  80   M    M   0        16  60
 6  85  59  72  -6   0   7 0.00    M    M  3.4 12 250   M    M   1        15 200
 7  92  63  78   0   0  13 0.00    M    M  5.1 16 240   M    M   1        22 180
 8  94  66  80   2   0  15    T    M    M  5.2 18 210   M    M   2 1      25 210
 9  89  70  80   2   0  15 0.44    M    M  3.8 16 300   M    M   4 138    21 270
10  84  68  76  -2   0  11 0.47    M    M  2.3 14 360   M    M   4 1      21  10
11  87  66  77  -1   0  12 0.00    M    M  1.9  9  90   M    M   5 12     16 170
12  89  68  79   1   0  14 0.00    M    M  2.5  9 200   M    M   3 1      14 100
13  90  70  80   2   0  15    T    M    M  2.2 10 320   M    M   3        14 320
14  93  71  82   4   0  17 0.00    M    M  3.8 16 230   M    M   2 1      21 230
15  90  69  80   2   0  15 0.01    M    M  3.0 14 280   M    M   3        17 290
16  84  63  74  -4   0   9 0.00    M    M  3.1 10 260   M    M   3        14  10
17  83  60  72  -6   0   7 0.00    M    M  2.3 10 360   M    M   4        14 210
18  69  64  67 -11   0   2 0.12    M    M  2.7  8  10   M    M   8 1       9  20
19  70  63  67 -11   0   2 0.13    M    M  0.9  6  10   M    M  10 18      7 360
20  78  63  71  -7   0   6    T    M    M  1.3  7  10   M    M   9 1      12  20
21  77  68  73  -5   0   8 0.02    M    M  3.6  9  50   M    M   9 1      13  60
22  85  69  77  -1   0  12 0.21    M    M  1.6  7  50   M    M   7 1       9 110
23  91  68  80   2   0  15 1.31    M    M  2.0 24 280   M    M   3 12     28 270
24  87  69  78   0   0  13 0.37    M    M  3.0 18 250   M    M   5 138    25 250
25  85  66  76  -2   0  11 0.00    M    M  2.5  9 190   M    M   5 1      16 210
26  88  68  78   0   0  13 0.00    M    M  2.5  9 190   M    M   2 12     13 200
27  90  71  81   3   0  16 0.12    M    M  5.8 18 200   M    M   3 3      28 200
28  85  67  76  -1   0  11 0.16    M    M  8.3 20 270   M    M   1 13     28 320
29  82  61  72  -5   0   7 0.00    M    M  3.6 12 310   M    M   2        14 320
================================================================================
SM 2491 1922         0 331  3.36    M     95.3          M      108
================================================================================
AV 85.9 66.3                               3.3 FASTST   M    M   4    MAX(MPH)
                                 MISC ---->  # 24 280               # 28  270
================================================================================
NOTES:
# LAST OF SEVERAL OCCURRENCES

COLUMN 17 PEAK WIND IN M.P.H.

PRELIMINARY LOCAL CLIMATOLOGICAL DATA (WS FORM: F-6) , PAGE 2

                                          STATION:  HICKORY NC
                                          MONTH:    JULY
                                          YEAR:     2014
                                          LATITUDE:   35 45 N
                                          LONGITUDE:  81 23 W

[TEMPERATURE DATA]      [PRECIPITATION DATA]       SYMBOLS USED IN COLUMN 16

AVERAGE MONTHLY: 76.1   TOTAL FOR MONTH:   3.36    1 = FOG OR MIST
DPTR FM NORMAL:  -1.7   DPTR FM NORMAL:   -0.79    2 = FOG REDUCING VISIBILITY
HIGHEST:    94 ON  8, 2 GRTST 24HR  1.32 ON 23-24      TO 1/4 MILE OR LESS
LOWEST:     58 ON  5                               3 = THUNDER
                        SNOW, ICE PELLETS, HAIL    4 = ICE PELLETS
                        TOTAL MONTH:    M          5 = HAIL
                        GRTST 24HR    M  ON   M    6 = FREEZING RAIN OR DRIZZLE
                        GRTST DEPTH:  M  ON   M    7 = DUSTSTORM OR SANDSTORM:
                                                       VSBY 1/2 MILE OR LESS
                                                   8 = SMOKE OR HAZE
[NO. OF DAYS WITH]      [WEATHER - DAYS WITH]      9 = BLOWING SNOW
                                                   X = TORNADO
MAX 32 OR BELOW:   0    0.01 INCH OR MORE:  11
MAX 90 OR ABOVE:  10    0.10 INCH OR MORE:   9
MIN 32 OR BELOW:   0    0.50 INCH OR MORE:   1
MIN  0 OR BELOW:   0    1.00 INCH OR MORE:   1

[HDD (BASE 65) ]
TOTAL THIS MO.     0    CLEAR  (SCALE 0-3)  13
DPTR FM NORMAL     0    PTCLDY (SCALE 4-7)  12
TOTAL FM JUL 1     0    CLOUDY (SCALE 8-10)  4
DPTR FM NORMAL     0

[CDD (BASE 65) ]
TOTAL THIS MO.   331
DPTR FM NORMAL   -38    [PRESSURE DATA]
TOTAL FM JAN 1   837    HIGHEST SLP M ON M
DPTR FM NORMAL    47    LOWEST  SLP 29.73 ON 15

[REMARKS]




U.S. Dept. of Commerce
NOAA National Weather Service
1325 East West Highway
Silver Spring, MD 20910
E-mail: w-nws.webmaster@noaa.gov
Page last modified: May 16, 2007
NATIONAL WEATHER SERVICE: for Safety, for Work, for Fun - FOR LIFE