705
CXUS54 KJAN 011200
CF6HKS
PRELIMINARY LOCAL CLIMATOLOGICAL DATA (WS FORM: F-6)

                                          STATION:   JACKSON HAWKINS
                                          MONTH:     AUGUST
                                          YEAR:      2014
                                          LATITUDE:   32 20 N
                                          LONGITUDE:  90 14 W

  TEMPERATURE IN F:       :PCPN:    SNOW:  WIND      :SUNSHINE: SKY     :PK WND
================================================================================
1   2   3   4   5  6A  6B    7    8   9   10  11  12  13   14  15   16   17  18
                                     12Z  AVG MX 2MIN
DY MAX MIN AVG DEP HDD CDD  WTR  SNW DPTH SPD SPD DIR MIN PSBL S-S WX    SPD DR
================================================================================

 1  79  72  76  -6   0  11 0.05  0.0    0  3.0 29 110   M    M   9         M  M
 2  86  72  79  -3   0  14 0.04  0.0    0  2.9  9  40   M    M   7 138    18 230
 3  92  72  82   0   0  17 0.01  0.0    0  2.8 13 130   M    M   4         M  M
 4  94  71  83   1   0  18 0.03  0.0    0  2.3 20 120   M    M   2 38      M  M
 5  94  70  82   0   0  17 0.00  0.0    0  1.6 12 120   M    M   1 18      M  M
 6  94  74  84   2   0  19 0.00  0.0    0  1.6 10 290   M    M   0 8      15 270
 7  93  76  85   3   0  20    T  0.0    0  4.0 15 180   M    M   1 1      25 150
 8  94  75  85   3   0  20 0.00  0.0    0  4.7 14 250   M    M   1        21 270
 9  92  73  83   1   0  18 1.00  0.0    0  4.9 32 290   M    M   3 123    41 290
10  95  71  83   1   0  18 2.08  0.0    0  3.3 18 230   M    M   3 138    25 230
11  83  73  78  -4   0  13 0.07  0.0    0  5.1 14 350   M    M   2 138    21 350
12  91  71  81  -1   0  16    T  0.0    0  4.1 13 320   M    M   4 12     18 310
13  87  66  77  -5   0  12 0.00  0.0    0  4.6 13  70   M    M   0        17  30
14  87  63  75  -7   0  10 0.00  0.0    0  2.2  9 350   M    M   0        13  10
15  89  65  77  -5   0  12 0.00  0.0    0  1.4  9 290   M    M   0 1      13 360
16  91  68  80  -2   0  15 0.00  0.0    0  3.6 13 250   M    M   1 1      15 250
17  93  75  84   2   0  19    T  0.0    0  7.3 16 240   M    M   3        21 220
18  91  75  83   1   0  18    T  0.0    0  8.5 24 260   M    M   3 3      29 260
19  93  75  84   2   0  19    T  0.0    0  5.7 17 240   M    M   1 138    22 240
20  95  74  85   3   0  20 0.00  0.0    0  3.5  9 190   M    M   0        13 220
21  97  74  86   4   0  21 0.07  0.0    0  3.3 20 310   M    M   1        28 300
22  94  74  84   2   0  19 0.00  0.0    0  2.2 10 290   M    M   0        13 250
23  96  74  85   3   0  20 0.00  0.0    0  2.2 10 280   M    M   0        14 290
24  96  74  85   4   0  20 0.00  0.0    0  2.3 10 350   M    M   1        16 320
25  93  77  85   4   0  20 0.40  0.0    0  3.5 15 140   M    M   2 18     21 140
26  91  73  82   1   0  17 0.00  0.0    0  4.6 13  90   M    M   0 8      26 340
27  94  70  82   1   0  17 0.00  0.0    0  3.6 12 110   M    M   2        16 140
28  95  71  83   2   0  18 0.00  0.0    0  1.9 13 220   M    M   1 3      17 240
29  94  74  84   3   0  19 0.00  0.0    0  5.6 14 160   M    M   1        23 130
30  84  74  79  -2   0  14 0.27  0.0    0  8.2 28 170   M    M   8 1      36 180
31  87  74  81   1   0  16 0.01  0.0    0  6.5 12 170   M    M   3 1      14 150
================================================================================
SM 2834 2240         0 527  4.03     0.0 121.0          M       64
================================================================================
AV 91.4 72.3                               3.9 FASTST   M    M   2    MAX(MPH)
                                 MISC ---->  # 32 290               # 41  290
================================================================================
NOTES:
# LAST OF SEVERAL OCCURRENCES

COLUMN 17 PEAK WIND IN M.P.H.

PRELIMINARY LOCAL CLIMATOLOGICAL DATA (WS FORM: F-6) , PAGE 2

                                          STATION:  JACKSON HAWKINS
                                          MONTH:    AUGUST
                                          YEAR:     2014
                                          LATITUDE:   32 20 N
                                          LONGITUDE:  90 14 W

[TEMPERATURE DATA]      [PRECIPITATION DATA]       SYMBOLS USED IN COLUMN 16

AVERAGE MONTHLY: 81.8   TOTAL FOR MONTH:   4.03    1 = FOG OR MIST
DPTR FM NORMAL:   0.1   DPTR FM NORMAL:    0.02    2 = FOG REDUCING VISIBILITY
HIGHEST:    97 ON 21    GRTST 24HR  2.13 ON 10-11      TO 1/4 MILE OR LESS
LOWEST:     63 ON 14                               3 = THUNDER
                        SNOW, ICE PELLETS, HAIL    4 = ICE PELLETS
                        TOTAL MONTH:   0.0 INCH    5 = HAIL
                        GRTST 24HR     0.0         6 = FREEZING RAIN OR DRIZZLE
                        GRTST DEPTH:   0           7 = DUSTSTORM OR SANDSTORM:
                                                       VSBY 1/2 MILE OR LESS
                                                   8 = SMOKE OR HAZE
[NO. OF DAYS WITH]      [WEATHER - DAYS WITH]      9 = BLOWING SNOW
                                                   X = TORNADO
MAX 32 OR BELOW:   0    0.01 INCH OR MORE:  11
MAX 90 OR ABOVE:  23    0.10 INCH OR MORE:   4
MIN 32 OR BELOW:   0    0.50 INCH OR MORE:   2
MIN  0 OR BELOW:   0    1.00 INCH OR MORE:   2

[HDD (BASE 65) ]
TOTAL THIS MO.     0    CLEAR  (SCALE 0-3)  25
DPTR FM NORMAL     0    PTCLDY (SCALE 4-7)   5
TOTAL FM JUL 1     0    CLOUDY (SCALE 8-10)  1
DPTR FM NORMAL     0

[CDD (BASE 65) ]
TOTAL THIS MO.   527
DPTR FM NORMAL    10    [PRESSURE DATA]
TOTAL FM JAN 1  1830    HIGHEST SLP 30.09 ON 31
DPTR FM NORMAL   -18    LOWEST  SLP 29.90 ON 29

[REMARKS]
#FINAL-08-14#




U.S. Dept. of Commerce
NOAA National Weather Service
1325 East West Highway
Silver Spring, MD 20910
E-mail: w-nws.webmaster@noaa.gov
Page last modified: May 16, 2007
NATIONAL WEATHER SERVICE: for Safety, for Work, for Fun - FOR LIFE