688
CXUS54 KJAN 012246
CF6HKS
PRELIMINARY LOCAL CLIMATOLOGICAL DATA (WS FORM: F-6)

                                          STATION:   JACKSON HAWKINS
                                          MONTH:     NOVEMBER
                                          YEAR:      2014
                                          LATITUDE:   32 20 N
                                          LONGITUDE:  90 14 W

  TEMPERATURE IN F:       :PCPN:    SNOW:  WIND      :SUNSHINE: SKY     :PK WND
================================================================================
1   2   3   4   5  6A  6B    7    8   9   10  11  12  13   14  15   16   17  18
                                     12Z  AVG MX 2MIN
DY MAX MIN AVG DEP HDD CDD  WTR  SNW DPTH SPD SPD DIR MIN PSBL S-S WX    SPD DR
================================================================================

 1  56  32  44 -17  21   0 0.00  0.0    0  5.8 14  10   M    M   0        22 320
 2  65  31  48 -13  17   0 0.00  0.0    0  2.8 12  90   M    M   0 8      15  90
 3  72  40  56  -4   9   0 0.00  0.0    0  4.6 13 150   M    M   0        17 140
 4  78  50  64   4   1   0 0.00  0.0    0  8.1 18 170   M    M   2        23 150
 5  73  61  67   7   0   2 0.04  0.0    0  4.6 14 180   M    M   2 1      19 170
 6  66  50  58  -1   7   0 0.19  0.0    0  5.7 15 310   M    M   5 1      19 300
 7  60  38  49 -10  16   0 0.00  0.0    0  3.5 14  40   M    M   0        20  40
 8  68  36  52  -7  13   0 0.00  0.0    0  3.3 12 300   M    M   0        16 260
 9  66  40  53  -5  12   0 0.00  0.0    0  1.9  9 290   M    M   0 1      12 310
10  76  37  57  -1   8   0 0.00  0.0    0  7.8 16 160   M    M   0 1      21 160
11  78  45  62   4   3   0    T  0.0    0  9.2 21 320   M    M   7 1      26 320
12  46  35  41 -16  24   0 0.00  0.0    0  7.1 13 350   M    M   9        20  20
13  40  29  35 -22  30   0 0.00  0.0    0  8.1 16 320   M    M   5 8      24 340
14  44  27  36 -21  29   0 0.00  0.0    0  5.1 13  10   M    M   0        19  40
15  53  26  40 -16  25   0 0.00  0.0    0  4.1 13 150   M    M   4        16 150
16  59  42  51  -5  14   0 3.16  0.0    0  6.4 17 300   M    M  10 123    24 170
17  44  29  37 -19  28   0 0.11  0.0    0  9.0 23 320   M    M   5 1      33 320
18  43  27  35 -20  30   0 0.00  0.0    0  2.6 13 310   M    M   0        16 320
19  60  25  43 -12  22   0 0.00  0.0    0  6.3 16 240   M    M   0        23 240
20  67  39  53  -2  12   0 0.00  0.0    0  3.6 10 280   M    M   5 18     14 290
21  71  41  56   2   9   0 0.00  0.0    0  6.5 18 140   M    M   3 1      23 140
22  71  49  60   6   5   0 0.00  0.0    0  8.7 17 140   M    M   2        21 130
23  71  61  66  12   0   1 0.22  0.0    0 13.2 28 200   M    M   7 1      37 200
24  64  47  56   2   9   0 0.00  0.0    0  8.5 21 300   M    M   2        26 280
25  52  32  42 -11  23   0 0.00  0.0    0  4.2 15  20   M    M   0        23  10
26  67  29  48  -5  17   0 0.00  0.0    0  7.9 25 240   M    M   0        33 250
27  51  33  42 -11  23   0 0.00  0.0    0  5.9 16 290   M    M   0        23 360
28  60  30  45  -7  20   0 0.00  0.0    0  6.0 14 170   M    M   0        19 180
29  73  43  58   6   7   0 0.00  0.0    0 11.8 23 200   M    M   4        34 210
30  78  56  67  15   0   2 0.00  0.0    0  9.6 22 230   M    M   3        27 230
================================================================================
SM 1872 1160       434   5  3.72     0.0 191.9          M       75
================================================================================
AV 62.4 38.7                               6.4 FASTST   M    M   3    MAX(MPH)
                                 MISC ---->  # 28 200               # 37  200
================================================================================
NOTES:
# LAST OF SEVERAL OCCURRENCES

COLUMN 17 PEAK WIND IN M.P.H.

PRELIMINARY LOCAL CLIMATOLOGICAL DATA (WS FORM: F-6) , PAGE 2

                                          STATION:  JACKSON HAWKINS
                                          MONTH:    NOVEMBER
                                          YEAR:     2014
                                          LATITUDE:   32 20 N
                                          LONGITUDE:  90 14 W

[TEMPERATURE DATA]      [PRECIPITATION DATA]       SYMBOLS USED IN COLUMN 16

AVERAGE MONTHLY: 50.5   TOTAL FOR MONTH:   3.72    1 = FOG OR MIST
DPTR FM NORMAL:  -5.8   DPTR FM NORMAL:   -1.05    2 = FOG REDUCING VISIBILITY
HIGHEST:    78 ON 30,11 GRTST 24HR  3.27 ON 16-17      TO 1/4 MILE OR LESS
LOWEST:     25 ON 19                               3 = THUNDER
                        SNOW, ICE PELLETS, HAIL    4 = ICE PELLETS
                        TOTAL MONTH:   0.0 INCH    5 = HAIL
                        GRTST 24HR     0.0         6 = FREEZING RAIN OR DRIZZLE
                        GRTST DEPTH:   0           7 = DUSTSTORM OR SANDSTORM:
                                                       VSBY 1/2 MILE OR LESS
                                                   8 = SMOKE OR HAZE
[NO. OF DAYS WITH]      [WEATHER - DAYS WITH]      9 = BLOWING SNOW
                                                   X = TORNADO
MAX 32 OR BELOW:   0    0.01 INCH OR MORE:   5
MAX 90 OR ABOVE:   0    0.10 INCH OR MORE:   4
MIN 32 OR BELOW:  11    0.50 INCH OR MORE:   1
MIN  0 OR BELOW:   0    1.00 INCH OR MORE:   1

[HDD (BASE 65) ]
TOTAL THIS MO.   434    CLEAR  (SCALE 0-3)  20
DPTR FM NORMAL   155    PTCLDY (SCALE 4-7)   8
TOTAL FM JUL 1   478    CLOUDY (SCALE 8-10)  2
DPTR FM NORMAL   114

[CDD (BASE 65) ]
TOTAL THIS MO.     5
DPTR FM NORMAL   -13    [PRESSURE DATA]
TOTAL FM JAN 1  2421    HIGHEST SLP 30.52 ON 18
DPTR FM NORMAL    94    LOWEST  SLP 29.47 ON 23

[REMARKS]
#FINAL-11-14#




U.S. Dept. of Commerce
NOAA National Weather Service
1325 East West Highway
Silver Spring, MD 20910
E-mail: w-nws.webmaster@noaa.gov
Page last modified: May 16, 2007
NATIONAL WEATHER SERVICE: for Safety, for Work, for Fun - FOR LIFE