598
CXUS56 KHNX 281916
CF6HJO
PRELIMINARY LOCAL CLIMATOLOGICAL DATA (WS FORM: F-6)

                                          STATION:   HANFORD CA AIRPORT
                                          MONTH:     JULY
                                          YEAR:      2014
                                          LATITUDE:   36 19 N
                                          LONGITUDE: 119 38 W

  TEMPERATURE IN F:       :PCPN:    SNOW:  WIND      :SUNSHINE: SKY     :PK WND
================================================================================
1   2   3   4   5  6A  6B    7    8   9   10  11  12  13   14  15   16   17  18
                                     12Z  AVG MX 2MIN
DY MAX MIN AVG DEP HDD CDD  WTR  SNW DPTH SPD SPD DIR MIN PSBL S-S WX    SPD DR
================================================================================

 1 107  66  87   9   0  22 0.00  0.0    0  6.3 15 320   M    M   2 8      20 320
 2 104  65  85   7   0  20 0.00  0.0    0  7.0 16 320   M    M   2        20 310
 3 102  65  84   6   0  19 0.00  0.0    0  6.6 14 320   M    M   2 8      19 320
 4 106  64  85   7   0  20 0.00  0.0    0  6.8 20 320   M    M   2        25 310
 5 103  64  84   6   0  19 0.00  0.0    0  6.9 17 310   M    M   2 8      23 300
 6 102  66  84   6   0  19 0.00  0.0    0  6.9 17 320   M    M   0        23 300
 7  95  65  80   1   0  15 0.00  0.0    0  4.4 10 310   M    M   0 8      13 300
 8 108  62  85   6   0  20 0.00  0.0    0  4.7 16 320   M    M   3 8      20 330
 9 104  63  84   5   0  19 0.00  0.0    0  5.5 14 310   M    M   3        19 300
10  99  68  84   5   0  19 0.00  0.0    0  6.4 13 310   M    M   2        17 320
11  94  65  80   1   0  15 0.00  0.0    0  8.5 16 320   M    M   1        20 320
12  96  65  81   2   0  16 0.00  0.0    0  8.8 17 320   M    M   2        21 320
13 101  67  84   5   0  19 0.00  0.0    0  7.5 14 320   M    M   3        17 350
14 103  71  87   8   0  22 0.00  0.0    0  4.2 12 300   M    M   2 8      14 320
15 101  73  87   7   0  22 0.00  0.0    0  6.9 16 310   M    M   3        21 310
16  96  72  84   4   0  19 0.00  0.0    0  9.0 17 310   M    M   2        21 310
17  92  66  79  -1   0  14 0.00  0.0    0  6.9 16 320   M    M   1        21 320
18  93  66  80   0   0  15 0.00  0.0    0  8.3 14 330   M    M   1        17 330
19  93  67  80   0   0  15    T  0.0    0  6.1 16 310   M    M   1        26 350
20  97  71  84   4   0  19 0.00  0.0    0  8.3 18 310   M    M   2        23 320
21  95  67  81   1   0  16 0.00  0.0    0  7.4 15 300   M    M   2 8      19 300
22  97  69  83   3   0  18 0.00  0.0    0  7.4 21 320   M    M   2 8      27 330
23  90  64  77  -3   0  12 0.00  0.0    0 10.3 21 330   M    M   1        27 330
24  96  64  80   0   0  15 0.00  0.0    0  7.1 14 320   M    M   2        19 300
25 100  63  82   2   0  17 0.00  0.0    0  4.6 12 300   M    M   3 8      14 310
26 106  66  86   6   0  21 0.00  0.0    0  6.0 13 320   M    M   4        17 330
27 105  66  86   6   0  21 0.00  0.0    0  6.5 15 320   M    M   4        18 310
================================================================================
SM 2685 1790         0 488    T      0.0 185.3          M       54
================================================================================
AV 99.4 66.3                               6.9 FASTST   M    M   2    MAX(MPH)
                                 MISC ---->  # 21 320               # 27  330
================================================================================
NOTES:
# LAST OF SEVERAL OCCURRENCES

COLUMN 17 PEAK WIND IN M.P.H.

PRELIMINARY LOCAL CLIMATOLOGICAL DATA (WS FORM: F-6) , PAGE 2

                                          STATION:  HANFORD CA AIRPORT
                                          MONTH:    JULY
                                          YEAR:     2014
                                          LATITUDE:   36 19 N
                                          LONGITUDE: 119 38 W

[TEMPERATURE DATA]      [PRECIPITATION DATA]       SYMBOLS USED IN COLUMN 16

AVERAGE MONTHLY: 82.9   TOTAL FOR MONTH:      T    1 = FOG OR MIST
DPTR FM NORMAL:   3.6   DPTR FM NORMAL:   -0.02    2 = FOG REDUCING VISIBILITY
HIGHEST:   108 ON  8    GRTST 24HR    T  ON 19-19      TO 1/4 MILE OR LESS
LOWEST:     62 ON  8                               3 = THUNDER
                        SNOW, ICE PELLETS, HAIL    4 = ICE PELLETS
                        TOTAL MONTH:   0.0 INCH    5 = HAIL
                        GRTST 24HR     0.0         6 = FREEZING RAIN OR DRIZZLE
                        GRTST DEPTH:   0           7 = DUSTSTORM OR SANDSTORM:
                                                       VSBY 1/2 MILE OR LESS
                                                   8 = SMOKE OR HAZE
[NO. OF DAYS WITH]      [WEATHER - DAYS WITH]      9 = BLOWING SNOW
                                                   X = TORNADO
MAX 32 OR BELOW:   0    0.01 INCH OR MORE:   0
MAX 90 OR ABOVE:  27    0.10 INCH OR MORE:   0
MIN 32 OR BELOW:   0    0.50 INCH OR MORE:   0
MIN  0 OR BELOW:   0    1.00 INCH OR MORE:   0

[HDD (BASE 65) ]
TOTAL THIS MO.     0    CLEAR  (SCALE 0-3)  25
DPTR FM NORMAL     0    PTCLDY (SCALE 4-7)   2
TOTAL FM JUL 1     0    CLOUDY (SCALE 8-10)  0
DPTR FM NORMAL     0

[CDD (BASE 65) ]
TOTAL THIS MO.   488
DPTR FM NORMAL   104    [PRESSURE DATA]
TOTAL FM JAN 1  1157    HIGHEST SLP M ON M
DPTR FM NORMAL   293    LOWEST  SLP 29.66 ON  1

[REMARKS]




U.S. Dept. of Commerce
NOAA National Weather Service
1325 East West Highway
Silver Spring, MD 20910
E-mail: w-nws.webmaster@noaa.gov
Page last modified: May 16, 2007
NATIONAL WEATHER SERVICE: for Safety, for Work, for Fun - FOR LIFE