617
CXUS56 KHNX 251146
CF6HJO
PRELIMINARY LOCAL CLIMATOLOGICAL DATA (WS FORM: F-6)

                                          STATION:   HANFORD CA AIRPORT
                                          MONTH:     NOVEMBER
                                          YEAR:      2014
                                          LATITUDE:   36 19 N
                                          LONGITUDE: 119 38 W

  TEMPERATURE IN F:       :PCPN:    SNOW:  WIND      :SUNSHINE: SKY     :PK WND
================================================================================
1   2   3   4   5  6A  6B    7    8   9   10  11  12  13   14  15   16   17  18
                                     12Z  AVG MX 2MIN
DY MAX MIN AVG DEP HDD CDD  WTR  SNW DPTH SPD SPD DIR MIN PSBL S-S WX    SPD DR
================================================================================

 1  63  49  56  -2   9   0 0.22  0.0    0  5.5 16 360   M    M   6 1      22  10
 2  63  42  53  -4  12   0 0.00  0.0    0  2.6 14 300   M    M   3 12     17 300
 3  65  41  53  -4  12   0 0.00  0.0    0  1.9  7 300   M    M   2 128    10 240
 4  68  41  55  -1  10   0 0.00  0.0    0  1.7  8 320   M    M   3 128    10 320
 5  71  42  57   1   8   0 0.00  0.0    0  1.2  6  70   M    M   2 128     8  80
 6  80  45  63   7   2   0 0.00  0.0    0  3.7 10 310   M    M   1 128    14 300
 7  75  46  61   6   4   0 0.00  0.0    0  2.3  8 320   M    M   0 128    12 290
 8  75  45  60   5   5   0 0.00  0.0    0  0.9  7 130   M    M   2 128     9 130
 9  77  47  62   8   3   0 0.00  0.0    0  0.9  9 320   M    M   4 128    12 320
10  75  47  61   7   4   0 0.00  0.0    0  0.7  7 310   M    M   7 128     9 290
11  67  49  58   4   7   0 0.00  0.0    0  2.6 10  20   M    M   7 128    13  20
12  68  50  59   6   6   0 0.00  0.0    0  4.0 12 310   M    M   4 18     17 320
13  67  51  59   6   6   0    T  0.0    0  5.8 12  60   M    M   5 18     15  70
14  69  48  59   7   6   0 0.00  0.0    0  4.1 10  10   M    M   2 128    14 340
15  68  43  56   4   9   0 0.00  0.0    0  6.6 15 320   M    M   0 18     18 320
16  63  41  52   0  13   0 0.00  0.0    0  4.9  9 320   M    M   1 128    13 320
17  64  38  51   0  14   0 0.00  0.0    0  2.4  9 330   M    M   2 128    11 330
18  67  35  51   0  14   0 0.00  0.0    0  1.3  7  60   M    M   1 128     7  90
19  70  45  58   8   7   0    T    M    0  2.7 13 160   M    M   6 18     14 160
20  61  44  53   3  12   0    T    M    0  3.8 10 160   M    M   7 18     11 270
21  57  45  51   1  14   0 0.00  0.0    0  4.5 12 320   M    M   8 128    16 320
22  64  41  53   3  12   0 0.00  0.0    0  3.5  9 120   M    M   7 128    11 150
23  58  43  51   2  14   0 0.00  0.0    0  5.8 18 320   M    M   6 18     24 320
24  63  37  50   1  15   0 0.00  0.0    0  1.6  9 320   M    M   4 128    12 310
================================================================================
SM 1618 1055       218   0  0.22     0.0  75.0          M       90
================================================================================
AV 67.4 44.0                               3.1 FASTST   M    M   4    MAX(MPH)
                                 MISC ---->  # 18 320               # 24  320
================================================================================
NOTES:
# LAST OF SEVERAL OCCURRENCES

COLUMN 17 PEAK WIND IN M.P.H.

PRELIMINARY LOCAL CLIMATOLOGICAL DATA (WS FORM: F-6) , PAGE 2

                                          STATION:  HANFORD CA AIRPORT
                                          MONTH:    NOVEMBER
                                          YEAR:     2014
                                          LATITUDE:   36 19 N
                                          LONGITUDE: 119 38 W

[TEMPERATURE DATA]      [PRECIPITATION DATA]       SYMBOLS USED IN COLUMN 16

AVERAGE MONTHLY: 55.7   TOTAL FOR MONTH:   0.22    1 = FOG OR MIST
DPTR FM NORMAL:   2.6   DPTR FM NORMAL:   -0.67    2 = FOG REDUCING VISIBILITY
HIGHEST:    80 ON  6    GRTST 24HR  0.80 ON 31- 1      TO 1/4 MILE OR LESS
LOWEST:     35 ON 18                               3 = THUNDER
                        SNOW, ICE PELLETS, HAIL    4 = ICE PELLETS
                        TOTAL MONTH:   0.0 INCH    5 = HAIL
                        GRTST 24HR     0.0         6 = FREEZING RAIN OR DRIZZLE
                        GRTST DEPTH:   0           7 = DUSTSTORM OR SANDSTORM:
                                                       VSBY 1/2 MILE OR LESS
                                                   8 = SMOKE OR HAZE
[NO. OF DAYS WITH]      [WEATHER - DAYS WITH]      9 = BLOWING SNOW
                                                   X = TORNADO
MAX 32 OR BELOW:   0    0.01 INCH OR MORE:   1
MAX 90 OR ABOVE:   0    0.10 INCH OR MORE:   1
MIN 32 OR BELOW:   0    0.50 INCH OR MORE:   0
MIN  0 OR BELOW:   0    1.00 INCH OR MORE:   0

[HDD (BASE 65) ]
TOTAL THIS MO.   218    CLEAR  (SCALE 0-3)  12
DPTR FM NORMAL   -70    PTCLDY (SCALE 4-7)  11
TOTAL FM JUL 1   243    CLOUDY (SCALE 8-10)  1
DPTR FM NORMAL  -150

[CDD (BASE 65) ]
TOTAL THIS MO.     0
DPTR FM NORMAL     0    [PRESSURE DATA]
TOTAL FM JAN 1  2274    HIGHEST SLP M ON M
DPTR FM NORMAL   632    LOWEST  SLP 29.76 ON 10

[REMARKS]




U.S. Dept. of Commerce
NOAA National Weather Service
1325 East West Highway
Silver Spring, MD 20910
E-mail: w-nws.webmaster@noaa.gov
Page last modified: May 16, 2007
NATIONAL WEATHER SERVICE: for Safety, for Work, for Fun - FOR LIFE