284
CXUS53 KGID 011424
CF6HJH

PRELIMINARY LOCAL CLIMATOLOGICAL DATA (WS FORM: F-6)

                                          STATION:   HEBRON
                                          MONTH:     NOVEMBER
                                          YEAR:      2014
                                          LATITUDE:   40  9 N
                                          LONGITUDE:  97 35 W

  TEMPERATURE IN F:       :PCPN:    SNOW:  WIND      :SUNSHINE: SKY     :PK WND
================================================================================
1   2   3   4   5  6A  6B    7    8   9   10  11  12  13   14  15   16   17  18
                                     12Z  AVG MX 2MIN
DY MAX MIN AVG DEP HDD CDD  WTR  SNW DPTH SPD SPD DIR MIN PSBL S-S WX    SPD DR
================================================================================

 1  55  23  39  -8  26   0 0.00    M    M 11.9 21 170   M    M   0        30 160
 2  65  42  54   8  11   0 0.00    M    M 16.0 25 180   M    M   0        32 180
 3  69  40  55   9  10   0 0.02    M    M 15.2 23 200   M    M   3        33 200
 4  62  34  48   2  17   0 0.00    M    M  7.0 12 210   M    M   0        17 290
 5  70  37  54   9  11   0 0.00    M    M  9.0 17 300   M    M   1        27 300
 6  55  36  46   2  19   0 0.00    M    M  7.8 14 330   M    M   0        21 330
 7  69  39  54  10  11   0 0.00    M    M 11.4 20 210   M    M   0        33 360
 8  55  32  44   0  21   0 0.00    M    M  7.7 16 350   M    M   0 3      23 350
 9  67  36  52   9  13   0 0.00    M    M  5.8 16 200   M    M   0        22 200
10  57  23  40  -2  25   0    T    M    M 13.0 28 350   M    M   5        40 350
11  26  15  21 -21  44   0    T    M    M 15.3 23 350   M    M   3        32 350
12  23  11  17 -24  48   0 0.00    M    M 11.4 17 330   M    M   4        23 320
13  27   5  16 -25  49   0 0.00    M    M  6.1 14 320   M    M   1        16 320
14  31   3  17 -23  48   0 0.00    M    M  4.7 10 130   M    M   5         M  M
15  28  14  21 -19  44   0    M    M    M  7.4 16 340   M    M   8        24 330
16  28   9  19 -20  46   0 0.00    M    M  9.3 24 340   M    M   2        35 340
17  23   5  14 -25  51   0 0.00    M    M  9.6 20 330   M    M   2 8      27 330
18  41   5  23 -15  42   0 0.00    M    M  6.4 12 230   M    M   2        17 230
19  40  15  28 -10  37   0 0.00    M    M  7.0 21 360   M    M   2        28 360
20  39  13  26 -11  39   0 0.00    M    M  3.0  8 100   M    M   1 3       M  M
21  49  17  33  -3  32   0 0.00    M    M  4.4 10 170   M    M   4 1       M  M
22  62  36  49  13  16   0 0.00    M    M 10.5 17 190   M    M   7 1      23 190
23  57  34  46  11  19   0 0.01    M    M 11.3 23 340   M    M   7        33 340
24  42  24  33  -2  32   0 0.00    M    M 13.6 22 320   M    M   1        33 330
25  49  18  34   0  31   0    T    M    M  8.2 15 190   M    M   4        22 230
26  44  19  32  -2  33   0 0.00    M    M 14.3 28 330   M    M   4        35 330
27  40  16  28  -5  37   0 0.00    M    M  6.9 15 170   M    M   1        21 170
28  65  26  46  13  19   0 0.00    M    M  6.9 17 200   M    M   0        21 230
29  70  30  50  18  15   0 0.00    M    M  3.3 10 230   M    M   0         M  M
30  34  14  24  -8  41   0 0.00    M    M 16.8 22 360   M    M   1        33  10
================================================================================
SM 1442  671       887   0     M    M    281.2          M       68
================================================================================
AV 48.1 22.4                               9.4 FASTST   M    M   2    MAX(MPH)
                                 MISC ---->    28 330                  M    M
================================================================================
NOTES:
# LAST OF SEVERAL OCCURRENCES

COLUMN 17 PEAK WIND IN M.P.H.

PRELIMINARY LOCAL CLIMATOLOGICAL DATA (WS FORM: F-6) , PAGE 2

                                          STATION:  HEBRON
                                          MONTH:    NOVEMBER
                                          YEAR:     2014
                                          LATITUDE:   40  9 N
                                          LONGITUDE:  97 35 W

[TEMPERATURE DATA]      [PRECIPITATION DATA]       SYMBOLS USED IN COLUMN 16

AVERAGE MONTHLY: 35.2   TOTAL FOR MONTH:      M    1 = FOG OR MIST
DPTR FM NORMAL:  -4.2   DPTR FM NORMAL:       M    2 = FOG REDUCING VISIBILITY
HIGHEST:    70 ON 29, 5 GRTST 24HR     M ON   M        TO 1/4 MILE OR LESS
LOWEST:      3 ON 14                               3 = THUNDER
                        SNOW, ICE PELLETS, HAIL    4 = ICE PELLETS
                        TOTAL MONTH:    M          5 = HAIL
                        GRTST 24HR    M  ON   M    6 = FREEZING RAIN OR DRIZZLE
                        GRTST DEPTH:  M  ON   M    7 = DUSTSTORM OR SANDSTORM:
                                                       VSBY 1/2 MILE OR LESS
                                                   8 = SMOKE OR HAZE
[NO. OF DAYS WITH]      [WEATHER - DAYS WITH]      9 = BLOWING SNOW
                                                   X = TORNADO
MAX 32 OR BELOW:   7    0.01 INCH OR MORE:   M
MAX 90 OR ABOVE:   0    0.10 INCH OR MORE:   M
MIN 32 OR BELOW:  21    0.50 INCH OR MORE:   M
MIN  0 OR BELOW:   0    1.00 INCH OR MORE:   M

[HDD (BASE 65) ]
TOTAL THIS MO.   887    CLEAR  (SCALE 0-3)  20
DPTR FM NORMAL   120    PTCLDY (SCALE 4-7)  10
TOTAL FM JUL 1  1286    CLOUDY (SCALE 8-10)  0
DPTR FM NORMAL    39

[CDD (BASE 65) ]
TOTAL THIS MO.     0
DPTR FM NORMAL    -1    [PRESSURE DATA]
TOTAL FM JAN 1  1194    HIGHEST SLP M ON M
DPTR FM NORMAL    56    LOWEST  SLP M ON M

[REMARKS]
#FINAL-11-14#




U.S. Dept. of Commerce
NOAA National Weather Service
1325 East West Highway
Silver Spring, MD 20910
E-mail: w-nws.webmaster@noaa.gov
Page last modified: May 16, 2007
NATIONAL WEATHER SERVICE: for Safety, for Work, for Fun - FOR LIFE