620
CXUS53 KGID 011433
CF6HJH

PRELIMINARY LOCAL CLIMATOLOGICAL DATA (WS FORM: F-6)

                                          STATION:   HEBRON
                                          MONTH:     SEPTEMBER
                                          YEAR:      2014
                                          LATITUDE:   40  9 N
                                          LONGITUDE:  97 35 W

  TEMPERATURE IN F:       :PCPN:    SNOW:  WIND      :SUNSHINE: SKY     :PK WND
================================================================================
1   2   3   4   5  6A  6B    7    8   9   10  11  12  13   14  15   16   17  18
                                     12Z  AVG MX 2MIN
DY MAX MIN AVG DEP HDD CDD  WTR  SNW DPTH SPD SPD DIR MIN PSBL S-S WX    SPD DR
================================================================================

 1  78  59  69  -3   0   4 0.00    M    M  2.4  7 300   M    M   2 3       M  M
 2  83  54  69  -3   0   4 0.00    M    M  1.9  7 340   M    M   0         M  M
 3  92  66  79   8   0  14 0.00    M    M 10.9 23 180   M    M   3        31 180
 4  94  69  82  11   0  17 0.00    M    M 12.4 16 210   M    M   2        29 190
 5  70  54  62  -8   3   0 0.20    M    M  8.0 15 360   M    M   7 3      22 360
 6  73  46  60 -10   5   0 0.00    M    M  0.3  4  40   M    M   0 1       M  M
 7  77  46  62  -8   3   0 0.00    M    M  4.5 12 200   M    M   0        17 180
 8  89  58  74   5   0   9 0.00    M    M 10.4 17 200   M    M   0        28 200
 9  89  69  79  10   0  14 1.29    M    M  6.4 21  30   M    M   4 3      23 190
10  69  52  61  -7   4   0 0.01    M    M 12.9 17 360   M    M  10 1      27 360
11  56  49  53 -15  12   0 0.00    M    M  9.0 14  30   M    M  10 1      21  30
12  52  37  45 -23  20   0 0.31    M    M  7.1 13  30   M    M   7        18 360
13  62  33  48 -19  17   0 0.00    M    M  4.2 13 180   M    M   4        21 180
14  73  40  57 -10   8   0 0.00    M    M  5.2 12 160   M    M   2        17 140
15  69  43  56 -10   9   0    T    M    M  6.8 15  30   M    M   3        23  20
16  72  39  56 -10   9   0 0.00    M    M  2.9  9 160   M    M   4 1       M  M
17  81  54  68   3   0   3 0.00    M    M  3.4  9 130   M    M   4 12      M  M
18  79  56  68   3   0   3 0.00    M    M  8.2 16 130   M    M   7 12     22 130
19  89  64  77  13   0  12 0.00    M    M 10.5 16 200   M    M   2 1      27 200
20  88  62  75  11   0  10 0.00    M    M  4.6 13 210   M    M   2 3      21 200
21  76  47  62  -2   3   0 0.00    M    M  5.4 16  20   M    M   0        23  20
22  76  41  59  -4   6   0 0.00    M    M  3.7  8 170   M    M   0         M  M
23  67  57  62   0   3   0 0.22    M    M 10.1 20 150   M    M   8 3      27 150
24  80  57  69   7   0   4 0.00    M    M  6.3 14 210   M    M   2        18 210
25  85  53  69   7   0   4 0.00    M    M  3.1 15  50   M    M   1 18     21  50
26  85  61  73  12   0   8 0.00    M    M  7.3 16 190   M    M   1 8      20 170
27  84  59  72  11   0   7 0.00    M    M  9.9 16  60   M    M   1        21 170
28  83  56  70  10   0   5 0.00    M    M  4.7  9 180   M    M   2         M  M
29  85  55  70  10   0   5 0.00    M    M  5.0 12 150   M    M   1        18 180
30  68  63  66   6   0   1 1.96    M    M  8.3 13 180   M    M   9 3      16 170
================================================================================
SM 2324 1599       102 124  3.99    M    195.8          M       98
================================================================================
AV 77.5 53.3                               6.5 FASTST   M    M   3    MAX(MPH)
                                 MISC ---->  # 23 180                  M    M
================================================================================
NOTES:
# LAST OF SEVERAL OCCURRENCES

COLUMN 17 PEAK WIND IN M.P.H.

PRELIMINARY LOCAL CLIMATOLOGICAL DATA (WS FORM: F-6) , PAGE 2

                                          STATION:  HEBRON
                                          MONTH:    SEPTEMBER
                                          YEAR:     2014
                                          LATITUDE:   40  9 N
                                          LONGITUDE:  97 35 W

[TEMPERATURE DATA]      [PRECIPITATION DATA]       SYMBOLS USED IN COLUMN 16

AVERAGE MONTHLY: 65.4   TOTAL FOR MONTH:   3.99    1 = FOG OR MIST
DPTR FM NORMAL:  -0.5   DPTR FM NORMAL:    1.07    2 = FOG REDUCING VISIBILITY
HIGHEST:    94 ON  4    GRTST 24HR  1.96 ON 30-30      TO 1/4 MILE OR LESS
LOWEST:     33 ON 13                               3 = THUNDER
                        SNOW, ICE PELLETS, HAIL    4 = ICE PELLETS
                        TOTAL MONTH:    M          5 = HAIL
                        GRTST 24HR    M  ON   M    6 = FREEZING RAIN OR DRIZZLE
                        GRTST DEPTH:  M  ON   M    7 = DUSTSTORM OR SANDSTORM:
                                                       VSBY 1/2 MILE OR LESS
                                                   8 = SMOKE OR HAZE
[NO. OF DAYS WITH]      [WEATHER - DAYS WITH]      9 = BLOWING SNOW
                                                   X = TORNADO
MAX 32 OR BELOW:   0    0.01 INCH OR MORE:   6
MAX 90 OR ABOVE:   2    0.10 INCH OR MORE:   5
MIN 32 OR BELOW:   0    0.50 INCH OR MORE:   2
MIN  0 OR BELOW:   0    1.00 INCH OR MORE:   2

[HDD (BASE 65) ]
TOTAL THIS MO.   102    CLEAR  (SCALE 0-3)  19
DPTR FM NORMAL     6    PTCLDY (SCALE 4-7)   8
TOTAL FM JUL 1   104    CLOUDY (SCALE 8-10)  3
DPTR FM NORMAL     0

[CDD (BASE 65) ]
TOTAL THIS MO.   124
DPTR FM NORMAL     1    [PRESSURE DATA]
TOTAL FM JAN 1  1186    HIGHEST SLP M ON M
DPTR FM NORMAL    62    LOWEST  SLP M ON M

[REMARKS]
#FINAL-09-14#




U.S. Dept. of Commerce
NOAA National Weather Service
1325 East West Highway
Silver Spring, MD 20910
E-mail: w-nws.webmaster@noaa.gov
Page last modified: May 16, 2007
NATIONAL WEATHER SERVICE: for Safety, for Work, for Fun - FOR LIFE