744
CXUS53 KGID 250730
CF6HJH
PRELIMINARY LOCAL CLIMATOLOGICAL DATA (WS FORM: F-6)

                                          STATION:   HEBRON
                                          MONTH:     JULY
                                          YEAR:      2014
                                          LATITUDE:   40  9 N
                                          LONGITUDE:  97 35 W

  TEMPERATURE IN F:       :PCPN:    SNOW:  WIND      :SUNSHINE: SKY     :PK WND
================================================================================
1   2   3   4   5  6A  6B    7    8   9   10  11  12  13   14  15   16   17  18
                                     12Z  AVG MX 2MIN
DY MAX MIN AVG DEP HDD CDD  WTR  SNW DPTH SPD SPD DIR MIN PSBL S-S WX    SPD DR
================================================================================

 1  82  57  70  -6   0   5 0.00    M    M  8.2 20 350   M    M   1        28 350
 2  74  54  64 -12   1   0 0.00    M    M  6.3 14 340   M    M   1        22 360
 3  84  51  68  -8   0   3 0.00    M    M  4.7 10 150   M    M   0        18 180
 4  87  66  77   0   0  12 0.00    M    M 10.9 20 150   M    M   2        27 160
 5  96  72  84   7   0  19    T    M    M  8.0 17 180   M    M   1 3      23 180
 6  99  68  84   7   0  19 0.00    M    M  2.3 10  20   M    M   0         M  M
 7  95  67  81   4   0  16 0.40    M    M  5.4 29  20   M    M   2 3      45  20
 8  84  64  74  -3   0   9 0.00    M    M  5.8 14 340   M    M   1        16 330
 9  87  58  73  -4   0   8 0.32    M    M  5.2 24 150   M    M   3 3      29 150
10  87  68  78   1   0  13 0.00    M    M  9.2 17 150   M    M   1        21 150
11  96  71  84   7   0  19 0.00    M    M  7.6 13 180   M    M   2        16 150
12  96  71  84   7   0  19 1.78    M    M  8.7 18  70   M    M   1 13     22  70
13  89  69  79   2   0  14 0.00    M    M  3.4  8  30   M    M   1 13      M  M
14  80  58  69  -8   0   4 0.00    M    M  6.2 15 360   M    M   4 3      23 360
15  75  53  64 -13   1   0 0.00    M    M  4.8 14 350   M    M   2        21 340
16  77  53  65 -12   0   0 0.00    M    M  1.5  6  70   M    M   3         M  M
17  78  56  67 -10   0   2    T    M    M  2.6  7 220   M    M   5 1       M  M
18  80  56  68  -9   0   3 0.00    M    M  6.4 14 190   M    M   5        20 190
19  86  58  72  -5   0   7 0.00    M    M  6.3 14 180   M    M   2 1      21 180
20  95  67  81   4   0  16 0.00    M    M 10.7 17 170   M    M   0        24 180
21 101  76  89  12   0  24 0.00    M    M 10.1 17 200   M    M   M        21 200
22  96  71  84   7   0  19 0.00    M    M  6.3 10  40   M    M   0 8      17  20
23  85  64  75  -2   0  10 0.00  0.0    0  6.1 14  90   M    M   2 3      18 270
24  88  59  74  -3   0   9 0.00    M    M 10.8 22 180   M    M   0        29 180
================================================================================
SM 2097 1507         2 250  2.50     0.0 157.5          M       39
================================================================================
AV 87.4 62.8                               6.6 FASTST   M    M   2    MAX(MPH)
                                 MISC ---->    29   M                 45    M
================================================================================
NOTES:
# LAST OF SEVERAL OCCURRENCES

COLUMN 17 PEAK WIND IN M.P.H.

PRELIMINARY LOCAL CLIMATOLOGICAL DATA (WS FORM: F-6) , PAGE 2

                                          STATION:  HEBRON
                                          MONTH:    JULY
                                          YEAR:     2014
                                          LATITUDE:   40  9 N
                                          LONGITUDE:  97 35 W

[TEMPERATURE DATA]      [PRECIPITATION DATA]       SYMBOLS USED IN COLUMN 16

AVERAGE MONTHLY: 75.1   TOTAL FOR MONTH:   2.50    1 = FOG OR MIST
DPTR FM NORMAL:  -1.8   DPTR FM NORMAL:   -0.66    2 = FOG REDUCING VISIBILITY
HIGHEST:   101 ON 21    GRTST 24HR  1.78 ON 12-12      TO 1/4 MILE OR LESS
LOWEST:     51 ON  3                               3 = THUNDER
                        SNOW, ICE PELLETS, HAIL    4 = ICE PELLETS
                        TOTAL MONTH:   0.0 INCH    5 = HAIL
                        GRTST 24HR     0.0         6 = FREEZING RAIN OR DRIZZLE
                        GRTST DEPTH:   0           7 = DUSTSTORM OR SANDSTORM:
                                                       VSBY 1/2 MILE OR LESS
                                                   8 = SMOKE OR HAZE
[NO. OF DAYS WITH]      [WEATHER - DAYS WITH]      9 = BLOWING SNOW
                                                   X = TORNADO
MAX 32 OR BELOW:   0    0.01 INCH OR MORE:   3
MAX 90 OR ABOVE:   8    0.10 INCH OR MORE:   3
MIN 32 OR BELOW:   0    0.50 INCH OR MORE:   1
MIN  0 OR BELOW:   0    1.00 INCH OR MORE:   1

[HDD (BASE 65) ]
TOTAL THIS MO.     2    CLEAR  (SCALE 0-3)  19
DPTR FM NORMAL     2    PTCLDY (SCALE 4-7)   4
TOTAL FM JUL 1     2    CLOUDY (SCALE 8-10)  0
DPTR FM NORMAL     2

[CDD (BASE 65) ]
TOTAL THIS MO.   250
DPTR FM NORMAL   -36    [PRESSURE DATA]
TOTAL FM JAN 1   663    HIGHEST SLP M ON M
DPTR FM NORMAL    75    LOWEST  SLP M ON M

[REMARKS]




U.S. Dept. of Commerce
NOAA National Weather Service
1325 East West Highway
Silver Spring, MD 20910
E-mail: w-nws.webmaster@noaa.gov
Page last modified: May 16, 2007
NATIONAL WEATHER SERVICE: for Safety, for Work, for Fun - FOR LIFE