216
CXUS56 KPQR 311230
CF6HIO
PRELIMINARY LOCAL CLIMATOLOGICAL DATA (WS FORM: F-6)

                                          STATION:   HILLSBORO OR
                                          MONTH:     JULY
                                          YEAR:      2014
                                          LATITUDE:   45 32 N
                                          LONGITUDE: 122 57 W

  TEMPERATURE IN F:       :PCPN:    SNOW:  WIND      :SUNSHINE: SKY     :PK WND
================================================================================
1   2   3   4   5  6A  6B    7    8   9   10  11  12  13   14  15   16   17  18
                                     12Z  AVG MX 2MIN
DY MAX MIN AVG DEP HDD CDD  WTR  SNW DPTH SPD SPD DIR MIN PSBL S-S WX    SPD DR
================================================================================

 1  97  54  76  13   0  11 0.00  0.0    0  5.9 15 290   M    M   0        22 290
 2  82  59  71   8   0   6 0.00  0.0    0  5.8 20 330   M    M   2        23 320
 3  73  57  65   1   0   0 0.00  0.0    0  6.0 16 320   M    M   7        20 310
 4  80  53  67   3   0   2 0.00  0.0    0  4.4  9  40   M    M   2        13  20
 5  83  58  71   7   0   6 0.00  0.0    0  3.8 10  50   M    M   0        15  40
 6  88  54  71   7   0   6 0.00  0.0    0  5.1 16 320   M    M   0        19 320
 7  90  58  74  10   0   9 0.00  0.0    0  6.9 16 330   M    M   0        20 320
 8  89  58  74  10   0   9 0.00  0.0    0  8.8 20 310   M    M   0        26 310
 9  85  54  70   5   0   5 0.00  0.0    0  7.9 17 310   M    M   0        22 310
10  86  48  67   2   0   2 0.00  0.0    0  3.9 12 320   M    M   0        15  60
11  90  52  71   6   0   6 0.00  0.0    0  3.0 13 170   M    M   0        14 170
12  94  59  77  12   0  12 0.00  0.0    0  3.2 10 300   M    M   0        14 290
13  74  60  67   2   0   2 0.04  0.0    0  3.6 15 170   M    M   4 3      18 160
14  89  60  75   9   0  10 0.00  0.0    0  4.3 14 320   M    M   4        19 310
15  95  56  76  10   0  11 0.00  0.0    0  5.5 16 320   M    M   0        19 310
16  93  57  75   9   0  10 0.00    M    M  5.0 16 320   M    M   0        20 330
17  85  52  69   3   0   4 0.00    M    M  6.2 18 350   M    M   0        24 310
18  81  50  66   0   0   1 0.00  0.0    0  6.9 18 320   M    M   0        22 320
19  88  60  74   8   0   9 0.00  0.0    0  4.6 16 300   M    M   5        22 290
20  72  58  65  -1   0   0 0.00  0.0    0  8.0 16 330   M    M  10        20 350
21  79  49  64  -2   1   0 0.00  0.0    0  3.2 10 150   M    M   2        13 150
22  78  58  68   1   0   3 0.10  0.0    0  4.5 12  60   M    M   7 18     16  30
23  69  58  64  -3   1   0 0.36  0.0    0  8.3 17 270   M    M   8 1      24 270
24  71  53  62  -5   3   0 0.02  0.0    0  7.8 14 180   M    M   8        20 250
25  78  49  64  -3   1   0 0.00  0.0    0  4.6 13 310   M    M   1        16  50
26  85  50  68   1   0   3 0.00  0.0    0  5.4 15 320   M    M   0        21 310
27  90  51  71   4   0   6 0.00  0.0    0  5.2 12 290   M    M   0        14 330
28  94  55  75   8   0  10 0.00  0.0    0  5.5 15 310   M    M   0        20 310
29  92  53  73   6   0   8 0.00  0.0    0  5.5 20 330   M    M   0        23 330
30  91  52  72   5   0   7 0.00  0.0    0  5.4 17 310   M    M   0        22 320
================================================================================
SM 2541 1645         6 158  0.52     0.0 164.2          M       60
================================================================================
AV 84.7 54.8                               5.5 FASTST   M    M   2    MAX(MPH)
                                 MISC ---->  # 20 330               # 26  310
================================================================================
NOTES:
# LAST OF SEVERAL OCCURRENCES

COLUMN 17 PEAK WIND IN M.P.H.

PRELIMINARY LOCAL CLIMATOLOGICAL DATA (WS FORM: F-6) , PAGE 2

                                          STATION:  HILLSBORO OR
                                          MONTH:    JULY
                                          YEAR:     2014
                                          LATITUDE:   45 32 N
                                          LONGITUDE: 122 57 W

[TEMPERATURE DATA]      [PRECIPITATION DATA]       SYMBOLS USED IN COLUMN 16

AVERAGE MONTHLY: 69.8   TOTAL FOR MONTH:   0.52    1 = FOG OR MIST
DPTR FM NORMAL:   4.2   DPTR FM NORMAL:   -0.01    2 = FOG REDUCING VISIBILITY
HIGHEST:    97 ON  1    GRTST 24HR  0.38 ON 23-24      TO 1/4 MILE OR LESS
LOWEST:     48 ON 10                               3 = THUNDER
                        SNOW, ICE PELLETS, HAIL    4 = ICE PELLETS
                        TOTAL MONTH:   0.0 INCH    5 = HAIL
                        GRTST 24HR     0.0         6 = FREEZING RAIN OR DRIZZLE
                        GRTST DEPTH:   0           7 = DUSTSTORM OR SANDSTORM:
                                                       VSBY 1/2 MILE OR LESS
                                                   8 = SMOKE OR HAZE
[NO. OF DAYS WITH]      [WEATHER - DAYS WITH]      9 = BLOWING SNOW
                                                   X = TORNADO
MAX 32 OR BELOW:   0    0.01 INCH OR MORE:   4
MAX 90 OR ABOVE:  10    0.10 INCH OR MORE:   2
MIN 32 OR BELOW:   0    0.50 INCH OR MORE:   0
MIN  0 OR BELOW:   0    1.00 INCH OR MORE:   0

[HDD (BASE 65) ]
TOTAL THIS MO.     6    CLEAR  (SCALE 0-3)  22
DPTR FM NORMAL   -47    PTCLDY (SCALE 4-7)   6
TOTAL FM JUL 1     6    CLOUDY (SCALE 8-10)  2
DPTR FM NORMAL   -47

[CDD (BASE 65) ]
TOTAL THIS MO.   158
DPTR FM NORMAL    86    [PRESSURE DATA]
TOTAL FM JAN 1   170    HIGHEST SLP M ON M
DPTR FM NORMAL    72    LOWEST  SLP 29.68 ON  1

[REMARKS]




U.S. Dept. of Commerce
NOAA National Weather Service
1325 East West Highway
Silver Spring, MD 20910
E-mail: w-nws.webmaster@noaa.gov
Page last modified: May 16, 2007
NATIONAL WEATHER SERVICE: for Safety, for Work, for Fun - FOR LIFE