519
CXUS56 KPQR 311330
CF6HIO
PRELIMINARY LOCAL CLIMATOLOGICAL DATA (WS FORM: F-6)

                                          STATION:   HILLSBORO OR
                                          MONTH:     JANUARY
                                          YEAR:      2015
                                          LATITUDE:   45 32 N
                                          LONGITUDE: 122 57 W

  TEMPERATURE IN F:       :PCPN:    SNOW:  WIND      :SUNSHINE: SKY     :PK WND
================================================================================
1   2   3   4   5  6A  6B    7    8   9   10  11  12  13   14  15   16   17  18
                                     12Z  AVG MX 2MIN
DY MAX MIN AVG DEP HDD CDD  WTR  SNW DPTH SPD SPD DIR MIN PSBL S-S WX    SPD DR
================================================================================

 1  43  21  32  -6  33   0 0.00  0.0    0  2.3  8  30   M    M   0 8      11  40
 2  41  24  33  -5  32   0 0.00  0.0    0  1.0  6 320   M    M   4 1       9 330
 3  41  33  37  -2  28   0    T    M    0  0.6  6 310   M    M  10 1       8 320
 4  50  38  44   5  21   0 0.14    M    0  6.7 17 170   M    M  10 1      24 180
 5  54  38  46   7  19   0    T    M    0  7.8 20 170   M    M   7 12     24 170
 6  48  39  44   5  21   0 0.00  0.0    0  1.0  7 300   M    M  10 12      7 300
 7  53  31  42   3  23   0 0.00  0.0    0  1.1  6 300   M    M   5 12      7  40
 8  50  29  40   1  25   0 0.00  0.0    0  1.3 10  80   M    M   5 12     16 110
 9  49  33  41   2  24   0 0.00  0.0    0  2.6  8 290   M    M   0         9 300
10  44  34  39  -1  26   0 0.04    M    0  0.5  5 160   M    M  10 1       9 120
11  46  42  44   4  21   0 0.08    M    0  0.4  7  60   M    M  10 12      7  60
12  50  41  46   6  19   0 0.01    M    0  1.2  5  90   M    M  10 1       8 320
13  52  29  41   1  24   0 0.00  0.0    0  3.8 10  70   M    M   1 1      14  50
14  49  28  39  -1  26   0 0.00  0.0    0  5.6 15  90   M    M   0        18  90
15  41  27  34  -6  31   0 0.70    M    0  2.3  8 290   M    M   8 1      10 290
16  53  35  44   4  21   0 0.12    M    0  1.6 10 330   M    M   7 12     12 330
17  58  36  47   7  18   0 1.51    M    0  3.9 18 230   M    M   9 12     28 210
18  58  44  51  11  14   0 0.24    M    0  9.5 22 230   M    M   8 1      34 240
19  47  35  41   0  24   0 0.00  0.0    0  1.5  7 220   M    M   8 12      9 260
20  51  33  42   1  23   0 0.00  0.0    0  3.0  8  70   M    M   4 12      M  M
21  52  29  41   0  24   0 0.00  0.0    0  1.9  8 290   M    M   2         9 120
22  51  39  45   4  20   0 0.01    M    0  1.4  9 120   M    M   8        10 120
23  49  42  46   5  19   0 0.09    M    0  1.8  9 130   M    M  10 1      12 140
24  60  46  53  12  12   0 0.00  0.0    0  0.9  8 310   M    M   7 12      9 300
25  55  41  48   7  17   0 0.00  0.0    0  1.1  6 290   M    M   9 12      7 290
26  46  41  44   3  21   0 0.00  0.0    0  1.9  9 310   M    M  10 12     10 300
27  47  41  44   3  21   0 0.02    M    0  1.2  6 320   M    M  10 12      9 310
28  56  44  50   9  15   0 0.05    M    0  1.1  7 280   M    M   7 12     10 320
29  57  35  46   5  19   0 0.00  0.0    0  2.3  9  50   M    M   4 128    11  50
30  56  30  43   2  22   0 0.00  0.0    0  1.7  8  70   M    M   3 128    10 330
================================================================================
SM 1507 1058       663   0  3.01     0.0  73.0          M      196
================================================================================
AV 50.2 35.3                               2.4 FASTST   M    M   7    MAX(MPH)
                                 MISC ---->  # 22 230               # 34  240
================================================================================
NOTES:
# LAST OF SEVERAL OCCURRENCES

COLUMN 17 PEAK WIND IN M.P.H.

PRELIMINARY LOCAL CLIMATOLOGICAL DATA (WS FORM: F-6) , PAGE 2

                                          STATION:  HILLSBORO OR
                                          MONTH:    JANUARY
                                          YEAR:     2015
                                          LATITUDE:   45 32 N
                                          LONGITUDE: 122 57 W

[TEMPERATURE DATA]      [PRECIPITATION DATA]       SYMBOLS USED IN COLUMN 16

AVERAGE MONTHLY: 42.8   TOTAL FOR MONTH:   3.01    1 = FOG OR MIST
DPTR FM NORMAL:   2.7   DPTR FM NORMAL:   -2.90    2 = FOG REDUCING VISIBILITY
HIGHEST:    60 ON 24    GRTST 24HR  1.52 ON 17-18      TO 1/4 MILE OR LESS
LOWEST:     21 ON  1                               3 = THUNDER
                        SNOW, ICE PELLETS, HAIL    4 = ICE PELLETS
                        TOTAL MONTH:   0.0 INCH    5 = HAIL
                        GRTST 24HR     0.0         6 = FREEZING RAIN OR DRIZZLE
                        GRTST DEPTH:   0           7 = DUSTSTORM OR SANDSTORM:
                                                       VSBY 1/2 MILE OR LESS
                                                   8 = SMOKE OR HAZE
[NO. OF DAYS WITH]      [WEATHER - DAYS WITH]      9 = BLOWING SNOW
                                                   X = TORNADO
MAX 32 OR BELOW:   0    0.01 INCH OR MORE:  12
MAX 90 OR ABOVE:   0    0.10 INCH OR MORE:   5
MIN 32 OR BELOW:   9    0.50 INCH OR MORE:   2
MIN  0 OR BELOW:   0    1.00 INCH OR MORE:   1

[HDD (BASE 65) ]
TOTAL THIS MO.   663    CLEAR  (SCALE 0-3)   5
DPTR FM NORMAL   -87    PTCLDY (SCALE 4-7)  12
TOTAL FM JUL 1  2184    CLOUDY (SCALE 8-10) 13
DPTR FM NORMAL  -687

[CDD (BASE 65) ]
TOTAL THIS MO.     0
DPTR FM NORMAL     0    [PRESSURE DATA]
TOTAL FM JAN 1     0    HIGHEST SLP M ON M
DPTR FM NORMAL     0    LOWEST  SLP 29.73 ON 17

[REMARKS]




U.S. Dept. of Commerce
NOAA National Weather Service
1325 East West Highway
Silver Spring, MD 20910
E-mail: w-nws.webmaster@noaa.gov
Page last modified: May 16, 2007
NATIONAL WEATHER SERVICE: for Safety, for Work, for Fun - FOR LIFE