402
CXUS56 KPQR 281230
CF6HIO
PRELIMINARY LOCAL CLIMATOLOGICAL DATA (WS FORM: F-6)

                                          STATION:   HILLSBORO OR
                                          MONTH:     AUGUST
                                          YEAR:      2014
                                          LATITUDE:   45 32 N
                                          LONGITUDE: 122 57 W

  TEMPERATURE IN F:       :PCPN:    SNOW:  WIND      :SUNSHINE: SKY     :PK WND
================================================================================
1   2   3   4   5  6A  6B    7    8   9   10  11  12  13   14  15   16   17  18
                                     12Z  AVG MX 2MIN
DY MAX MIN AVG DEP HDD CDD  WTR  SNW DPTH SPD SPD DIR MIN PSBL S-S WX    SPD DR
================================================================================

 1  92  65  79  12   0  14 0.01  0.0    0  6.7 22  10   M    M   0 3      27  10
 2  90  58  74   7   0   9 0.00  0.0    0  4.1 14 330   M    M   0        18 330
 3  93  55  74   7   0   9 0.00  0.0    0  4.9 14 310   M    M   0        18  20
 4  96  58  77  10   0  12 0.00  0.0    0  5.8 20 330   M    M   0        24 310
 5  85  50  68   1   0   3 0.00  0.0    0  5.0 16 320   M    M   0        20 310
 6  85  52  69   2   0   4 0.00  0.0    0  6.5 16 320   M    M   1        21 330
 7  83  46  65  -2   0   0 0.00  0.0    0  6.2 20 310   M    M   0 8      25  20
 8  79  50  65  -2   0   0 0.00  0.0    0  7.2 18 330   M    M   0        23 320
 9  85  48  67   0   0   2 0.00  0.0    0  5.8 17  10   M    M   0 18     22  20
10  97  52  75   8   0  10 0.00  0.0    0  4.2 13 320   M    M   0        15 310
11  98  63  81  15   0  16 0.00  0.0    0  3.7 13 170   M    M   0 8      16 180
12  79  65  72   6   0   7 0.04  0.0    0  3.9 17 170   M    M   4 3      23  40
13  76  60  68   2   0   3 0.05  0.0    0  4.8 20 290   M    M   7        24 300
14  78  56  67   1   0   2 0.00  0.0    0  3.7  9 310   M    M   7        15 150
15  79  62  71   5   0   6 0.00  0.0    0  3.5 10 320   M    M   7        14  60
16  85  56  71   5   0   6 0.00  0.0    0  4.5 12 350   M    M   0        15  60
17  88  59  74   8   0   9 0.00  0.0    0  7.4 17 350   M    M   0        22 340
18  92  55  74   8   0   9 0.00  0.0    0  5.2 15 310   M    M   0 18     19 310
19  86  60  73   7   0   8 0.00  0.0    0  7.7 23 320   M    M   0        28 320
20  79  55  67   1   0   2 0.00  0.0    0  6.2 16 340   M    M   5 8      23 340
21  79  45  62  -4   3   0 0.00  0.0    0  3.1 10 330   M    M   1        13 340
22  82  55  69   4   0   4    T  0.0    0  6.5 16 320   M    M   4 8      20 300
23  88  52  70   5   0   5 0.00  0.0    0  5.3 15  10   M    M   0 1      20  30
24  81  51  66   1   0   1 0.00  0.0    0  6.2 20 310   M    M   0        23 310
25  89  52  71   6   0   6 0.00  0.0    0  4.9 14  10   M    M   0 1      23  10
26  93  56  75  10   0  10 0.00  0.0    0  4.5 13 320   M    M   0        16 320
27  91  57  74   9   0   9 0.00  0.0    0  4.8 16 320   M    M   0        21 310
================================================================================
SM 2328 1493         3 166  0.10     0.0 142.3          M       36
================================================================================
AV 86.2 55.3                               5.3 FASTST   M    M   1    MAX(MPH)
                                 MISC ---->  # 23 320               # 28  320
================================================================================
NOTES:
# LAST OF SEVERAL OCCURRENCES

COLUMN 17 PEAK WIND IN M.P.H.

PRELIMINARY LOCAL CLIMATOLOGICAL DATA (WS FORM: F-6) , PAGE 2

                                          STATION:  HILLSBORO OR
                                          MONTH:    AUGUST
                                          YEAR:     2014
                                          LATITUDE:   45 32 N
                                          LONGITUDE: 122 57 W

[TEMPERATURE DATA]      [PRECIPITATION DATA]       SYMBOLS USED IN COLUMN 16

AVERAGE MONTHLY: 70.8   TOTAL FOR MONTH:   0.10    1 = FOG OR MIST
DPTR FM NORMAL:   4.6   DPTR FM NORMAL:   -0.43    2 = FOG REDUCING VISIBILITY
HIGHEST:    98 ON 11    GRTST 24HR  0.09 ON 12-13      TO 1/4 MILE OR LESS
LOWEST:     45 ON 21                               3 = THUNDER
                        SNOW, ICE PELLETS, HAIL    4 = ICE PELLETS
                        TOTAL MONTH:   0.0 INCH    5 = HAIL
                        GRTST 24HR     0.0         6 = FREEZING RAIN OR DRIZZLE
                        GRTST DEPTH:   0           7 = DUSTSTORM OR SANDSTORM:
                                                       VSBY 1/2 MILE OR LESS
                                                   8 = SMOKE OR HAZE
[NO. OF DAYS WITH]      [WEATHER - DAYS WITH]      9 = BLOWING SNOW
                                                   X = TORNADO
MAX 32 OR BELOW:   0    0.01 INCH OR MORE:   3
MAX 90 OR ABOVE:   9    0.10 INCH OR MORE:   0
MIN 32 OR BELOW:   0    0.50 INCH OR MORE:   0
MIN  0 OR BELOW:   0    1.00 INCH OR MORE:   0

[HDD (BASE 65) ]
TOTAL THIS MO.     3    CLEAR  (SCALE 0-3)  21
DPTR FM NORMAL   -39    PTCLDY (SCALE 4-7)   6
TOTAL FM JUL 1     9    CLOUDY (SCALE 8-10)  0
DPTR FM NORMAL   -89

[CDD (BASE 65) ]
TOTAL THIS MO.   166
DPTR FM NORMAL    94    [PRESSURE DATA]
TOTAL FM JAN 1   344    HIGHEST SLP M ON M
DPTR FM NORMAL   171    LOWEST  SLP 29.77 ON M

[REMARKS]




U.S. Dept. of Commerce
NOAA National Weather Service
1325 East West Highway
Silver Spring, MD 20910
E-mail: w-nws.webmaster@noaa.gov
Page last modified: May 16, 2007
NATIONAL WEATHER SERVICE: for Safety, for Work, for Fun - FOR LIFE