182
CXUS56 KPQR 301230
CF6HIO
PRELIMINARY LOCAL CLIMATOLOGICAL DATA (WS FORM: F-6)

                                          STATION:   HILLSBORO OR
                                          MONTH:     SEPTEMBER
                                          YEAR:      2014
                                          LATITUDE:   45 32 N
                                          LONGITUDE: 122 57 W

  TEMPERATURE IN F:       :PCPN:    SNOW:  WIND      :SUNSHINE: SKY     :PK WND
================================================================================
1   2   3   4   5  6A  6B    7    8   9   10  11  12  13   14  15   16   17  18
                                     12Z  AVG MX 2MIN
DY MAX MIN AVG DEP HDD CDD  WTR  SNW DPTH SPD SPD DIR MIN PSBL S-S WX    SPD DR
================================================================================

 1  81  50  66   2   0   1 0.00  0.0    0  4.8 14 310   M    M   4        19 320
 2  76  52  64   0   1   0 0.00  0.0    0  7.3 21 310   M    M   3        26 300
 3  73  44  59  -5   6   0 0.00  0.0    0  2.9 12  60   M    M   4        15  50
 4  83  45  64   1   1   0 0.00  0.0    0  5.4 16  20   M    M   0 8      22  50
 5  89  48  69   6   0   4 0.00  0.0    0  9.2 22  60   M    M   0 8      29  60
 6  95  49  72   9   0   7 0.00  0.0    0  4.9 17  50   M    M   0 8      24  60
 7  89  47  68   5   0   3 0.00  0.0    0  3.0 14 300   M    M   0        17 320
 8  78  46  62   0   3   0 0.00  0.0    0  4.8 20 310   M    M   3 1      23 310
 9  77  52  65   3   0   0 0.00  0.0    0  4.2 13 330   M    M   4        16 330
10  79  48  64   2   1   0 0.00  0.0    0  3.5 13  10   M    M   2 1      17  80
11  75  62  69   7   0   4 0.00  0.0    0 16.9 28  60   M    M   0 78     35  60
12  84  45  65   3   0   0 0.00  0.0    0  6.3 13  60   M    M   0 8      16  60
13  89  46  68   7   0   3 0.00  0.0    0  4.6 15  70   M    M   0 8      20  70
14  89  42  66   5   0   1 0.00  0.0    0  1.7  8 120   M    M   1 8      10 100
15  91  45  68   7   0   3 0.00  0.0    0  1.2  8 150   M    M   0 18     12 170
16  74  51  63   2   2   0 0.00  0.0    0  2.8  9  40   M    M   1 8      12  40
17  76  57  67   7   0   2    T  0.0    0  3.1 12 330   M    M   2 8      13 340
18  73  57  65   5   0   0 0.01  0.0    0  2.5  8 200   M    M   9 8      11 180
19  82  55  69   9   0   4 0.00  0.0    0  3.5 12  40   M    M   3        16  50
20  93  51  72  12   0   7 0.00  0.0    0  5.3 17  70   M    M   0 1      23  70
21  86  53  70  11   0   5 0.00  0.0    0  3.4 15 290   M    M   0 8      19 290
22  73  58  66   7   0   1 0.03  0.0    0  4.6  9 170   M    M   7        12 200
23  67  56  62   3   3   0 0.64  0.0    0  2.9  9 170   M    M   7 1      11 170
24  66  59  63   5   2   0 0.16  0.0    0  8.6 17 160   M    M   8        22 170
25  70  54  62   4   3   0 0.15  0.0    0  5.1 23 230   M    M   6 1      32 240
26  73  53  63   5   2   0    T  0.0    0  6.9 16 160   M    M   7 1      21 160
27  71  51  61   4   4   0 0.00  0.0    0  5.0 13 330   M    M   5 1      18 300
28  80  46  63   6   2   0 0.00  0.0    0  2.4  9  50   M    M   0        11  50
29  63  49  56  -1   9   0 0.10    M    0  3.0 12 310   M    M   7 12     15 310
================================================================================
SM 2295 1471        39  45  1.09     0.0 139.8          M       83
================================================================================
AV 79.1 50.7                               4.8 FASTST   M    M   3    MAX(MPH)
                                 MISC ---->  # 28  60               # 35   60
================================================================================
NOTES:
# LAST OF SEVERAL OCCURRENCES

COLUMN 17 PEAK WIND IN M.P.H.

PRELIMINARY LOCAL CLIMATOLOGICAL DATA (WS FORM: F-6) , PAGE 2

                                          STATION:  HILLSBORO OR
                                          MONTH:    SEPTEMBER
                                          YEAR:     2014
                                          LATITUDE:   45 32 N
                                          LONGITUDE: 122 57 W

[TEMPERATURE DATA]      [PRECIPITATION DATA]       SYMBOLS USED IN COLUMN 16

AVERAGE MONTHLY: 64.9   TOTAL FOR MONTH:   1.09    1 = FOG OR MIST
DPTR FM NORMAL:   4.2   DPTR FM NORMAL:   -0.26    2 = FOG REDUCING VISIBILITY
HIGHEST:    95 ON  6    GRTST 24HR  0.80 ON 23-24      TO 1/4 MILE OR LESS
LOWEST:     42 ON 14                               3 = THUNDER
                        SNOW, ICE PELLETS, HAIL    4 = ICE PELLETS
                        TOTAL MONTH:   0.0 INCH    5 = HAIL
                        GRTST 24HR     0.0         6 = FREEZING RAIN OR DRIZZLE
                        GRTST DEPTH:   0           7 = DUSTSTORM OR SANDSTORM:
                                                       VSBY 1/2 MILE OR LESS
                                                   8 = SMOKE OR HAZE
[NO. OF DAYS WITH]      [WEATHER - DAYS WITH]      9 = BLOWING SNOW
                                                   X = TORNADO
MAX 32 OR BELOW:   0    0.01 INCH OR MORE:   6
MAX 90 OR ABOVE:   3    0.10 INCH OR MORE:   4
MIN 32 OR BELOW:   0    0.50 INCH OR MORE:   1
MIN  0 OR BELOW:   0    1.00 INCH OR MORE:   0

[HDD (BASE 65) ]
TOTAL THIS MO.    39    CLEAR  (SCALE 0-3)  17
DPTR FM NORMAL  -106    PTCLDY (SCALE 4-7)  11
TOTAL FM JUL 1    48    CLOUDY (SCALE 8-10)  1
DPTR FM NORMAL  -204

[CDD (BASE 65) ]
TOTAL THIS MO.    45
DPTR FM NORMAL    29    [PRESSURE DATA]
TOTAL FM JAN 1   395    HIGHEST SLP M ON M
DPTR FM NORMAL   201    LOWEST  SLP 29.68 ON 17

[REMARKS]




U.S. Dept. of Commerce
NOAA National Weather Service
1325 East West Highway
Silver Spring, MD 20910
E-mail: w-nws.webmaster@noaa.gov
Page last modified: May 16, 2007
NATIONAL WEATHER SERVICE: for Safety, for Work, for Fun - FOR LIFE