041
CXUS55 KLOX 231655
CF6HHR
PRELIMINARY LOCAL CLIMATOLOGICAL DATA (WS FORM: F-6)

                                          STATION:   HAWTHORNE AIRPORT CA
                                          MONTH:     APRIL
                                          YEAR:      2014
                                          LATITUDE:   33 55 N
                                          LONGITUDE: 118 20 W

  TEMPERATURE IN F:       :PCPN:    SNOW:  WIND      :SUNSHINE: SKY     :PK WND
================================================================================
1   2   3   4   5  6A  6B    7    8   9   10  11  12  13   14  15   16   17  18
                                     12Z  AVG MX 2MIN
DY MAX MIN AVG DEP HDD CDD  WTR  SNW DPTH SPD SPD DIR MIN PSBL S-S WX    SPD DR
================================================================================

 1  63  52  58  -3   7   0 0.10  0.0    0 10.6 23 260   M    M   3        29 270
 2  63  50  57  -4   8   0 0.05  0.0    0  9.1 26 260   M    M   1 1      33 270
 3  65  50  58  -3   7   0 0.00  0.0    0  4.4 16 260   M    M   0 8      21 260
 4  64  53  59  -2   6   0 0.00  0.0    0  5.3 15 260   M    M   1        21 250
 5  67  54  61   0   4   0 0.00  0.0    0  5.6 17 250   M    M   2 8      24 260
 6  74  53  64   3   1   0 0.00  0.0    0  4.1 17 270   M    M   0 8      22 270
 7  81  56  69   8   0   4 0.00  0.0    0  3.9 15 260   M    M   0 8      17 300
 8  86  58  72  11   0   7 0.00  0.0    0  3.5 14 260   M    M   0 8      16 260
 9  83  53  68   7   0   3 0.00  0.0    0  3.8 17 260   M    M   0 18     20 260
10  72  51  62   1   3   0 0.00  0.0    0  3.7 13 250   M    M   3 128    15 250
11  74  55  65   4   0   0 0.00  0.0    0  6.0 17 260   M    M   2 8      23 250
12  65  57  61  -1   4   0 0.00  0.0    0  5.3 16 250   M    M   6        21 250
13  65  57  61  -1   4   0 0.00  0.0    0  5.2 14 250   M    M   6        18 260
14  72  54  63   1   2   0 0.00  0.0    0  4.7 15 260   M    M   0 8      18 260
15  66  55  61  -1   4   0 0.00  0.0    M  5.5 13 260   M    M   3 18     18 260
16  68  58  63   1   2   0 0.00  0.0    0  5.9 14 260   M    M   4 8      18 260
17  69  59  64   2   1   0 0.00  0.0    0  6.2 12 100   M    M   7        14 120
18  70  60  65   3   0   0 0.00  0.0    0  5.1 17 260   M    M   6        21 270
19  69  57  63   1   2   0 0.00  0.0    0  5.5 16 260   M    M   0 8      20 260
20  71  58  65   3   0   0 0.00  0.0    0  3.9 15 260   M    M   1 8      20 250
21  72  58  65   3   0   0 0.00  0.0    0  4.7 14 260   M    M   3 18     18 260
22  68  59  64   2   1   0 0.00  0.0    0  7.0 17 260   M    M   5 8      26 260
================================================================================
SM 1547 1217        56  14  0.15     0.0 119.0          M       53
================================================================================
AV 70.3 55.3                               5.4 FASTST   M    M   2    MAX(MPH)
                                 MISC ---->    26   M                 33    M
================================================================================
NOTES:
# LAST OF SEVERAL OCCURRENCES

COLUMN 17 PEAK WIND IN M.P.H.

PRELIMINARY LOCAL CLIMATOLOGICAL DATA (WS FORM: F-6) , PAGE 2

                                          STATION:  HAWTHORNE AIRPORT CA
                                          MONTH:    APRIL
                                          YEAR:     2014
                                          LATITUDE:   33 55 N
                                          LONGITUDE: 118 20 W

[TEMPERATURE DATA]      [PRECIPITATION DATA]       SYMBOLS USED IN COLUMN 16

AVERAGE MONTHLY: 62.8   TOTAL FOR MONTH:   0.15    1 = FOG OR MIST
DPTR FM NORMAL:   1.3   DPTR FM NORMAL:   -0.40    2 = FOG REDUCING VISIBILITY
HIGHEST:    86 ON  8    GRTST 24HR  0.13 ON  1- 2      TO 1/4 MILE OR LESS
LOWEST:     50 ON  3, 2                            3 = THUNDER
                        SNOW, ICE PELLETS, HAIL    4 = ICE PELLETS
                        TOTAL MONTH:   0.0 INCH    5 = HAIL
                        GRTST 24HR     0.0         6 = FREEZING RAIN OR DRIZZLE
                        GRTST DEPTH:   0           7 = DUSTSTORM OR SANDSTORM:
                                                       VSBY 1/2 MILE OR LESS
                                                   8 = SMOKE OR HAZE
[NO. OF DAYS WITH]      [WEATHER - DAYS WITH]      9 = BLOWING SNOW
                                                   X = TORNADO
MAX 32 OR BELOW:   0    0.01 INCH OR MORE:   2
MAX 90 OR ABOVE:   0    0.10 INCH OR MORE:   1
MIN 32 OR BELOW:   0    0.50 INCH OR MORE:   0
MIN  0 OR BELOW:   0    1.00 INCH OR MORE:   0

[HDD (BASE 65) ]
TOTAL THIS MO.    56    CLEAR  (SCALE 0-3)  13
DPTR FM NORMAL   -35    PTCLDY (SCALE 4-7)   9
TOTAL FM JUL 1   643    CLOUDY (SCALE 8-10)  0
DPTR FM NORMAL  -407

[CDD (BASE 65) ]
TOTAL THIS MO.    14
DPTR FM NORMAL    -7    [PRESSURE DATA]
TOTAL FM JAN 1    54    HIGHEST SLP M ON M
DPTR FM NORMAL     5    LOWEST  SLP 29.74 ON 16

[REMARKS]




U.S. Dept. of Commerce
NOAA National Weather Service
1325 East West Highway
Silver Spring, MD 20910
E-mail: w-nws.webmaster@noaa.gov
Page last modified: May 16, 2007
NATIONAL WEATHER SERVICE: for Safety, for Work, for Fun - FOR LIFE