947
CXUS55 KLOX 161655
CF6HHR
PRELIMINARY LOCAL CLIMATOLOGICAL DATA (WS FORM: F-6)

                                          STATION:   HAWTHORNE AIRPORT CA
                                          MONTH:     SEPTEMBER
                                          YEAR:      2014
                                          LATITUDE:   33 55 N
                                          LONGITUDE: 118 20 W

  TEMPERATURE IN F:       :PCPN:    SNOW:  WIND      :SUNSHINE: SKY     :PK WND
================================================================================
1   2   3   4   5  6A  6B    7    8   9   10  11  12  13   14  15   16   17  18
                                     12Z  AVG MX 2MIN
DY MAX MIN AVG DEP HDD CDD  WTR  SNW DPTH SPD SPD DIR MIN PSBL S-S WX    SPD DR
================================================================================

 1  83  70  77   5   0  12 0.00  0.0    0  4.6 12 260   M    M   3 8      16 250
 2  80  69  75   4   0  10 0.00  0.0    0  5.5 14 270   M    M   5 8      20 260
 3  78  69  74   3   0   9 0.00  0.0    0  6.1 16 260   M    M   6        21 250
 4  78  68  73   2   0   8 0.00  0.0    0  5.6 15 260   M    M   6        20 260
 5  78  68  73   2   0   8 0.00  0.0    0  6.4 16 260   M    M   4        20 270
 6  81  66  74   3   0   9 0.00  0.0    0  4.4 16 260   M    M   1        22 260
 7  86  69  78   7   0  13 0.00  0.0    0  5.5 16 250   M    M   0        20 270
 8  86  72  79   8   0  14 0.01  0.0    0  4.4 12 270   M    M   6        14 280
 9  88  69  79   8   0  14 0.00  0.0    0  4.8 16 260   M    M   1 8      22 270
10  82  66  74   3   0   9 0.00  0.0    0  4.6 16 260   M    M   0        21 260
11  84  70  77   6   0  12 0.00  0.0    0  4.8 15 270   M    M   0 8      20 260
12  85  70  78   7   0  13 0.00  0.0    0  5.7 16 260   M    M   0        22 270
13  88  70  79   8   0  14 0.00  0.0    0  4.5 18 260   M    M   0        21 270
14  91  71  81  10   0  16 0.00  0.0    0  3.9 15 270   M    M   0        19 260
15  91  74  83  12   0  18 0.00  0.0    0  4.9 18 270   M    M   0        24 260
================================================================================
SM 1259 1041         0 179  0.01     0.0  75.8          M       32
================================================================================
AV 83.9 69.4                               5.1 FASTST   M    M   2    MAX(MPH)
                                 MISC ---->  # 18 260               # 24  260
================================================================================
NOTES:
# LAST OF SEVERAL OCCURRENCES

COLUMN 17 PEAK WIND IN M.P.H.

PRELIMINARY LOCAL CLIMATOLOGICAL DATA (WS FORM: F-6) , PAGE 2

                                          STATION:  HAWTHORNE AIRPORT CA
                                          MONTH:    SEPTEMBER
                                          YEAR:     2014
                                          LATITUDE:   33 55 N
                                          LONGITUDE: 118 20 W

[TEMPERATURE DATA]      [PRECIPITATION DATA]       SYMBOLS USED IN COLUMN 16

AVERAGE MONTHLY: 76.7   TOTAL FOR MONTH:   0.01    1 = FOG OR MIST
DPTR FM NORMAL:   5.6   DPTR FM NORMAL:   -0.04    2 = FOG REDUCING VISIBILITY
HIGHEST:    91 ON 15,14 GRTST 24HR  0.01 ON  8- 8      TO 1/4 MILE OR LESS
LOWEST:     66 ON 10, 6                            3 = THUNDER
                        SNOW, ICE PELLETS, HAIL    4 = ICE PELLETS
                        TOTAL MONTH:   0.0 INCH    5 = HAIL
                        GRTST 24HR     0.0         6 = FREEZING RAIN OR DRIZZLE
                        GRTST DEPTH:   0           7 = DUSTSTORM OR SANDSTORM:
                                                       VSBY 1/2 MILE OR LESS
                                                   8 = SMOKE OR HAZE
[NO. OF DAYS WITH]      [WEATHER - DAYS WITH]      9 = BLOWING SNOW
                                                   X = TORNADO
MAX 32 OR BELOW:   0    0.01 INCH OR MORE:   1
MAX 90 OR ABOVE:   2    0.10 INCH OR MORE:   0
MIN 32 OR BELOW:   0    0.50 INCH OR MORE:   0
MIN  0 OR BELOW:   0    1.00 INCH OR MORE:   0

[HDD (BASE 65) ]
TOTAL THIS MO.     0    CLEAR  (SCALE 0-3)  10
DPTR FM NORMAL     0    PTCLDY (SCALE 4-7)   5
TOTAL FM JUL 1     0    CLOUDY (SCALE 8-10)  0
DPTR FM NORMAL    -1

[CDD (BASE 65) ]
TOTAL THIS MO.   179
DPTR FM NORMAL    89    [PRESSURE DATA]
TOTAL FM JAN 1  1064    HIGHEST SLP M ON M
DPTR FM NORMAL   458    LOWEST  SLP 29.64 ON 14

[REMARKS]




U.S. Dept. of Commerce
NOAA National Weather Service
1325 East West Highway
Silver Spring, MD 20910
E-mail: w-nws.webmaster@noaa.gov
Page last modified: May 16, 2007
NATIONAL WEATHER SERVICE: for Safety, for Work, for Fun - FOR LIFE