433
CXUS51 KLWX 300620
CF6HGR
PRELIMINARY LOCAL CLIMATOLOGICAL DATA (WS FORM: F-6)

                                          STATION:   HAGERSTOWN MD
                                          MONTH:     AUGUST
                                          YEAR:      2014
                                          LATITUDE:   39 42 N
                                          LONGITUDE:  77 43 W

  TEMPERATURE IN F:       :PCPN:    SNOW:  WIND      :SUNSHINE: SKY     :PK WND
================================================================================
1   2   3   4   5  6A  6B    7    8   9   10  11  12  13   14  15   16   17  18
                                     12Z  AVG MX 2MIN
DY MAX MIN AVG DEP HDD CDD  WTR  SNW DPTH SPD SPD DIR MIN PSBL S-S WX    SPD DR
================================================================================

 1  77  63  70  -5   0   5    T    M    M  4.9 15 190   M    M   3 18     19 190
 2  79  65  72  -3   0   7 0.01    M    M  4.2 12 160   M    M   8        14 160
 3  81  64  73  -2   0   8 0.30    M    M  5.5 16  40   M    M   8 13     20  50
 4  82  62  72  -3   0   7 0.00    M    M  4.5 14 320   M    M   4 128    16 320
 5  85  63  74   0   0   9 0.05    M    M  4.3 23 350   M    M   2 13     30 350
 6  81  62  72  -2   0   7    T    M    M  2.8 10  30   M    M   5 128    17  20
 7  81  61  71  -3   0   6 0.00    M    M  6.0 15 350   M    M   1 1      19 350
 8  79  58  69  -5   0   4 0.00    M    M  2.8  9 100   M    M   1        11 240
 9  82  60  71  -3   0   6 0.00    M    M  4.0  8 110   M    M   4        11 150
10  83  65  74   0   0   9 0.00    M    M  3.9 10 160   M    M   4 18     14 200
11  78  65  72  -2   0   7 0.37    M    M  7.4 18 160   M    M   6 1      22 150
12  76  65  71  -3   0   6 0.42    M    M  5.8 14 160   M    M  10 1      18 160
13  78  61  70  -4   0   5 0.03    M    M  8.8 23 300   M    M   5 1      28 300
14  80  57  69  -5   0   4 0.00    M    M  7.0 18 290   M    M   3        23 280
15  76  53  65  -9   0   0 0.00    M    M  5.0 15 290   M    M   1        18 260
16  79  51  65  -9   0   0 0.00    M    M  4.8 13 220   M    M   0        17 220
17  86  65  76   3   0  11 0.00    M    M  6.5 17 340   M    M   3        22 310
18  81  61  71  -2   0   6 0.00    M    M  4.1 10 150   M    M   7        15 150
19  81  65  73   0   0   8 0.00    M    M  3.8  9 300   M    M   7 18     11 150
20  82  69  76   3   0  11 0.47    M    M  6.4 18 160   M    M   7 13     23 160
21  84  66  75   2   0  10 0.57    M    M  3.1 18 170   M    M   5 13     22 170
22  80  65  73   0   0   8    T    M    M  2.9  8  70   M    M   5 18      9  90
23  72  64  68  -5   0   3 1.22    M    M  4.9 12  80   M    M  10 1      14 100
24  78  62  70  -2   0   5 0.07    M    M  4.9 14 130   M    M   6 1      17 140
25  80  58  69  -3   0   4 0.00    M    M  3.4 10  70   M    M   1        13  70
26  83  57  70  -2   0   5 0.00    M    M  3.0  9 230   M    M   0        13 190
27  86  61  74   2   0   9 0.00    M    M  3.8 10 340   M    M   1 1      13 290
28  80  61  71  -1   0   6 0.00    M    M  9.0 18 320   M    M   1        25 320
29  77  55  66  -5   0   1 0.00    M    M  4.4 10  40   M    M   0        14  30
================================================================================
SM 2327 1784         0 177  3.51    M    141.9          M      118
================================================================================
AV 80.2 61.5                               4.9 FASTST   M    M   4    MAX(MPH)
                                 MISC ---->  # 23 350               # 30  350
================================================================================
NOTES:
# LAST OF SEVERAL OCCURRENCES

COLUMN 17 PEAK WIND IN M.P.H.

PRELIMINARY LOCAL CLIMATOLOGICAL DATA (WS FORM: F-6) , PAGE 2

                                          STATION:  HAGERSTOWN MD
                                          MONTH:    AUGUST
                                          YEAR:     2014
                                          LATITUDE:   39 42 N
                                          LONGITUDE:  77 43 W

[TEMPERATURE DATA]      [PRECIPITATION DATA]       SYMBOLS USED IN COLUMN 16

AVERAGE MONTHLY: 70.9   TOTAL FOR MONTH:   3.51    1 = FOG OR MIST
DPTR FM NORMAL:  -2.6   DPTR FM NORMAL:    0.57    2 = FOG REDUCING VISIBILITY
HIGHEST:    86 ON 27,17 GRTST 24HR  1.27 ON 23-24      TO 1/4 MILE OR LESS
LOWEST:     51 ON 16                               3 = THUNDER
                        SNOW, ICE PELLETS, HAIL    4 = ICE PELLETS
                        TOTAL MONTH:    M          5 = HAIL
                        GRTST 24HR    M  ON   M    6 = FREEZING RAIN OR DRIZZLE
                        GRTST DEPTH:  M  ON   M    7 = DUSTSTORM OR SANDSTORM:
                                                       VSBY 1/2 MILE OR LESS
                                                   8 = SMOKE OR HAZE
[NO. OF DAYS WITH]      [WEATHER - DAYS WITH]      9 = BLOWING SNOW
                                                   X = TORNADO
MAX 32 OR BELOW:   0    0.01 INCH OR MORE:  10
MAX 90 OR ABOVE:   0    0.10 INCH OR MORE:   6
MIN 32 OR BELOW:   0    0.50 INCH OR MORE:   2
MIN  0 OR BELOW:   0    1.00 INCH OR MORE:   1

[HDD (BASE 65) ]
TOTAL THIS MO.     0    CLEAR  (SCALE 0-3)  13
DPTR FM NORMAL     0    PTCLDY (SCALE 4-7)  14
TOTAL FM JUL 1     2    CLOUDY (SCALE 8-10)  2
DPTR FM NORMAL     2

[CDD (BASE 65) ]
TOTAL THIS MO.   177
DPTR FM NORMAL   -72    [PRESSURE DATA]
TOTAL FM JAN 1   789    HIGHEST SLP M ON M
DPTR FM NORMAL   -66    LOWEST  SLP 29.74 ON 13

[REMARKS]




U.S. Dept. of Commerce
NOAA National Weather Service
1325 East West Highway
Silver Spring, MD 20910
E-mail: w-nws.webmaster@noaa.gov
Page last modified: May 16, 2007
NATIONAL WEATHER SERVICE: for Safety, for Work, for Fun - FOR LIFE