291
CXUS51 KLWX 300620
CF6HGR
PRELIMINARY LOCAL CLIMATOLOGICAL DATA (WS FORM: F-6)

                                          STATION:   HAGERSTOWN MD
                                          MONTH:     JANUARY
                                          YEAR:      2015
                                          LATITUDE:   39 42 N
                                          LONGITUDE:  77 43 W

  TEMPERATURE IN F:       :PCPN:    SNOW:  WIND      :SUNSHINE: SKY     :PK WND
================================================================================
1   2   3   4   5  6A  6B    7    8   9   10  11  12  13   14  15   16   17  18
                                     12Z  AVG MX 2MIN
DY MAX MIN AVG DEP HDD CDD  WTR  SNW DPTH SPD SPD DIR MIN PSBL S-S WX    SPD DR
================================================================================

 1  43  22  33   2  32   0 0.00    M    M 10.3 22 270   M    M   0        28 240
 2  44  29  37   6  28   0 0.00    M    M  6.2 14 280   M    M   0        20 250
 3  37  28  33   2  32   0 0.40    M    M  2.6 12 160   M    M   8 1268   13 170
 4  56  35  46  15  19   0 0.09    M    M  8.7 36 290   M    M   8 12     42 300
 5  42  20  31   0  34   0 0.00    M    M 18.3 35 290   M    M   4        45 300
 6  26  18  22  -8  43   0 0.12    M    M  5.5 17 280   M    M   8 18     20 280
 7  24   9  17 -13  48   0    T    M    M 18.0 28 310   M    M   6 8      37 310
 8  21   5  13 -17  52   0 0.00    M    M 11.4 21 280   M    M   1        26 280
 9  32  18  25  -5  40   0 0.00    M    M 13.7 30 280   M    M   7        36 270
10  23   7  15 -15  50   0 0.00    M    M  8.2 25 290   M    M   0 8      33 280
11  35  12  24  -6  41   0 0.03    M    M  3.1 13 160   M    M   3        16 150
12  39  32  36   6  29   0 0.42    M    M  4.6 20 330   M    M  10 16     24 330
13  36  20  28  -2  37   0 0.00    M    M 10.9 20 330   M    M   4        25 330
14  29  20  25  -5  40   0    T    M    M  3.4  8 320   M    M   8 8      11 360
15  37  25  31   0  34   0 0.00    M    M  6.3 12 260   M    M   5 8      15 260
16  41  26  34   3  31   0 0.00    M    M 10.4 22 290   M    M   4        30 310
17  37  20  29  -2  36   0 0.00    M    M  9.1 18 170   M    M   3        25 170
18  40  25  33   2  32   0    T    M    M  6.4 18 160   M    M   4 8      24 160
19  45  34  40   9  25   0 0.00    M    M  9.0 20 290   M    M   8        25 300
20  41  27  34   3  31   0 0.00    M    M  2.8  7 350   M    M   4         9 340
21  33  27  30  -1  35   0 0.09    M    M  1.9  7 170   M    M   8 128    10  90
22  42  31  37   6  28   0 0.01    M    M  7.0 16 300   M    M   8 12     20 290
23  39  25  32   1  33   0 0.28    M    M  5.6 14 170   M    M   6 168    17 170
24  41  33  37   6  28   0 0.26    M    M  9.5 23 310   M    M   8 168    29 310
25  44  36  40   9  25   0 0.07    M    M  6.3 16 290   M    M  10 1      19 290
26  36  24  30  -1  35   0 0.10    M    M 10.2 16  50   M    M  10 18     19  50
27  31  22  27  -4  38   0    T    M    M 12.5 23 320   M    M   7 18     29 330
28  32  15  24  -7  41   0 0.00    M    M  8.8 22 320   M    M   0        29 320
29  34  13  24  -7  41   0 0.03    M    M  6.0 20 170   M    M   6 18     25 170
================================================================================
SM 1060  658      1018   0  1.90    M    236.7          M      158
================================================================================
AV 36.6 22.7                               8.2 FASTST   M    M   5    MAX(MPH)
                                 MISC ---->  # 36 290               # 45  300
================================================================================
NOTES:
# LAST OF SEVERAL OCCURRENCES

COLUMN 17 PEAK WIND IN M.P.H.

PRELIMINARY LOCAL CLIMATOLOGICAL DATA (WS FORM: F-6) , PAGE 2

                                          STATION:  HAGERSTOWN MD
                                          MONTH:    JANUARY
                                          YEAR:     2015
                                          LATITUDE:   39 42 N
                                          LONGITUDE:  77 43 W

[TEMPERATURE DATA]      [PRECIPITATION DATA]       SYMBOLS USED IN COLUMN 16

AVERAGE MONTHLY: 29.6   TOTAL FOR MONTH:   1.90    1 = FOG OR MIST
DPTR FM NORMAL:  -1.1   DPTR FM NORMAL:   -0.62    2 = FOG REDUCING VISIBILITY
HIGHEST:    56 ON  4    GRTST 24HR  0.54 ON 23-24      TO 1/4 MILE OR LESS
LOWEST:      5 ON  8                               3 = THUNDER
                        SNOW, ICE PELLETS, HAIL    4 = ICE PELLETS
                        TOTAL MONTH:    M          5 = HAIL
                        GRTST 24HR    M  ON   M    6 = FREEZING RAIN OR DRIZZLE
                        GRTST DEPTH:  M  ON   M    7 = DUSTSTORM OR SANDSTORM:
                                                       VSBY 1/2 MILE OR LESS
                                                   8 = SMOKE OR HAZE
[NO. OF DAYS WITH]      [WEATHER - DAYS WITH]      9 = BLOWING SNOW
                                                   X = TORNADO
MAX 32 OR BELOW:   8    0.01 INCH OR MORE:  12
MAX 90 OR ABOVE:   0    0.10 INCH OR MORE:   6
MIN 32 OR BELOW:  25    0.50 INCH OR MORE:   0
MIN  0 OR BELOW:   0    1.00 INCH OR MORE:   0

[HDD (BASE 65) ]
TOTAL THIS MO.  1018    CLEAR  (SCALE 0-3)   7
DPTR FM NORMAL    27    PTCLDY (SCALE 4-7)  15
TOTAL FM JUL 1  2794    CLOUDY (SCALE 8-10)  7
DPTR FM NORMAL  -161

[CDD (BASE 65) ]
TOTAL THIS MO.     0
DPTR FM NORMAL     0    [PRESSURE DATA]
TOTAL FM JAN 1     0    HIGHEST SLP M ON M
DPTR FM NORMAL     0    LOWEST  SLP 29.46 ON 24

[REMARKS]




U.S. Dept. of Commerce
NOAA National Weather Service
1325 East West Highway
Silver Spring, MD 20910
E-mail: w-nws.webmaster@noaa.gov
Page last modified: May 16, 2007
NATIONAL WEATHER SERVICE: for Safety, for Work, for Fun - FOR LIFE