265
CXUS51 KLWX 010620
CF6HGR
PRELIMINARY LOCAL CLIMATOLOGICAL DATA (WS FORM: F-6)

                                          STATION:   HAGERSTOWN MD
                                          MONTH:     NOVEMBER
                                          YEAR:      2014
                                          LATITUDE:   39 42 N
                                          LONGITUDE:  77 43 W

  TEMPERATURE IN F:       :PCPN:    SNOW:  WIND      :SUNSHINE: SKY     :PK WND
================================================================================
1   2   3   4   5  6A  6B    7    8   9   10  11  12  13   14  15   16   17  18
                                     12Z  AVG MX 2MIN
DY MAX MIN AVG DEP HDD CDD  WTR  SNW DPTH SPD SPD DIR MIN PSBL S-S WX    SPD DR
================================================================================

 1  50  42  46  -4  19   0 0.01    M    M 14.2 29 340   M    M  10        35 340
 2  50  40  45  -5  20   0 0.00    M    M 15.8 29 330   M    M   5        36 320
 3  59  36  48  -1  17   0 0.00    M    M  6.9 15 300   M    M   3        20 280
 4  71  46  59  10   6   0 0.00    M    M  6.8 12 180   M    M   1        15 190
 5  67  53  60  11   5   0 0.02    M    M  5.9 22 270   M    M   4 1      26 280
 6  61  47  54   6  11   0 0.37    M    M  5.0 24 320   M    M   8 18     30 340
 7  51  39  45  -3  20   0    T    M    M 13.4 30 330   M    M   8        40 300
 8  49  32  41  -7  24   0 0.00    M    M  7.9 17 180   M    M   1        23 160
 9  56  40  48   1  17   0 0.00    M    M  4.0 15 290   M    M   3        20 290
10  63  36  50   3  15   0 0.00    M    M  6.0 17 170   M    M   0        22 140
11  66  40  53   6  12   0 0.00    M    M  4.6 14 170   M    M   0 18     17 180
12  56  35  46   0  19   0 0.00    M    M  8.7 24 300   M    M   2 12     30 300
13  41  33  37  -9  28   0 0.01    M    M  4.5 20 300   M    M   8 8      23 310
14  39  28  34 -12  31   0 0.00    M    M 10.6 24 290   M    M   6        30 300
15  42  25  34 -11  31   0 0.00    M    M  4.1 10 270   M    M   0        14 290
16  41  31  36  -9  29   0 0.11    M    M  6.5 14 170   M    M   9 1      17 160
17  44  33  39  -5  26   0 0.37    M    M  8.6 26 280   M    M  10 18     33 290
18  33  21  27 -17  38   0 0.00    M    M 17.9 37 280   M    M   2        45 270
19  35  18  27 -17  38   0 0.00    M    M  9.5 18 170   M    M   2        25 160
20  46  29  38  -5  27   0 0.00    M    M 13.6 25 300   M    M   4        34 270
21  35  21  28 -15  37   0 0.00    M    M 10.9 24 290   M    M   3        33 280
22  45  19  32 -10  33   0 0.00    M    M  4.7 13 180   M    M   3        17 180
23  57  37  47   5  18   0 0.17    M    M  5.5 15 150   M    M   3 1      20 140
24  70  54  62  20   3   0 0.11    M    M 13.5 26 180   M    M   3 1      34 190
25  62  39  51  10  14   0 0.00    M    M  7.3 23 290   M    M   0        30 290
26  44  33  39  -2  26   0 0.64    M    M  6.9 13  20   M    M   8 12     17  10
27  40  33  37  -3  28   0    T    M    M  5.5 20 300   M    M   9 18     24 300
28  36  26  31  -9  34   0    T    M    M  9.5 23 310   M    M   5 1      31 290
29  43  27  35  -5  30   0    T    M    M  7.6 17 170   M    M   8 1      21 150
30  61  38  50  11  15   0 0.00    M    M  6.4 15 180   M    M   8        20 180
================================================================================
SM 1513 1031       671   0  1.81    M    252.3          M      136
================================================================================
AV 50.4 34.4                               8.4 FASTST   M    M   5    MAX(MPH)
                                 MISC ---->  # 37 280               # 45  270
================================================================================
NOTES:
# LAST OF SEVERAL OCCURRENCES

COLUMN 17 PEAK WIND IN M.P.H.

PRELIMINARY LOCAL CLIMATOLOGICAL DATA (WS FORM: F-6) , PAGE 2

                                          STATION:  HAGERSTOWN MD
                                          MONTH:    NOVEMBER
                                          YEAR:     2014
                                          LATITUDE:   39 42 N
                                          LONGITUDE:  77 43 W

[TEMPERATURE DATA]      [PRECIPITATION DATA]       SYMBOLS USED IN COLUMN 16

AVERAGE MONTHLY: 42.4   TOTAL FOR MONTH:   1.81    1 = FOG OR MIST
DPTR FM NORMAL:  -2.5   DPTR FM NORMAL:   -1.41    2 = FOG REDUCING VISIBILITY
HIGHEST:    71 ON  4    GRTST 24HR  0.64 ON 26-26      TO 1/4 MILE OR LESS
LOWEST:     18 ON 19                               3 = THUNDER
                        SNOW, ICE PELLETS, HAIL    4 = ICE PELLETS
                        TOTAL MONTH:    M          5 = HAIL
                        GRTST 24HR    M  ON   M    6 = FREEZING RAIN OR DRIZZLE
                        GRTST DEPTH:  M  ON   M    7 = DUSTSTORM OR SANDSTORM:
                                                       VSBY 1/2 MILE OR LESS
                                                   8 = SMOKE OR HAZE
[NO. OF DAYS WITH]      [WEATHER - DAYS WITH]      9 = BLOWING SNOW
                                                   X = TORNADO
MAX 32 OR BELOW:   0    0.01 INCH OR MORE:   9
MAX 90 OR ABOVE:   0    0.10 INCH OR MORE:   6
MIN 32 OR BELOW:  11    0.50 INCH OR MORE:   1
MIN  0 OR BELOW:   0    1.00 INCH OR MORE:   0

[HDD (BASE 65) ]
TOTAL THIS MO.   671    CLEAR  (SCALE 0-3)  13
DPTR FM NORMAL    68    PTCLDY (SCALE 4-7)  10
TOTAL FM JUL 1   953    CLOUDY (SCALE 8-10)  7
DPTR FM NORMAL   -52

[CDD (BASE 65) ]
TOTAL THIS MO.     0
DPTR FM NORMAL     0    [PRESSURE DATA]
TOTAL FM JAN 1   941    HIGHEST SLP M ON M
DPTR FM NORMAL   -28    LOWEST  SLP 29.56 ON 17

[REMARKS]
#FINAL-11-14#




U.S. Dept. of Commerce
NOAA National Weather Service
1325 East West Highway
Silver Spring, MD 20910
E-mail: w-nws.webmaster@noaa.gov
Page last modified: May 16, 2007
NATIONAL WEATHER SERVICE: for Safety, for Work, for Fun - FOR LIFE