487
CXUS54 KJAN 241000
CF6HEZ
PRELIMINARY LOCAL CLIMATOLOGICAL DATA (WS FORM: F-6)

                                          STATION:   NATCHEZ
                                          MONTH:     APRIL
                                          YEAR:      2014
                                          LATITUDE:   31 37 N
                                          LONGITUDE:  91 15 W

  TEMPERATURE IN F:       :PCPN:    SNOW:  WIND      :SUNSHINE: SKY     :PK WND
================================================================================
1   2   3   4   5  6A  6B    7    8   9   10  11  12  13   14  15   16   17  18
                                     12Z  AVG MX 2MIN
DY MAX MIN AVG DEP HDD CDD  WTR  SNW DPTH SPD SPD DIR MIN PSBL S-S WX    SPD DR
================================================================================

 1  79  59  69   M   0   4 0.00  0.0    0  7.6 13 170   M    M   6        18 170
 2  81  63  72   M   0   7 0.00  0.0    0 12.1 17 180   M    M   6        25 160
 3  82  70  76   M   0  11 0.00  0.0    0 13.7 22 180   M    M   8        28 180
 4  73  55  64   M   1   0 0.97  0.0    0  7.6 15 180   M    M   7 3      21 180
 5  70  52  61   M   4   0 0.02  0.0    0  8.0 12  80   M    M   5        20  40
 6  64  50  57   M   8   0 3.17  0.0    0 10.3 15 130   M    M  10 3      23 360
 7  63  46  55   M  10   0 0.01    M    0  7.9 13 320   M    M   8        20 300
 8  66  43  55   M  10   0 0.18    M    0  5.4 17 320   M    M   5 3      40 320
 9  68  37  53   M  12   0 0.00  0.0    0  3.7  9 270   M    M   0        16 300
10  77  45  61   M   4   0 0.00  0.0    0  9.2 15 180   M    M   0        23 180
11  79  54  67   M   0   2 0.00  0.0    0  7.7 14 180   M    M   3        22 180
12  81  55  68   M   0   3 0.00  0.0    0  9.4 16 200   M    M   4        22 200
13  81  66  74   M   0   9 0.04  0.0    0 12.2 17 150   M    M   8 3      27 180
14  81  46  64   M   1   0 0.28    M    0 10.6 16 330   M    M   9 3      25 330
15  54  39  47   M  18   0 0.01    M    0 12.3 23 340   M    M   4        29 360
16  64  36  50   M  15   0 0.00  0.0    0  4.8 12 190   M    M   0         M  M
17  66  41  54   M  11   0 0.00  0.0    0  3.9  9 100   M    M   5         M  M
18  73  50  62   M   3   0 0.00  0.0    0  5.1 13  20   M    M   5         M  M
19  75  48  62   M   3   0 0.00  0.0    0  4.3 12  10   M    M   0         M  M
20  82  52  67   M   0   2 0.00  0.0    0  1.7  7 140   M    M   0         M  M
21  79  57  68   M   0   3 0.00  0.0    0  6.8 12 250   M    M   2        17 250
22  77  61  69   M   0   4 0.00  0.0    0  5.4  9 230   M    M   6         M  M
23  81  54  68   M   0   3 0.00  0.0    0  2.7  9 330   M    M   0         M  M
================================================================================
SM 1696 1179       100  48  4.68     0.0 172.4          M      101
================================================================================
AV 73.7 51.3                               7.5 FASTST   M    M   4    MAX(MPH)
                                 MISC ---->  # 23 340                 40    M
================================================================================
NOTES:
# LAST OF SEVERAL OCCURRENCES

COLUMN 17 PEAK WIND IN M.P.H.

PRELIMINARY LOCAL CLIMATOLOGICAL DATA (WS FORM: F-6) , PAGE 2

                                          STATION:  NATCHEZ
                                          MONTH:    APRIL
                                          YEAR:     2014
                                          LATITUDE:   31 37 N
                                          LONGITUDE:  91 15 W

[TEMPERATURE DATA]      [PRECIPITATION DATA]       SYMBOLS USED IN COLUMN 16

AVERAGE MONTHLY: 62.5   TOTAL FOR MONTH:   4.68    1 = FOG OR MIST
DPTR FM NORMAL:     M   DPTR FM NORMAL:       M    2 = FOG REDUCING VISIBILITY
HIGHEST:    82 ON 20, 3 GRTST 24HR  3.17 ON  6- 6      TO 1/4 MILE OR LESS
LOWEST:     36 ON 16                               3 = THUNDER
                        SNOW, ICE PELLETS, HAIL    4 = ICE PELLETS
                        TOTAL MONTH:   0.0 INCH    5 = HAIL
                        GRTST 24HR     0.0         6 = FREEZING RAIN OR DRIZZLE
                        GRTST DEPTH:   0           7 = DUSTSTORM OR SANDSTORM:
                                                       VSBY 1/2 MILE OR LESS
                                                   8 = SMOKE OR HAZE
[NO. OF DAYS WITH]      [WEATHER - DAYS WITH]      9 = BLOWING SNOW
                                                   X = TORNADO
MAX 32 OR BELOW:   0    0.01 INCH OR MORE:   8
MAX 90 OR ABOVE:   0    0.10 INCH OR MORE:   4
MIN 32 OR BELOW:   0    0.50 INCH OR MORE:   2
MIN  0 OR BELOW:   0    1.00 INCH OR MORE:   1

[HDD (BASE 65) ]
TOTAL THIS MO.   100    CLEAR  (SCALE 0-3)   8
DPTR FM NORMAL     M    PTCLDY (SCALE 4-7)  12
TOTAL FM JUL 1  2611    CLOUDY (SCALE 8-10)  3
DPTR FM NORMAL     M

[CDD (BASE 65) ]
TOTAL THIS MO.    48
DPTR FM NORMAL     M    [PRESSURE DATA]
TOTAL FM JAN 1    69    HIGHEST SLP M ON M
DPTR FM NORMAL     M    LOWEST  SLP M ON M

[REMARKS]




U.S. Dept. of Commerce
NOAA National Weather Service
1325 East West Highway
Silver Spring, MD 20910
E-mail: w-nws.webmaster@noaa.gov
Page last modified: May 16, 2007
NATIONAL WEATHER SERVICE: for Safety, for Work, for Fun - FOR LIFE