497
CXUS53 KBIS 230726
CF6HEI
PRELIMINARY LOCAL CLIMATOLOGICAL DATA (WS FORM: F-6)

                                          STATION:   HETTINGER ND
                                          MONTH:     APRIL
                                          YEAR:      2014
                                          LATITUDE:   46  0 N
                                          LONGITUDE: 102 39 W

  TEMPERATURE IN F:       :PCPN:    SNOW:  WIND      :SUNSHINE: SKY     :PK WND
================================================================================
1   2   3   4   5  6A  6B    7    8   9   10  11  12  13   14  15   16   17  18
                                     12Z  AVG MX 2MIN
DY MAX MIN AVG DEP HDD CDD  WTR  SNW DPTH SPD SPD DIR MIN PSBL S-S WX    SPD DR
================================================================================

 1  22 -10   6 -30  59   0 0.00    M    M  6.5 15 120   M    M   3        17 120
 2  25  21  23 -13  42   0    T    M    M 15.4 26 110   M    M  10 12     33 110
 3  32  24  28  -9  37   0    T    M    M 11.5 26 330   M    M  10 12     33 330
 4  37  11  24 -13  41   0 0.00    M    M  7.3 17 160   M    M   3 12     22 170
 5  49  18  34  -4  31   0    T    M    M  4.4 15 290   M    M   1        18 280
 6  54  27  41   3  24   0 0.00    M    M  7.4 26 310   M    M   2        33 310
 7  54  24  39   0  26   0    T    M    M 14.7 30 320   M    M   4        37 300
 8  66  22  44   5  21   0 0.00    M    M  6.6 21 270   M    M   0        26 260
 9  76  30  53  14  12   0 0.01    M    M 15.0 53 300   M    M   1        78 290
10  61  25  43   3  22   0 0.00    M    M  7.9 26 240   M    M   3        32 240
11  62  23  43   3  22   0 0.00    M    M  8.0 23 110   M    M   3        28 110
12  57  26  42   1  23   0 0.00    M    M 15.2 28 330   M    M   4        37 330
13  39  15  27 -14  38   0    T    M    M 15.0 28 340   M    M   6 8      35 340
14  37  19  28 -13  37   0    T    M    M 12.0 24 340   M    M   4        30 330
15  58  19  39  -3  26   0 0.00    M    M 13.0 21 150   M    M   5        25 140
16  33  23  28 -14  37   0 0.00    M    M 11.2 21  30   M    M   9        25  50
17  47  26  37  -5  28   0    T    M    M 13.5 23 140   M    M   7 1      30 140
18  66  29  48   5  17   0 0.00    M    M 16.3 35 310   M    M   2        44 300
19  64  27  46   3  19   0 0.00    M    M 12.0 28 280   M    M   0        36 270
20  71  26  49   5  16   0 0.00    M    M  8.3 26 310   M    M   0        34 310
21  69  25  47   3  18   0 0.00    M    M  8.7 23 280   M    M   0        28 280
22  68  38  53   9  12   0 0.00    M    M 19.4 30 110   M    M   1        37 110
================================================================================
SM 1147  488       608   0  0.01    M    249.3          M       78
================================================================================
AV 52.1 22.2                              11.3 FASTST   M    M   4    MAX(MPH)
                                 MISC ---->  # 53 300               # 78  290
================================================================================
NOTES:
# LAST OF SEVERAL OCCURRENCES

COLUMN 17 PEAK WIND IN M.P.H.

PRELIMINARY LOCAL CLIMATOLOGICAL DATA (WS FORM: F-6) , PAGE 2

                                          STATION:  HETTINGER ND
                                          MONTH:    APRIL
                                          YEAR:     2014
                                          LATITUDE:   46  0 N
                                          LONGITUDE: 102 39 W

[TEMPERATURE DATA]      [PRECIPITATION DATA]       SYMBOLS USED IN COLUMN 16

AVERAGE MONTHLY: 37.2   TOTAL FOR MONTH:   0.01    1 = FOG OR MIST
DPTR FM NORMAL:  -3.1   DPTR FM NORMAL:   -0.90    2 = FOG REDUCING VISIBILITY
HIGHEST:    76 ON  9    GRTST 24HR  0.13 ON 31- 1      TO 1/4 MILE OR LESS
LOWEST:    -10 ON  1                               3 = THUNDER
                        SNOW, ICE PELLETS, HAIL    4 = ICE PELLETS
                        TOTAL MONTH:    M          5 = HAIL
                        GRTST 24HR    M  ON   M    6 = FREEZING RAIN OR DRIZZLE
                        GRTST DEPTH:  M  ON   M    7 = DUSTSTORM OR SANDSTORM:
                                                       VSBY 1/2 MILE OR LESS
                                                   8 = SMOKE OR HAZE
[NO. OF DAYS WITH]      [WEATHER - DAYS WITH]      9 = BLOWING SNOW
                                                   X = TORNADO
MAX 32 OR BELOW:   3    0.01 INCH OR MORE:   1
MAX 90 OR ABOVE:   0    0.10 INCH OR MORE:   0
MIN 32 OR BELOW:  21    0.50 INCH OR MORE:   0
MIN  0 OR BELOW:   1    1.00 INCH OR MORE:   0

[HDD (BASE 65) ]
TOTAL THIS MO.   608    CLEAR  (SCALE 0-3)  11
DPTR FM NORMAL    65    PTCLDY (SCALE 4-7)   8
TOTAL FM JUL 1  8503    CLOUDY (SCALE 8-10)  3
DPTR FM NORMAL   551

[CDD (BASE 65) ]
TOTAL THIS MO.     0
DPTR FM NORMAL     0    [PRESSURE DATA]
TOTAL FM JAN 1     0    HIGHEST SLP M ON M
DPTR FM NORMAL     0    LOWEST  SLP 29.51 ON  9

[REMARKS]




U.S. Dept. of Commerce
NOAA National Weather Service
1325 East West Highway
Silver Spring, MD 20910
E-mail: w-nws.webmaster@noaa.gov
Page last modified: May 16, 2007
NATIONAL WEATHER SERVICE: for Safety, for Work, for Fun - FOR LIFE