097
CXUS53 KBIS 290725
CF6HEI
PRELIMINARY LOCAL CLIMATOLOGICAL DATA (WS FORM: F-6)

                                          STATION:   HETTINGER ND
                                          MONTH:     JULY
                                          YEAR:      2014
                                          LATITUDE:   46  0 N
                                          LONGITUDE: 102 39 W

  TEMPERATURE IN F:       :PCPN:    SNOW:  WIND      :SUNSHINE: SKY     :PK WND
================================================================================
1   2   3   4   5  6A  6B    7    8   9   10  11  12  13   14  15   16   17  18
                                     12Z  AVG MX 2MIN
DY MAX MIN AVG DEP HDD CDD  WTR  SNW DPTH SPD SPD DIR MIN PSBL S-S WX    SPD DR
================================================================================

 1  70  45  58  -8   7   0 0.01    M    M 16.8 32 320   M    M   5 1      42 320
 2  76  39  58  -8   7   0 0.00    M    M  4.3 10 320   M    M   2 12     13 330
 3  76  48  62  -4   3   0 0.00    M    M 11.3 22 140   M    M   0        28 130
 4  89  58  74   7   0   9    T    M    M  6.1 14 250   M    M   0 3      20 190
 5  92  60  76   9   0  11 0.00    M    M  4.6 15 210   M    M   0 13     20 210
 6  84  59  72   5   0   7 0.00    M    M  9.0 22 330   M    M   0        27 340
 7  73  54  64  -3   1   0 0.02    M    M 12.5 28 300   M    M   4 13     35 310
 8  79  49  64  -4   1   0 0.00    M    M  8.1 18 310   M    M   1 18     27 330
 9  82  44  63  -5   2   0 0.00    M    M  5.9 14 130   M    M   0 128    19 130
10  84  57  71   3   0   6    T    M    M  6.8 15 180   M    M   2        19 150
11  84  59  72   4   0   7    T    M    M 12.0 26  20   M    M   3 13     33  20
12  83  54  69   1   0   4 0.57    M    M  7.5 21 300   M    M   5 13     28 300
13  79  45  62  -6   3   0 0.00    M    M 10.6 26 320   M    M   0        32 330
14  69  42  56 -13   9   0 0.00    M    M  8.8 20 360   M    M   2        25 340
15  71  36  54 -15  11   0 0.00    M    M  6.2 16 120   M    M   1        23 110
16  77  42  60  -9   5   0 0.00    M    M  7.1 15 150   M    M   2        20 170
17  83  48  66  -3   0   1 0.00    M    M  4.6 12 140   M    M   0 1      19 150
18  84  54  69   0   0   4 0.00    M    M  7.8 23 320   M    M   0        31 320
19  85  52  69   0   0   4 0.00    M    M  9.6 20 140   M    M   1        25 150
20  92  57  75   6   0  10 0.00    M    M  5.7 15 290   M    M   0 8      20 250
21  87  59  73   3   0   8 0.00    M    M  9.4 31 330   M    M   1 1      38 330
22  83  54  69  -1   0   4 0.01    M    M  5.9 15  80   M    M   3 123    20 120
23  84  60  72   2   0   7 0.00    M    M 13.3 23 110   M    M   0        30 120
24  88  65  77   7   0  12 0.01    M    M 14.0 24 330   M    M   0 3      32 130
25  82  51  67  -3   0   2 0.00    M    M  7.8 24 330   M    M   0        31 330
26  80  49  65  -5   0   0 0.00    M    M 15.8 35 290   M    M   1        44 290
27  73  47  60 -10   5   0 0.00    M    M  8.6 18 340   M    M   4        24 330
28  79  43  61  -9   4   0 0.00    M    M  4.5 12 100   M    M   1 12     16  40
================================================================================
SM 2268 1430        58  96  0.62    M    244.6          M       38
================================================================================
AV 81.0 51.1                               8.7 FASTST   M    M   1    MAX(MPH)
                                 MISC ---->  # 35 290               # 44  290
================================================================================
NOTES:
# LAST OF SEVERAL OCCURRENCES

COLUMN 17 PEAK WIND IN M.P.H.

PRELIMINARY LOCAL CLIMATOLOGICAL DATA (WS FORM: F-6) , PAGE 2

                                          STATION:  HETTINGER ND
                                          MONTH:    JULY
                                          YEAR:     2014
                                          LATITUDE:   46  0 N
                                          LONGITUDE: 102 39 W

[TEMPERATURE DATA]      [PRECIPITATION DATA]       SYMBOLS USED IN COLUMN 16

AVERAGE MONTHLY: 66.0   TOTAL FOR MONTH:   0.62    1 = FOG OR MIST
DPTR FM NORMAL:  -2.4   DPTR FM NORMAL:   -1.55    2 = FOG REDUCING VISIBILITY
HIGHEST:    92 ON 20, 5 GRTST 24HR  0.57 ON 12-12      TO 1/4 MILE OR LESS
LOWEST:     36 ON 15                               3 = THUNDER
                        SNOW, ICE PELLETS, HAIL    4 = ICE PELLETS
                        TOTAL MONTH:    M          5 = HAIL
                        GRTST 24HR    M  ON   M    6 = FREEZING RAIN OR DRIZZLE
                        GRTST DEPTH:  M  ON   M    7 = DUSTSTORM OR SANDSTORM:
                                                       VSBY 1/2 MILE OR LESS
                                                   8 = SMOKE OR HAZE
[NO. OF DAYS WITH]      [WEATHER - DAYS WITH]      9 = BLOWING SNOW
                                                   X = TORNADO
MAX 32 OR BELOW:   0    0.01 INCH OR MORE:   5
MAX 90 OR ABOVE:   2    0.10 INCH OR MORE:   1
MIN 32 OR BELOW:   0    0.50 INCH OR MORE:   1
MIN  0 OR BELOW:   0    1.00 INCH OR MORE:   0

[HDD (BASE 65) ]
TOTAL THIS MO.    58    CLEAR  (SCALE 0-3)  24
DPTR FM NORMAL    22    PTCLDY (SCALE 4-7)   4
TOTAL FM JUL 1    58    CLOUDY (SCALE 8-10)  0
DPTR FM NORMAL    22

[CDD (BASE 65) ]
TOTAL THIS MO.    96
DPTR FM NORMAL   -37    [PRESSURE DATA]
TOTAL FM JAN 1   131    HIGHEST SLP M ON M
DPTR FM NORMAL   -52    LOWEST  SLP 29.62 ON M

[REMARKS]




U.S. Dept. of Commerce
NOAA National Weather Service
1325 East West Highway
Silver Spring, MD 20910
E-mail: w-nws.webmaster@noaa.gov
Page last modified: May 16, 2007
NATIONAL WEATHER SERVICE: for Safety, for Work, for Fun - FOR LIFE