031
CXUS53 KBIS 010726
CF6HEI
PRELIMINARY LOCAL CLIMATOLOGICAL DATA (WS FORM: F-6)

                                          STATION:   HETTINGER ND
                                          MONTH:     SEPTEMBER
                                          YEAR:      2014
                                          LATITUDE:   46  0 N
                                          LONGITUDE: 102 39 W

  TEMPERATURE IN F:       :PCPN:    SNOW:  WIND      :SUNSHINE: SKY     :PK WND
================================================================================
1   2   3   4   5  6A  6B    7    8   9   10  11  12  13   14  15   16   17  18
                                     12Z  AVG MX 2MIN
DY MAX MIN AVG DEP HDD CDD  WTR  SNW DPTH SPD SPD DIR MIN PSBL S-S WX    SPD DR
================================================================================

 1  71  44  58  -6   7   0    T    M    M  7.8 18 320   M    M   1        25 310
 2  77  45  61  -2   4   0 0.00    M    M  6.6 21 250   M    M   0        26 280
 3  84  45  65   2   0   0 0.00    M    M 12.2 26 310   M    M   1        34 320
 4  67  37  52 -10  13   0 0.00    M    M 16.9 33 290   M    M   2        42 290
 5  70  34  52 -10  13   0 0.00    M    M  3.8 14 270   M    M   1        18 240
 6  77  38  58  -3   7   0 0.00    M    M  3.5 17 240   M    M   0        21 220
 7  84  38  61   0   4   0 0.00    M    M  5.2 16 170   M    M   0        22 150
 8  85  42  64   4   1   0 0.00    M    M  8.8 22  50   M    M   0        29  50
 9  56  39  48 -12  17   0 0.03    M    M 16.7 25  60   M    M  10 12     31  60
10  44  36  40 -19  25   0 0.06    M    M 13.6 20  20   M    M   9 1      24  30
11  46  31  39 -20  26   0 0.00    M    M  7.7 16 360   M    M   8        20 360
12  55  25  40 -18  25   0 0.00    M    M  7.3 18 170   M    M   2        23 190
13  62  30  46 -12  19   0 0.00    M    M 10.8 28 300   M    M   2        35 290
14  58  33  46 -11  19   0 0.00    M    M  4.8 10 310   M    M   3        12 130
15  66  31  49  -8  16   0 0.00    M    M  5.7 15 200   M    M   1        21 170
16  78  33  56   0   9   0 0.00    M    M  3.2 12  30   M    M   0        14 330
17  74  36  55  -1  10   0    T    M    M  6.4 14 110   M    M   0        18 100
18  79  49  64   9   1   0    T    M    M  9.4 18 290   M    M   1        25 290
19  80  49  65  10   0   0    T    M    M 12.2 28 270   M    M   1 3      34 280
20  74  41  58   4   7   0 0.00    M    M 15.7 35 300   M    M   1        42 310
21  73  34  54   0  11   0 0.00    M    M  4.3  9 140   M    M   0 8      12 140
22  79  45  62   9   3   0 0.00    M    M 10.3 23 130   M    M   0        28 150
23  80  48  64  11   1   0 0.00    M    M  6.1 14 120   M    M   1 12     18 120
24  87  43  65  13   0   0 0.00    M    M  5.8 12 250   M    M   2 12     20 290
25  90  49  70  18   0   5 0.00    M    M 11.5 24 160   M    M   0        30 140
26  93  52  73  22   0   8 0.00    M    M 10.9 22 180   M    M   0        28 180
27  80  49  65  14   0   0 0.00    M    M 14.7 23 360   M    M   0        33  10
28  58  45  52   2  13   0 0.00    M    M 17.4 26  30   M    M   9 18     33  30
29  52  45  49  -1  16   0 0.11    M    M 13.5 21 110   M    M  10 12     25  90
30  56  51  54   4  11   0 0.51    M    M 13.8 21  50   M    M   9 12     25  70
================================================================================
SM 2135 1217       278  13  0.71    M    286.6          M       74
================================================================================
AV 71.2 40.6                               9.6 FASTST   M    M   2    MAX(MPH)
                                 MISC ---->  # 35 300               # 42  290
================================================================================
NOTES:
# LAST OF SEVERAL OCCURRENCES

COLUMN 17 PEAK WIND IN M.P.H.

PRELIMINARY LOCAL CLIMATOLOGICAL DATA (WS FORM: F-6) , PAGE 2

                                          STATION:  HETTINGER ND
                                          MONTH:    SEPTEMBER
                                          YEAR:     2014
                                          LATITUDE:   46  0 N
                                          LONGITUDE: 102 39 W

[TEMPERATURE DATA]      [PRECIPITATION DATA]       SYMBOLS USED IN COLUMN 16

AVERAGE MONTHLY: 55.9   TOTAL FOR MONTH:   0.71    1 = FOG OR MIST
DPTR FM NORMAL:  -0.6   DPTR FM NORMAL:   -0.92    2 = FOG REDUCING VISIBILITY
HIGHEST:    93 ON 26    GRTST 24HR  0.59 ON 29-30      TO 1/4 MILE OR LESS
LOWEST:     25 ON 12                               3 = THUNDER
                        SNOW, ICE PELLETS, HAIL    4 = ICE PELLETS
                        TOTAL MONTH:    M          5 = HAIL
                        GRTST 24HR    M  ON   M    6 = FREEZING RAIN OR DRIZZLE
                        GRTST DEPTH:  M  ON   M    7 = DUSTSTORM OR SANDSTORM:
                                                       VSBY 1/2 MILE OR LESS
                                                   8 = SMOKE OR HAZE
[NO. OF DAYS WITH]      [WEATHER - DAYS WITH]      9 = BLOWING SNOW
                                                   X = TORNADO
MAX 32 OR BELOW:   0    0.01 INCH OR MORE:   4
MAX 90 OR ABOVE:   2    0.10 INCH OR MORE:   2
MIN 32 OR BELOW:   4    0.50 INCH OR MORE:   1
MIN  0 OR BELOW:   0    1.00 INCH OR MORE:   0

[HDD (BASE 65) ]
TOTAL THIS MO.   278    CLEAR  (SCALE 0-3)  23
DPTR FM NORMAL    -3    PTCLDY (SCALE 4-7)   2
TOTAL FM JUL 1   395    CLOUDY (SCALE 8-10)  5
DPTR FM NORMAL    24

[CDD (BASE 65) ]
TOTAL THIS MO.    13
DPTR FM NORMAL   -14    [PRESSURE DATA]
TOTAL FM JAN 1   241    HIGHEST SLP M ON M
DPTR FM NORMAL  -135    LOWEST  SLP 29.36 ON 30

[REMARKS]
#FINAL-09-14#




U.S. Dept. of Commerce
NOAA National Weather Service
1325 East West Highway
Silver Spring, MD 20910
E-mail: w-nws.webmaster@noaa.gov
Page last modified: May 16, 2007
NATIONAL WEATHER SERVICE: for Safety, for Work, for Fun - FOR LIFE