542
CXUS54 KEWX 010910
CF6HDO
PRELIMINARY LOCAL CLIMATOLOGICAL DATA (WS FORM: F-6)

                                          STATION:   HONDO
                                          MONTH:     NOVEMBER
                                          YEAR:      2014
                                          LATITUDE:   29 21 N
                                          LONGITUDE:  99 10 W

  TEMPERATURE IN F:       :PCPN:    SNOW:  WIND      :SUNSHINE: SKY     :PK WND
================================================================================
1   2   3   4   5  6A  6B    7    8   9   10  11  12  13   14  15   16   17  18
                                     12Z  AVG MX 2MIN
DY MAX MIN AVG DEP HDD CDD  WTR  SNW DPTH SPD SPD DIR MIN PSBL S-S WX    SPD DR
================================================================================

 1  66  42  54 -12  11   0 0.00    M    M  8.6 16  70   M    M   0        19  70
 2  72  45  59  -6   6   0 0.00    M    M 11.8 22 150   M    M   5        27 140
 3  73  61  67   2   0   2    T    M    M 12.0 22 160   M    M  10        29 150
 4  75  53  64  -1   1   0 0.91    M    M 11.7 26  20   M    M   9 1      33  20
 5  54  52  53 -11  12   0 1.51    M    M 13.1 21  30   M    M  10 1      26  30
 6  61  52  57  -7   8   0 0.09    M    M  9.9 22  50   M    M   9 1      30  60
 7  65  48  57  -7   8   0    T    M    M  6.6 16 270   M    M   6        20 270
 8  75  45  60  -3   5   0 0.00    M    M  7.2 21  30   M    M   2        26  40
 9  69  36  53 -10  12   0 0.00    M    M  5.2 14 240   M    M   0        17 210
10  71  38  55  -7  10   0 0.00    M    M  5.5 16 200   M    M   0        21 220
11  60  37  49 -13  16   0 0.00    M    M 11.2 29  20   M    M   2 8      35  20
12  49  34  42 -20  23   0 0.00    M    M 13.6 21  30   M    M   7        25  40
13  41  31  36 -25  29   0 0.00    M    M 13.3 23  20   M    M  10        34 350
14  41  32  37 -24  28   0 0.00    M    M  7.2 14  50   M    M   9        27 360
15  45  32  39 -21  26   0    T    M    M  4.7  8 120   M    M   9 18     11 110
16  58  30  44 -16  21   0 0.00    M    M  8.6 32 360   M    M   9 18     38 360
17  52  25  39 -21  26   0 0.00    M    M 10.7 20 360   M    M   1 8      25  10
18  51  23  37 -22  28   0 0.00    M    M  5.5 15 170   M    M   2        17 170
19  63  27  45 -14  20   0 0.00    M    M  5.2 17 230   M    M   1        21 220
20  61  37  49  -9  16   0    T    M    M  4.4 10 150   M    M   8 18     11 140
21  70  57  64   6   1   0    T    M    M  9.9 21 140   M    M  10 128    25 130
22  74  48  61   3   4   0 0.21    M    M 12.3 30 300   M    M   7 138    38 300
23  78  38  58   1   7   0 0.00    M    M  9.0 25 260   M    M   0 18     32 280
24  67  37  52  -5  13   0 0.00    M    M  7.6 23  20   M    M   0        28  10
25  67  34  51  -6  14   0 0.00    M    M  7.5 17 260   M    M   0        22 230
26  75  32  54  -2  11   0 0.00    M    M  7.1 15 260   M    M   0        20 240
27  67  39  53  -3  12   0 0.00    M    M  9.2 21  70   M    M   0        26  80
28  71  38  55  -1  10   0 0.00    M    M  5.6 17 230   M    M   3 18     23 210
29  78  39  59   4   6   0 0.00    M    M  7.8 21 190   M    M   4 12     26 190
30  78  62  70  15   0   5 0.00  0.0    0  9.1 15 190   M    M   7 1      19 150
================================================================================
SM 1927 1204       384   7  2.72     0.0 261.1          M      140
================================================================================
AV 64.2 40.1                               8.7 FASTST   M    M   5    MAX(MPH)
                                 MISC ---->  # 32 360               # 38  360
================================================================================
NOTES:
# LAST OF SEVERAL OCCURRENCES

COLUMN 17 PEAK WIND IN M.P.H.

PRELIMINARY LOCAL CLIMATOLOGICAL DATA (WS FORM: F-6) , PAGE 2

                                          STATION:  HONDO
                                          MONTH:    NOVEMBER
                                          YEAR:     2014
                                          LATITUDE:   29 21 N
                                          LONGITUDE:  99 10 W

[TEMPERATURE DATA]      [PRECIPITATION DATA]       SYMBOLS USED IN COLUMN 16

AVERAGE MONTHLY: 52.2   TOTAL FOR MONTH:   2.72    1 = FOG OR MIST
DPTR FM NORMAL:  -8.1   DPTR FM NORMAL:    1.14    2 = FOG REDUCING VISIBILITY
HIGHEST:    78 ON 30,29 GRTST 24HR  2.20 ON  4- 5      TO 1/4 MILE OR LESS
LOWEST:     23 ON 18                               3 = THUNDER
                        SNOW, ICE PELLETS, HAIL    4 = ICE PELLETS
                        TOTAL MONTH:   0.0 INCH    5 = HAIL
                        GRTST 24HR     0.0         6 = FREEZING RAIN OR DRIZZLE
                        GRTST DEPTH:   0           7 = DUSTSTORM OR SANDSTORM:
                                                       VSBY 1/2 MILE OR LESS
                                                   8 = SMOKE OR HAZE
[NO. OF DAYS WITH]      [WEATHER - DAYS WITH]      9 = BLOWING SNOW
                                                   X = TORNADO
MAX 32 OR BELOW:   0    0.01 INCH OR MORE:   4
MAX 90 OR ABOVE:   0    0.10 INCH OR MORE:   3
MIN 32 OR BELOW:   8    0.50 INCH OR MORE:   2
MIN  0 OR BELOW:   0    1.00 INCH OR MORE:   1

[HDD (BASE 65) ]
TOTAL THIS MO.   384    CLEAR  (SCALE 0-3)  14
DPTR FM NORMAL   191    PTCLDY (SCALE 4-7)   6
TOTAL FM JUL 1   390    CLOUDY (SCALE 8-10) 10
DPTR FM NORMAL   161

[CDD (BASE 65) ]
TOTAL THIS MO.     7
DPTR FM NORMAL   -44    [PRESSURE DATA]
TOTAL FM JAN 1  3142    HIGHEST SLP 30.56 ON 18
DPTR FM NORMAL   224    LOWEST  SLP 29.56 ON 23

[REMARKS]
#FINAL-11-14#




U.S. Dept. of Commerce
NOAA National Weather Service
1325 East West Highway
Silver Spring, MD 20910
E-mail: w-nws.webmaster@noaa.gov
Page last modified: May 16, 2007
NATIONAL WEATHER SERVICE: for Safety, for Work, for Fun - FOR LIFE