798
CXUS54 KEWX 300910
CF6HDO
PRELIMINARY LOCAL CLIMATOLOGICAL DATA (WS FORM: F-6)

                                          STATION:   HONDO
                                          MONTH:     JANUARY
                                          YEAR:      2015
                                          LATITUDE:   29 21 N
                                          LONGITUDE:  99 10 W

  TEMPERATURE IN F:       :PCPN:    SNOW:  WIND      :SUNSHINE: SKY     :PK WND
================================================================================
1   2   3   4   5  6A  6B    7    8   9   10  11  12  13   14  15   16   17  18
                                     12Z  AVG MX 2MIN
DY MAX MIN AVG DEP HDD CDD  WTR  SNW DPTH SPD SPD DIR MIN PSBL S-S WX    SPD DR
================================================================================

 1  42  34  38 -13  27   0 0.03    M    M  6.2 12  30   M    M  10 13     15  30
 2  42  40  41  -9  24   0 0.20    M    M  6.7 18  70   M    M  10 13     21  70
 3  64  36  50   0  15   0    T    M    M  5.9 13 290   M    M   4 3      16 290
 4  60  32  46  -4  19   0 0.00    M    M  9.6 20  30   M    M   0        23  20
 5  53  24  39 -12  26   0 0.00    M    M  4.2 12  80   M    M   0        15  50
 6  65  32  49  -2  16   0 0.00    M    M  4.2 12 240   M    M   0        16 240
 7  58  35  47  -4  18   0 0.00    M    M 15.4 29  30   M    M   5        36  30
 8  42  29  36 -15  29   0 0.00    M    M  7.8 20  30   M    M   5        24  30
 9  41  33  37 -14  28   0 0.05    M    M  9.8 21  10   M    M  10 1      25  40
10  37  32  35 -16  30   0 0.03    M    M  6.2 13  20   M    M  10 16     15  20
11  48  33  41 -10  24   0    T    M    M  2.8 10 270   M    M   6 12     12 260
12  65  31  48  -3  17   0 0.00    M    M 11.6 23  30   M    M   5 12     29  30
13  46  37  42  -9  23   0 0.00    M    M  9.8 18  10   M    M  10        23  20
14  42  38  40 -11  25   0    T    M    M  5.2  9  30   M    M  10 1      11  30
15  61  35  48  -3  17   0 0.00    M    M  5.7 14 350   M    M   3        20 340
16  64  30  47  -4  18   0 0.00    M    M  5.2 12 220   M    M   2        14 210
17  73  31  52   1  13   0 0.00    M    M  5.9 15 260   M    M   0        18 260
18  71  35  53   2  12   0 0.00    M    M  5.7 15  10   M    M   0        17 190
19  76  30  53   2  12   0 0.00    M    M  7.2 13 200   M    M   0        16 220
20  85  36  61  10   4   0 0.00    M    M  5.8 14 250   M    M   0        19 250
21  61  49  55   4  10   0 0.22    M    M 10.8 22  80   M    M   6 18     26  90
22  57  42  50  -1  15   0 1.03    M    M 15.0 26  20   M    M  10 3      35  20
23  48  32  40 -11  25   0 0.13    M    M 10.2 22 360   M    M   8 1      27 360
24  63  30  47  -5  18   0 0.00    M    M  5.8 25 310   M    M   0        32 330
25  73  33  53   1  12   0 0.00    M    M  4.3 15 350   M    M   0        27 290
26  74  36  55   3  10   0 0.00    M    M  6.5 14 240   M    M   0        28 310
27  80  37  59   7   6   0 0.00    M    M  5.4 10 350   M    M   0        24 210
28  81  41  61   9   4   0 0.00    M    M  7.4 17 170   M    M   0        21 170
29  70  45  58   6   7   0 0.00  0.0    0  5.9 14  40   M    M   5 12     18  50
================================================================================
SM 1742 1008       504   0  1.69     0.0 212.2          M      119
================================================================================
AV 60.1 34.8                               7.3 FASTST   M    M   4    MAX(MPH)
                                 MISC ---->  # 29  30               # 36   30
================================================================================
NOTES:
# LAST OF SEVERAL OCCURRENCES

COLUMN 17 PEAK WIND IN M.P.H.

PRELIMINARY LOCAL CLIMATOLOGICAL DATA (WS FORM: F-6) , PAGE 2

                                          STATION:  HONDO
                                          MONTH:    JANUARY
                                          YEAR:     2015
                                          LATITUDE:   29 21 N
                                          LONGITUDE:  99 10 W

[TEMPERATURE DATA]      [PRECIPITATION DATA]       SYMBOLS USED IN COLUMN 16

AVERAGE MONTHLY: 47.4   TOTAL FOR MONTH:   1.69    1 = FOG OR MIST
DPTR FM NORMAL:  -3.7   DPTR FM NORMAL:    0.40    2 = FOG REDUCING VISIBILITY
HIGHEST:    85 ON 20    GRTST 24HR  1.25 ON 21-22      TO 1/4 MILE OR LESS
LOWEST:     24 ON  5                               3 = THUNDER
                        SNOW, ICE PELLETS, HAIL    4 = ICE PELLETS
                        TOTAL MONTH:   0.0 INCH    5 = HAIL
                        GRTST 24HR     0.0         6 = FREEZING RAIN OR DRIZZLE
                        GRTST DEPTH:   0           7 = DUSTSTORM OR SANDSTORM:
                                                       VSBY 1/2 MILE OR LESS
                                                   8 = SMOKE OR HAZE
[NO. OF DAYS WITH]      [WEATHER - DAYS WITH]      9 = BLOWING SNOW
                                                   X = TORNADO
MAX 32 OR BELOW:   0    0.01 INCH OR MORE:   7
MAX 90 OR ABOVE:   0    0.10 INCH OR MORE:   4
MIN 32 OR BELOW:  11    0.50 INCH OR MORE:   1
MIN  0 OR BELOW:   0    1.00 INCH OR MORE:   1

[HDD (BASE 65) ]
TOTAL THIS MO.   504    CLEAR  (SCALE 0-3)  14
DPTR FM NORMAL    92    PTCLDY (SCALE 4-7)   7
TOTAL FM JUL 1  1209    CLOUDY (SCALE 8-10)  8
DPTR FM NORMAL   154

[CDD (BASE 65) ]
TOTAL THIS MO.     0
DPTR FM NORMAL     0    [PRESSURE DATA]
TOTAL FM JAN 1     0    HIGHEST SLP M ON M
DPTR FM NORMAL     0    LOWEST  SLP 29.84 ON 20

[REMARKS]




U.S. Dept. of Commerce
NOAA National Weather Service
1325 East West Highway
Silver Spring, MD 20910
E-mail: w-nws.webmaster@noaa.gov
Page last modified: May 16, 2007
NATIONAL WEATHER SERVICE: for Safety, for Work, for Fun - FOR LIFE