586
CXUS53 KGID 270730
CF6HDE
PRELIMINARY LOCAL CLIMATOLOGICAL DATA (WS FORM: F-6)

                                          STATION:   HOLDREGE
                                          MONTH:     NOVEMBER
                                          YEAR:      2014
                                          LATITUDE:   40 27 N
                                          LONGITUDE:  99 20 W

  TEMPERATURE IN F:       :PCPN:    SNOW:  WIND      :SUNSHINE: SKY     :PK WND
================================================================================
1   2   3   4   5  6A  6B    7    8   9   10  11  12  13   14  15   16   17  18
                                     12Z  AVG MX 2MIN
DY MAX MIN AVG DEP HDD CDD  WTR  SNW DPTH SPD SPD DIR MIN PSBL S-S WX    SPD DR
================================================================================

 1  53  28  41  -4  24   0 0.00    M    M 18.5 27 170   M    M   0        36 180
 2  68  41  55  10  10   0 0.00    M    M 15.7 20 170   M    M   0        27 190
 3  64  34  49   5  16   0 0.00    M    M 11.1 22 320   M    M   3        31 320
 4  61  30  46   2  19   0 0.00    M    M  4.3 17 270   M    M   0        22 270
 5  68  38  53  10  12   0 0.00    M    M 10.0 23 320   M    M   0        31 320
 6  57  32  45   2  20   0 0.00    M    M  2.2 12 190   M    M   0         M  M
 7  71  37  54  12  11   0 0.00    M    M 10.3 27 350   M    M   0        35 350
 8  58  33  46   4  19   0 0.00    M    M  6.8 16 350   M    M   0        27 350
 9  70  34  52  11  13   0 0.00    M    M  1.3  9 180   M    M   0         M  M
10  53  20  37  -4  28   0    T    M    M 18.0 36  10   M    M   6        44 360
11  24  11  18 -22  47   0 0.00    M    M 17.1 28 350   M    M   4        35 350
12  22   8  15 -25  50   0 0.00    M    M 15.6 24 330   M    M   3        30 340
13  25   4  15 -24  50   0 0.00    M    M  3.8 10 340   M    M   0         M  M
14  30   9  20 -19  45   0 0.00    M    M  7.2 16 150   M    M   8        25 180
15  28  10  19 -19  46   0    M    M    M 10.8 21 350   M    M   8        28 350
16  34   2  18 -20  47   0 0.00    M    M  7.4 18 350   M    M   0        29 350
17  24   2  13 -24  52   0 0.00    M    M  6.5 23 320   M    M   4        31 320
18  48   6  27 -10  38   0 0.00    M    M  0.4  9 220   M    M   0         M  M
19  38  15  27  -9  38   0 0.00    M    M  1.9 10 340   M    M   3        16 340
20  40  13  27  -9  38   0 0.00    M    M  4.6  8 130   M    M   1         M  M
21  49  21  35   0  30   0 0.00    M    M  7.2 12 180   M    M   1         M  M
22  59  24  42   7  23   0 0.00    M    M  7.3 14 170   M    M   1 1      18 180
23  51  32  42   8  23   0    T    M    M 14.5 27 350   M    M   4 1      39 360
24  44  22  33  -1  32   0 0.00    M    M 12.9 23 320   M    M   2        30 320
25  46  21  34   1  31   0 0.00    M    M  9.1 20 220   M    M   4        25 220
26  40  18  29  -4  36   0 0.00    M    M 13.0 23 330   M    M   6        37 340
================================================================================
SM 1225  545       798   0    T     M    237.5          M       58
================================================================================
AV 47.1 21.0                               9.1 FASTST   M    M   2    MAX(MPH)
                                 MISC ---->    36   M                 44    M
================================================================================
NOTES:
# LAST OF SEVERAL OCCURRENCES

COLUMN 17 PEAK WIND IN M.P.H.

PRELIMINARY LOCAL CLIMATOLOGICAL DATA (WS FORM: F-6) , PAGE 2

                                          STATION:  HOLDREGE
                                          MONTH:    NOVEMBER
                                          YEAR:     2014
                                          LATITUDE:   40 27 N
                                          LONGITUDE:  99 20 W

[TEMPERATURE DATA]      [PRECIPITATION DATA]       SYMBOLS USED IN COLUMN 16

AVERAGE MONTHLY: 34.0   TOTAL FOR MONTH:      T    1 = FOG OR MIST
DPTR FM NORMAL:  -5.0   DPTR FM NORMAL:   -0.94    2 = FOG REDUCING VISIBILITY
HIGHEST:    71 ON  7    GRTST 24HR    T  ON 23-23      TO 1/4 MILE OR LESS
LOWEST:      2 ON 17,16                            3 = THUNDER
                        SNOW, ICE PELLETS, HAIL    4 = ICE PELLETS
                        TOTAL MONTH:    M          5 = HAIL
                        GRTST 24HR    M  ON   M    6 = FREEZING RAIN OR DRIZZLE
                        GRTST DEPTH:  M  ON   M    7 = DUSTSTORM OR SANDSTORM:
                                                       VSBY 1/2 MILE OR LESS
                                                   8 = SMOKE OR HAZE
[NO. OF DAYS WITH]      [WEATHER - DAYS WITH]      9 = BLOWING SNOW
                                                   X = TORNADO
MAX 32 OR BELOW:   6    0.01 INCH OR MORE:   0
MAX 90 OR ABOVE:   0    0.10 INCH OR MORE:   0
MIN 32 OR BELOW:  20    0.50 INCH OR MORE:   0
MIN  0 OR BELOW:   0    1.00 INCH OR MORE:   0

[HDD (BASE 65) ]
TOTAL THIS MO.   798    CLEAR  (SCALE 0-3)  16
DPTR FM NORMAL   122    PTCLDY (SCALE 4-7)  10
TOTAL FM JUL 1  1260    CLOUDY (SCALE 8-10)  0
DPTR FM NORMAL    45

[CDD (BASE 65) ]
TOTAL THIS MO.     0
DPTR FM NORMAL     0    [PRESSURE DATA]
TOTAL FM JAN 1   898    HIGHEST SLP M ON M
DPTR FM NORMAL   -16    LOWEST  SLP M ON M

[REMARKS]




U.S. Dept. of Commerce
NOAA National Weather Service
1325 East West Highway
Silver Spring, MD 20910
E-mail: w-nws.webmaster@noaa.gov
Page last modified: May 16, 2007
NATIONAL WEATHER SERVICE: for Safety, for Work, for Fun - FOR LIFE