586
CXUS53 KGID 310730
CF6HDE
PRELIMINARY LOCAL CLIMATOLOGICAL DATA (WS FORM: F-6)

                                          STATION:   HOLDREGE
                                          MONTH:     JANUARY
                                          YEAR:      2015
                                          LATITUDE:   40 27 N
                                          LONGITUDE:  99 20 W

  TEMPERATURE IN F:       :PCPN:    SNOW:  WIND      :SUNSHINE: SKY     :PK WND
================================================================================
1   2   3   4   5  6A  6B    7    8   9   10  11  12  13   14  15   16   17  18
                                     12Z  AVG MX 2MIN
DY MAX MIN AVG DEP HDD CDD  WTR  SNW DPTH SPD SPD DIR MIN PSBL S-S WX    SPD DR
================================================================================

 1  28   6  17  -9  48   0 0.00    M    M  4.4  7 220   M    M   1         M  M
 2  31   7  19  -7  46   0 0.00    M    M  2.6  7 200   M    M   0         M  M
 3  33   8  21  -5  44   0    M    M    M 15.4 31 350   M    M   5        45 350
 4  12  -2   5 -21  60   0    T    M    M  7.6 22 340   M    M   3 8      29 340
 5  26   4  15 -11  50   0 0.00    M    M  9.9 21 220   M    M   5        28 210
 6  24   7  16 -10  49   0    T    M    M  9.0 29  10   M    M   4        37 360
 7  14   2   8 -18  57   0    T    M    M 12.7 22 360   M    M   4        28 360
 8  43   7  25  -1  40   0 0.00    M    M 17.1 30 350   M    M   2        39 360
 9  22   6  14 -12  51   0 0.00    M    M  8.5 17 340   M    M   0        32 340
10  40  11  26   0  39   0 0.00    M    M  9.1 18 220   M    M   0        28 210
11  33  13  23  -3  42   0 0.00    M    M  8.9 20  20   M    M   2        25  20
12  22  13  18  -8  47   0 0.00    M    M 11.7 18  10   M    M   7        23  10
13  25   9  17  -9  48   0 0.00    M    M  8.0 10 210   M    M   7         M  M
14  41  14  28   2  37   0 0.00    M    M  6.3  9 220   M    M   1         M  M
15  49  21  35   9  30   0 0.00    M    M  8.0 14 290   M    M   0        17 290
16  57  28  43  17  22   0 0.00    M    M  6.9 12 250   M    M   0         M  M
17  51  33  42  16  23   0 0.00    M    M 14.5 25 320   M    M   0        40 320
18  55  22  39  13  26   0 0.00    M    M  8.6 17 310   M    M   0        23 310
19  57  32  45  19  20   0 0.00    M    M  8.6 16 340   M    M   0        24 340
20  49  27  38  12  27   0 0.00    M    M  8.4 13 320   M    M   2        20 320
21  43  21  32   6  33   0 0.00    M    M  8.6 12 360   M    M   3        18 310
22  41  18  30   4  35   0 0.00    M    M  6.2  9 180   M    M   1         M  M
23  49  19  34   8  31   0 0.00    M    M 10.4 15 320   M    M   3        22 350
24  56  28  42  16  23   0 0.00    M    M 15.0 24 320   M    M   3        32 320
25  47  29  38  12  27   0 0.00    M    M 16.2 29 340   M    M   5        39 320
26  68  33  51  25  14   0 0.00    M    M 10.4 20 310   M    M   0        29 310
27  67  31  49  23  16   0 0.00    M    M  4.1 10 250   M    M   0         M  M
28  68  29  49  23  16   0 0.00    M    M 13.1 24 310   M    M   0        35 310
29  45  20  33   7  32   0 0.00    M    M 13.9 27 350   M    M   4        39 350
30  44  19  32   6  33   0    T    M    M  9.9 18 180   M    M   5        23 190
================================================================================
SM 1240  515      1066   0    T     M    294.0          M       67
================================================================================
AV 41.3 17.2                               9.8 FASTST   M    M   2    MAX(MPH)
                                 MISC ---->    31   M                 45    M
================================================================================
NOTES:
# LAST OF SEVERAL OCCURRENCES

COLUMN 17 PEAK WIND IN M.P.H.

PRELIMINARY LOCAL CLIMATOLOGICAL DATA (WS FORM: F-6) , PAGE 2

                                          STATION:  HOLDREGE
                                          MONTH:    JANUARY
                                          YEAR:     2015
                                          LATITUDE:   40 27 N
                                          LONGITUDE:  99 20 W

[TEMPERATURE DATA]      [PRECIPITATION DATA]       SYMBOLS USED IN COLUMN 16

AVERAGE MONTHLY: 29.2   TOTAL FOR MONTH:      T    1 = FOG OR MIST
DPTR FM NORMAL:   3.2   DPTR FM NORMAL:   -0.47    2 = FOG REDUCING VISIBILITY
HIGHEST:    68 ON 28,26 GRTST 24HR    T  ON 30-30      TO 1/4 MILE OR LESS
LOWEST:     -2 ON  4                               3 = THUNDER
                        SNOW, ICE PELLETS, HAIL    4 = ICE PELLETS
                        TOTAL MONTH:    M          5 = HAIL
                        GRTST 24HR    M  ON   M    6 = FREEZING RAIN OR DRIZZLE
                        GRTST DEPTH:  M  ON   M    7 = DUSTSTORM OR SANDSTORM:
                                                       VSBY 1/2 MILE OR LESS
                                                   8 = SMOKE OR HAZE
[NO. OF DAYS WITH]      [WEATHER - DAYS WITH]      9 = BLOWING SNOW
                                                   X = TORNADO
MAX 32 OR BELOW:   9    0.01 INCH OR MORE:   0
MAX 90 OR ABOVE:   0    0.10 INCH OR MORE:   0
MIN 32 OR BELOW:  28    0.50 INCH OR MORE:   0
MIN  0 OR BELOW:   1    1.00 INCH OR MORE:   0

[HDD (BASE 65) ]
TOTAL THIS MO.  1066    CLEAR  (SCALE 0-3)  21
DPTR FM NORMAL  -117    PTCLDY (SCALE 4-7)   9
TOTAL FM JUL 1  3533    CLOUDY (SCALE 8-10)  0
DPTR FM NORMAL  -172

[CDD (BASE 65) ]
TOTAL THIS MO.     0
DPTR FM NORMAL     0    [PRESSURE DATA]
TOTAL FM JAN 1     0    HIGHEST SLP M ON M
DPTR FM NORMAL     0    LOWEST  SLP M ON M

[REMARKS]




U.S. Dept. of Commerce
NOAA National Weather Service
1325 East West Highway
Silver Spring, MD 20910
E-mail: w-nws.webmaster@noaa.gov
Page last modified: May 16, 2007
NATIONAL WEATHER SERVICE: for Safety, for Work, for Fun - FOR LIFE