814
CXUS53 KGID 280730
CF6HDE
PRELIMINARY LOCAL CLIMATOLOGICAL DATA (WS FORM: F-6)

                                          STATION:   HOLDREGE
                                          MONTH:     JULY
                                          YEAR:      2014
                                          LATITUDE:   40 27 N
                                          LONGITUDE:  99 20 W

  TEMPERATURE IN F:       :PCPN:    SNOW:  WIND      :SUNSHINE: SKY     :PK WND
================================================================================
1   2   3   4   5  6A  6B    7    8   9   10  11  12  13   14  15   16   17  18
                                     12Z  AVG MX 2MIN
DY MAX MIN AVG DEP HDD CDD  WTR  SNW DPTH SPD SPD DIR MIN PSBL S-S WX    SPD DR
================================================================================

 1  78  57  68  -6   0   3 0.00    M    M  8.2 18 320   M    M   0        25 330
 2  74  52  63 -11   2   0 0.00    M    M  7.1 10 320   M    M   0        16 350
 3  82  55  69  -5   0   4 0.00    M    M 11.1 18 150   M    M   3        24 150
 4  85  65  75   0   0  10 0.00    M    M 16.5 23 150   M    M   2        33 170
 5  91  66  79   4   0  14    T    M    M  5.5 16 170   M    M   0        21 190
 6  93  63  78   3   0  13 0.00    M    M  4.4 15  40   M    M   0        22  40
 7  86  63  75   0   0  10 0.00    M    M  8.0 16  50   M    M   1 3      23  20
 8  81  60  71  -4   0   6 0.00    M    M  8.0 14 330   M    M   2        21 360
 9  87  56  72  -3   0   7 0.05    M    M  9.7 21 120   M    M   1 3      30 110
10  86  64  75   0   0  10 0.58    M    M 14.7 32 190   M    M   2 3      47 190
11  95  68  82   7   0  17 0.00    M    M  8.8 15 160   M    M   2        21 160
12  81  67  74  -1   0   9 0.00    M    M  8.2 16  10   M    M   2        22  10
13  86  63  75   0   0  10 0.00    M    M  3.2  7 320   M    M   1 1       M  M
14  76  54  65 -10   0   0 0.02    M    M  6.5 15 360   M    M   1 3      25 360
15  73  48  61 -14   4   0 0.00    M    M  4.7  9  20   M    M   3         M  M
16  71  59  65 -10   0   0 0.00    M    M  6.0 13 120   M    M   7        17 140
17  73  51  62 -13   3   0 0.00    M    M  5.7 12 190   M    M   5 1      20 190
18  78  56  67  -8   0   2 0.00    M    M 11.1 18 180   M    M   7        24 180
19  78  62  70  -5   0   5 0.00    M    M  9.3 15 190   M    M   6 1      24 190
20  98  68  83   8   0  18 0.00    M    M 12.5 17 200   M    M   3        24 200
21 101  73  87  12   0  22 0.00    M    M  6.1 13 180   M    M   M        18 200
22  90  69  80   5   0  15 0.00    M    M  9.0 16  50   M    M   0        21  50
23  81  66  74  -1   0   9 0.00  0.0    0  8.6 16 110   M    M   1 3      21 110
24  94  63  79   4   0  14    T    M    M 15.3 23 150   M    M   0        31 170
25  92  71  82   7   0  17 0.00    M    M  7.0 14 190   M    M   0        21 170
26  92  68  80   5   0  15 0.00    M    M  6.2 13 360   M    M   0 1      17 360
27  85  62  74  -1   0   9 0.00    M    M  4.6 13  10   M    M   0        20 350
================================================================================
SM 2287 1669         9 239  0.65     0.0 226.0          M       49
================================================================================
AV 84.7 61.8                               8.4 FASTST   M    M   2    MAX(MPH)
                                 MISC ---->    32   M                 47    M
================================================================================
NOTES:
# LAST OF SEVERAL OCCURRENCES

COLUMN 17 PEAK WIND IN M.P.H.

PRELIMINARY LOCAL CLIMATOLOGICAL DATA (WS FORM: F-6) , PAGE 2

                                          STATION:  HOLDREGE
                                          MONTH:    JULY
                                          YEAR:     2014
                                          LATITUDE:   40 27 N
                                          LONGITUDE:  99 20 W

[TEMPERATURE DATA]      [PRECIPITATION DATA]       SYMBOLS USED IN COLUMN 16

AVERAGE MONTHLY: 73.3   TOTAL FOR MONTH:   0.65    1 = FOG OR MIST
DPTR FM NORMAL:  -1.6   DPTR FM NORMAL:   -2.98    2 = FOG REDUCING VISIBILITY
HIGHEST:   101 ON 21    GRTST 24HR  0.58 ON 10-10      TO 1/4 MILE OR LESS
LOWEST:     48 ON 15                               3 = THUNDER
                        SNOW, ICE PELLETS, HAIL    4 = ICE PELLETS
                        TOTAL MONTH:   0.0 INCH    5 = HAIL
                        GRTST 24HR     0.0         6 = FREEZING RAIN OR DRIZZLE
                        GRTST DEPTH:   0           7 = DUSTSTORM OR SANDSTORM:
                                                       VSBY 1/2 MILE OR LESS
                                                   8 = SMOKE OR HAZE
[NO. OF DAYS WITH]      [WEATHER - DAYS WITH]      9 = BLOWING SNOW
                                                   X = TORNADO
MAX 32 OR BELOW:   0    0.01 INCH OR MORE:   3
MAX 90 OR ABOVE:   9    0.10 INCH OR MORE:   1
MIN 32 OR BELOW:   0    0.50 INCH OR MORE:   1
MIN  0 OR BELOW:   0    1.00 INCH OR MORE:   0

[HDD (BASE 65) ]
TOTAL THIS MO.     9    CLEAR  (SCALE 0-3)  20
DPTR FM NORMAL     9    PTCLDY (SCALE 4-7)   6
TOTAL FM JUL 1     9    CLOUDY (SCALE 8-10)  0
DPTR FM NORMAL     9

[CDD (BASE 65) ]
TOTAL THIS MO.   239
DPTR FM NORMAL   -29    [PRESSURE DATA]
TOTAL FM JAN 1   523    HIGHEST SLP M ON M
DPTR FM NORMAL    20    LOWEST  SLP M ON M

[REMARKS]




U.S. Dept. of Commerce
NOAA National Weather Service
1325 East West Highway
Silver Spring, MD 20910
E-mail: w-nws.webmaster@noaa.gov
Page last modified: May 16, 2007
NATIONAL WEATHER SERVICE: for Safety, for Work, for Fun - FOR LIFE