944
CXUS54 KOUN 010800
CF6HBR
PRELIMINARY LOCAL CLIMATOLOGICAL DATA (WS FORM: F-6)

                                          STATION:   HOBART
                                          MONTH:     NOVEMBER
                                          YEAR:      2014
                                          LATITUDE:   35  0 N
                                          LONGITUDE:  99  3 W

  TEMPERATURE IN F:       :PCPN:    SNOW:  WIND      :SUNSHINE: SKY     :PK WND
================================================================================
1   2   3   4   5  6A  6B    7    8   9   10  11  12  13   14  15   16   17  18
                                     12Z  AVG MX 2MIN
DY MAX MIN AVG DEP HDD CDD  WTR  SNW DPTH SPD SPD DIR MIN PSBL S-S WX    SPD DR
================================================================================

 1  61  31  46 -10  19   0 0.00  0.0    0 14.3 24 170   M    M   0        30 170
 2  67  47  57   2   8   0 0.00  0.0    0 21.2 30 180   M    M   1        36 180
 3  66  54  60   5   5   0 0.54  0.0    0 17.5 29 180   M    M   8 13     36  10
 4  56  46  51  -3  14   0 0.72  0.0    0 11.2 28  20   M    M   5 13     34  20
 5  60  42  51  -3  14   0 0.00  0.0    0  4.3 13 210   M    M   0        14 210
 6  65  39  52  -2  13   0 0.00  0.0    0  7.8 17  60   M    M   0 18     21  60
 7  71  41  56   3   9   0 0.00  0.0    0 15.6 31 210   M    M   0        37 210
 8  66  44  55   2  10   0 0.00  0.0    0 13.0 28  30   M    M   0        33  30
 9  76  43  60   8   5   0 0.00  0.0    0 15.7 28 240   M    M   0        33 230
10  84  35  60   8   5   0 0.00    M    0 23.8 45  10   M    M   1 8      56  10
11  39  27  33 -18  32   0 0.00    M    0 20.3 41  10   M    M   1        51  10
12  28  21  25 -26  40   0 0.00    M    0 19.6 26  20   M    M   7        32  20
13  33  23  28 -22  37   0 0.00  0.0    0 12.0 25  10   M    M   5        30  10
14  37  25  31 -19  34   0 0.00  0.0    0  8.8 18 160   M    M   6        23 170
15  53  31  42  -8  23   0 0.00  0.0    0 16.4 30 190   M    M   1        36 190
16  38  13  26 -23  39   0 0.01    M    0 17.4 31  40   M    M   9 1268   38  40
17  36  13  25 -24  40   0 0.00  0.0    0  9.2 15 340   M    M   0        18 340
18  52  21  37 -11  28   0 0.00  0.0    0 13.0 22 220   M    M   0        27 220
19  60  26  43  -5  22   0 0.00  0.0    0  9.1 20 210   M    M   0        22 210
20  60  31  46  -1  19   0 0.00  0.0    0  9.0 14  70   M    M   0        16  70
21  57  38  48   1  17   0 0.00  0.0    0  6.4 15 210   M    M   4 1      20 220
22  58  49  54   8  11   0 1.02    M    0 11.0 29 150   M    M   8 123    35 150
23  61  39  50   4  15   0 0.01  0.0    0 18.0 41 350   M    M   6 1      49 330
24  59  31  45   0  20   0 0.00  0.0    0 10.1 23 320   M    M   0        28 320
25  53  33  43  -2  22   0 0.00  0.0    0 10.1 18 170   M    M   0        22 170
26  57  32  45   1  20   0 0.00  0.0    0 12.6 26  10   M    M   0        33  10
27  50  28  39  -5  26   0 0.00  0.0    0  9.3 20 190   M    M   0        22 190
28  68  38  53   9  12   0 0.00  0.0    0 19.1 26 210   M    M   0        30 210
29  74  44  59  16   6   0 0.00  0.0    0 19.8 30 210   M    M   0        36 190
30  67  26  47   4  18   0 0.00  0.0    0 18.7 32  40   M    M   0        39  40
================================================================================
SM 1712 1011       583   0  2.30     0.0 414.3          M       62
================================================================================
AV 57.1 33.7                              13.8 FASTST   M    M   2    MAX(MPH)
                                 MISC ---->  # 45  10               # 56   10
================================================================================
NOTES:
# LAST OF SEVERAL OCCURRENCES

COLUMN 17 PEAK WIND IN M.P.H.

PRELIMINARY LOCAL CLIMATOLOGICAL DATA (WS FORM: F-6) , PAGE 2

                                          STATION:  HOBART
                                          MONTH:    NOVEMBER
                                          YEAR:     2014
                                          LATITUDE:   35  0 N
                                          LONGITUDE:  99  3 W

[TEMPERATURE DATA]      [PRECIPITATION DATA]       SYMBOLS USED IN COLUMN 16

AVERAGE MONTHLY: 45.4   TOTAL FOR MONTH:   2.30    1 = FOG OR MIST
DPTR FM NORMAL:  -3.8   DPTR FM NORMAL:    0.79    2 = FOG REDUCING VISIBILITY
HIGHEST:    84 ON 10    GRTST 24HR  1.26 ON  3- 4      TO 1/4 MILE OR LESS
LOWEST:     13 ON 17,16                            3 = THUNDER
                        SNOW, ICE PELLETS, HAIL    4 = ICE PELLETS
                        TOTAL MONTH:   0.0 INCH    5 = HAIL
                        GRTST 24HR     0.0         6 = FREEZING RAIN OR DRIZZLE
                        GRTST DEPTH:   0           7 = DUSTSTORM OR SANDSTORM:
                                                       VSBY 1/2 MILE OR LESS
                                                   8 = SMOKE OR HAZE
[NO. OF DAYS WITH]      [WEATHER - DAYS WITH]      9 = BLOWING SNOW
                                                   X = TORNADO
MAX 32 OR BELOW:   1    0.01 INCH OR MORE:   5
MAX 90 OR ABOVE:   0    0.10 INCH OR MORE:   3
MIN 32 OR BELOW:  15    0.50 INCH OR MORE:   3
MIN  0 OR BELOW:   0    1.00 INCH OR MORE:   1

[HDD (BASE 65) ]
TOTAL THIS MO.   583    CLEAR  (SCALE 0-3)  21
DPTR FM NORMAL   107    PTCLDY (SCALE 4-7)   7
TOTAL FM JUL 1   669    CLOUDY (SCALE 8-10)  2
DPTR FM NORMAL     7

[CDD (BASE 65) ]
TOTAL THIS MO.     0
DPTR FM NORMAL    -4    [PRESSURE DATA]
TOTAL FM JAN 1  2245    HIGHEST SLP M ON M
DPTR FM NORMAL   177    LOWEST  SLP 29.31 ON 23

[REMARKS]
#FINAL-11-14#




U.S. Dept. of Commerce
NOAA National Weather Service
1325 East West Highway
Silver Spring, MD 20910
E-mail: w-nws.webmaster@noaa.gov
Page last modified: May 16, 2007
NATIONAL WEATHER SERVICE: for Safety, for Work, for Fun - FOR LIFE