710
CXUS54 KOUN 190800
CF6HBR
PRELIMINARY LOCAL CLIMATOLOGICAL DATA (WS FORM: F-6)

                                          STATION:   HOBART
                                          MONTH:     SEPTEMBER
                                          YEAR:      2014
                                          LATITUDE:   35  0 N
                                          LONGITUDE:  99  3 W

  TEMPERATURE IN F:       :PCPN:    SNOW:  WIND      :SUNSHINE: SKY     :PK WND
================================================================================
1   2   3   4   5  6A  6B    7    8   9   10  11  12  13   14  15   16   17  18
                                     12Z  AVG MX 2MIN
DY MAX MIN AVG DEP HDD CDD  WTR  SNW DPTH SPD SPD DIR MIN PSBL S-S WX    SPD DR
================================================================================

 1 100  72  86   7   0  21 0.29  0.0    M 19.6 33 260   M    M   0 38     45 270
 2  98  75  87   8   0  22    T  0.0    0 14.3 28 170   M    M   0 3      34 180
 3  98  75  87   9   0  22 0.00  0.0    0 16.7 24 190   M    M   0        36 170
 4  97  74  86   8   0  21 0.00  0.0    0 18.1 30 190   M    M   0        44 220
 5  96  63  80   2   0  15 0.01  0.0    0 14.3 32  20   M    M   1        42  10
 6  69  60  65 -13   0   0 0.91  0.0    0 12.5 24  50   M    M   9 1      28  50
 7  82  60  71  -6   0   6 0.00  0.0    0  5.9 15  60   M    M   2 1      18  70
 8  90  65  78   1   0  13 0.00  0.0    0 11.8 22 200   M    M   3 1      28 190
 9  98  72  85   9   0  20 0.00  0.0    0 18.4 31 200   M    M   0        38 190
10  86  67  77   1   0  12    T  0.0    0 15.7 26  20   M    M   2 3      32  10
11  75  62  69  -7   0   4 0.00  0.0    0 15.0 24  40   M    M   5        29  30
12  67  53  60 -15   5   0 0.06  0.0    0 20.2 29  30   M    M  10 1      35  40
13  69  50  60 -15   5   0 0.00  0.0    0  8.9 22  40   M    M   4        27  50
14  74  57  66  -8   0   1    T  0.0    0 11.2 20 210   M    M   3        24 200
15  88  67  78   4   0  13    T  0.0    0  9.7 17 210   M    M   6        22 220
16  90  67  79   5   0  14 0.00  0.0    0  7.2 17 220   M    M   5        21 210
17  92  68  80   7   0  15 0.00  0.0    0 10.2 18 260   M    M   0 1      24 230
18  84  68  76   3   0  11 0.00  0.0    0  9.1 25  80   M    M   1        33  70
================================================================================
SM 1553 1175        10 210  1.27     0.0 238.8          M       51
================================================================================
AV 86.3 65.3                              13.3 FASTST   M    M   3    MAX(MPH)
                                 MISC ---->  # 33 260               # 45  270
================================================================================
NOTES:
# LAST OF SEVERAL OCCURRENCES

COLUMN 17 PEAK WIND IN M.P.H.

PRELIMINARY LOCAL CLIMATOLOGICAL DATA (WS FORM: F-6) , PAGE 2

                                          STATION:  HOBART
                                          MONTH:    SEPTEMBER
                                          YEAR:     2014
                                          LATITUDE:   35  0 N
                                          LONGITUDE:  99  3 W

[TEMPERATURE DATA]      [PRECIPITATION DATA]       SYMBOLS USED IN COLUMN 16

AVERAGE MONTHLY: 75.8   TOTAL FOR MONTH:   1.27    1 = FOG OR MIST
DPTR FM NORMAL:  -0.3   DPTR FM NORMAL:   -0.60    2 = FOG REDUCING VISIBILITY
HIGHEST:   100 ON  1    GRTST 24HR  0.92 ON  5- 6      TO 1/4 MILE OR LESS
LOWEST:     50 ON 13                               3 = THUNDER
                        SNOW, ICE PELLETS, HAIL    4 = ICE PELLETS
                        TOTAL MONTH:   0.0 INCH    5 = HAIL
                        GRTST 24HR     0.0         6 = FREEZING RAIN OR DRIZZLE
                        GRTST DEPTH:   0           7 = DUSTSTORM OR SANDSTORM:
                                                       VSBY 1/2 MILE OR LESS
                                                   8 = SMOKE OR HAZE
[NO. OF DAYS WITH]      [WEATHER - DAYS WITH]      9 = BLOWING SNOW
                                                   X = TORNADO
MAX 32 OR BELOW:   0    0.01 INCH OR MORE:   4
MAX 90 OR ABOVE:   9    0.10 INCH OR MORE:   2
MIN 32 OR BELOW:   0    0.50 INCH OR MORE:   1
MIN  0 OR BELOW:   0    1.00 INCH OR MORE:   0

[HDD (BASE 65) ]
TOTAL THIS MO.    10    CLEAR  (SCALE 0-3)  10
DPTR FM NORMAL     7    PTCLDY (SCALE 4-7)   6
TOTAL FM JUL 1    11    CLOUDY (SCALE 8-10)  2
DPTR FM NORMAL     8

[CDD (BASE 65) ]
TOTAL THIS MO.   210
DPTR FM NORMAL     3    [PRESSURE DATA]
TOTAL FM JAN 1  1991    HIGHEST SLP M ON M
DPTR FM NORMAL    64    LOWEST  SLP 29.72 ON  1

[REMARKS]




U.S. Dept. of Commerce
NOAA National Weather Service
1325 East West Highway
Silver Spring, MD 20910
E-mail: w-nws.webmaster@noaa.gov
Page last modified: May 16, 2007
NATIONAL WEATHER SERVICE: for Safety, for Work, for Fun - FOR LIFE