995
CXUS54 KOUN 290800
CF6HBR
PRELIMINARY LOCAL CLIMATOLOGICAL DATA (WS FORM: F-6)

                                          STATION:   HOBART
                                          MONTH:     JULY
                                          YEAR:      2014
                                          LATITUDE:   35  0 N
                                          LONGITUDE:  99  3 W

  TEMPERATURE IN F:       :PCPN:    SNOW:  WIND      :SUNSHINE: SKY     :PK WND
================================================================================
1   2   3   4   5  6A  6B    7    8   9   10  11  12  13   14  15   16   17  18
                                     12Z  AVG MX 2MIN
DY MAX MIN AVG DEP HDD CDD  WTR  SNW DPTH SPD SPD DIR MIN PSBL S-S WX    SPD DR
================================================================================

 1  86  71  79  -3   0  14    T  0.0    0 12.4 33  20   M    M   1        40  20
 2  83  67  75  -7   0  10    T  0.0    0  9.2 21  60   M    M   3 3      24  50
 3  86  66  76  -6   0  11    T  0.0    0  8.9 17 130   M    M   4        22 170
 4  94  64  79  -3   0  14 0.00  0.0    0 10.4 22 140   M    M   1 1      25 150
 5  97  71  84   2   0  19 0.00  0.0    0 15.2 26 220   M    M   1 18     31 220
 6  99  73  86   3   0  21 0.00  0.0    0 15.5 25 220   M    M   0        33 200
 7 102  71  87   4   0  22 0.00  0.0    0 11.5 20 200   M    M   0 8      26 200
 8  98  71  85   2   0  20 0.00  0.0    0  9.6 20  50   M    M   0 8      24 360
 9  95  70  83   0   0  18 0.01  0.0    0 13.0 21 120   M    M   1        25 150
10 100  74  87   4   0  22 0.00  0.0    0 12.7 23 200   M    M   0        30 190
11  96  74  85   2   0  20 0.00  0.0    0 15.5 24 190   M    M   1        32 160
12 100  73  87   4   0  22 0.00  0.0    0 15.0 28 200   M    M   0        35 190
13 103  68  86   3   0  21    T  0.0    0  9.4 20 240   M    M   2        25 240
14  96  71  84   1   0  19 0.69  0.0    0  7.0 39  60   M    M   1 138    52  60
15  84  67  76  -7   0  11 0.02  0.0    0 12.2 17  40   M    M   4        21  80
16  78  60  69 -15   0   4 0.90  0.0    0 11.7 24  90   M    M   7 13     32  80
17  67  60  64 -20   1   0 0.58  0.0    0  9.2 17  80   M    M   9 13     21  80
18  74  61  68 -16   0   3 0.01  0.0    0  5.1 13  90   M    M   6 1      14 120
19  84  59  72 -12   0   7 0.00  0.0    0  9.1 16 170   M    M   5 12     21 170
20  96  65  81  -3   0  16 0.00  0.0    0 13.9 21 180   M    M   0 1      26 210
21  98  73  86   2   0  21 0.00  0.0    0 12.7 20 170   M    M   0 18     25 180
22  98  74  86   2   0  21 0.00  0.0    0  8.8 15 180   M    M   0 18     20 160
23 100  70  85   1   0  20 0.00  0.0    0  5.1 10 150   M    M   1 18     13 150
24  98  72  85   1   0  20 0.00  0.0    0  6.1 15 180   M    M   1        19 180
25 102  72  87   3   0  22 0.00  0.0    0 15.8 28 210   M    M   0        35 230
26 102  72  87   3   0  22 0.00  0.0    0 14.2 24 210   M    M   0        29 210
27 103  73  88   4   0  23 0.00  0.0    0 14.4 30  70   M    M   0        36  70
28  83  66  75  -9   0  10 0.41  0.0    0  9.2 25  60   M    M   6 13     32  70
================================================================================
SM 2602 1928         1 453  2.62     0.0 312.8          M       54
================================================================================
AV 92.9 68.9                              11.2 FASTST   M    M   2    MAX(MPH)
                                 MISC ---->  # 39  60               # 52   60
================================================================================
NOTES:
# LAST OF SEVERAL OCCURRENCES

COLUMN 17 PEAK WIND IN M.P.H.

PRELIMINARY LOCAL CLIMATOLOGICAL DATA (WS FORM: F-6) , PAGE 2

                                          STATION:  HOBART
                                          MONTH:    JULY
                                          YEAR:     2014
                                          LATITUDE:   35  0 N
                                          LONGITUDE:  99  3 W

[TEMPERATURE DATA]      [PRECIPITATION DATA]       SYMBOLS USED IN COLUMN 16

AVERAGE MONTHLY: 80.9   TOTAL FOR MONTH:   2.62    1 = FOG OR MIST
DPTR FM NORMAL:  -2.4   DPTR FM NORMAL:    0.21    2 = FOG REDUCING VISIBILITY
HIGHEST:   103 ON 27,13 GRTST 24HR  1.47 ON 16-17      TO 1/4 MILE OR LESS
LOWEST:     59 ON 19                               3 = THUNDER
                        SNOW, ICE PELLETS, HAIL    4 = ICE PELLETS
                        TOTAL MONTH:   0.0 INCH    5 = HAIL
                        GRTST 24HR     0.0         6 = FREEZING RAIN OR DRIZZLE
                        GRTST DEPTH:   0           7 = DUSTSTORM OR SANDSTORM:
                                                       VSBY 1/2 MILE OR LESS
                                                   8 = SMOKE OR HAZE
[NO. OF DAYS WITH]      [WEATHER - DAYS WITH]      9 = BLOWING SNOW
                                                   X = TORNADO
MAX 32 OR BELOW:   0    0.01 INCH OR MORE:   7
MAX 90 OR ABOVE:  19    0.10 INCH OR MORE:   4
MIN 32 OR BELOW:   0    0.50 INCH OR MORE:   3
MIN  0 OR BELOW:   0    1.00 INCH OR MORE:   0

[HDD (BASE 65) ]
TOTAL THIS MO.     1    CLEAR  (SCALE 0-3)  20
DPTR FM NORMAL     1    PTCLDY (SCALE 4-7)   7
TOTAL FM JUL 1     1    CLOUDY (SCALE 8-10)  1
DPTR FM NORMAL     1

[CDD (BASE 65) ]
TOTAL THIS MO.   453
DPTR FM NORMAL   -58    [PRESSURE DATA]
TOTAL FM JAN 1  1176    HIGHEST SLP M ON M
DPTR FM NORMAL    46    LOWEST  SLP 29.78 ON  1

[REMARKS]




U.S. Dept. of Commerce
NOAA National Weather Service
1325 East West Highway
Silver Spring, MD 20910
E-mail: w-nws.webmaster@noaa.gov
Page last modified: May 16, 2007
NATIONAL WEATHER SERVICE: for Safety, for Work, for Fun - FOR LIFE