269
CXUS54 KJAN 231200
CF6HBG
PRELIMINARY LOCAL CLIMATOLOGICAL DATA (WS FORM: F-6)

                                          STATION:   HATTIESBURG
                                          MONTH:     NOVEMBER
                                          YEAR:      2014
                                          LATITUDE:   31 16 N
                                          LONGITUDE:  89 15 W

  TEMPERATURE IN F:       :PCPN:    SNOW:  WIND      :SUNSHINE: SKY     :PK WND
================================================================================
1   2   3   4   5  6A  6B    7    8   9   10  11  12  13   14  15   16   17  18
                                     12Z  AVG MX 2MIN
DY MAX MIN AVG DEP HDD CDD  WTR  SNW DPTH SPD SPD DIR MIN PSBL S-S WX    SPD DR
================================================================================

 1  60  34  47 -15  18   0 0.00  0.0    0  7.1 20 360   M    M   0        25 360
 2  66  30  48 -14  17   0 0.00  0.0    0  1.8 10  30   M    M   0        13  70
 3  73  33  53  -8  12   0 0.00  0.0    0  2.0 12 140   M    M   0        15 140
 4  79  46  63   2   2   0 0.00  0.0    0  3.8 15 170   M    M   1 1      18 170
 5  77  54  66   5   0   1 0.00  0.0    0  2.1 15 150   M    M   3 12     19 150
 6  72  53  63   3   2   0 0.01  0.0    0  5.8 15 320   M    M   6 1      22 320
 7  63  43  53  -7  12   0 0.00  0.0    0  5.8 15 360   M    M   0        20 360
 8  69  39  54  -6  11   0 0.00  0.0    0  1.9 10 340   M    M   0        14 360
 9  69  39  54  -6  11   0 0.00  0.0    0  3.9 13 320   M    M   0        19 350
10  76  33  55  -4  10   0 0.00  0.0    0  3.9 14 150   M    M   0        17 160
11  81  46  64   5   1   0 0.00  0.0    0  4.3 15 220   M    M   5 12     20 290
12  64  44  54  -5  11   0 0.03  0.0    0  8.3 14 350   M    M  10 1      20 340
13  47  33  40 -18  25   0    T  0.0    0 10.4 18 350   M    M   8        27 350
14  50  29  40 -18  25   0 0.00  0.0    0  6.6 15 350   M    M   0        21 330
15  58  27  43 -15  22   0 0.00  0.0    0  2.6 12 140   M    M   3        13 140
16  78  48  63   6   2   0 0.63  0.0    0 11.7 26 170   M    M   7 13     36 170
17  67  33  50  -7  15   0 0.59  0.0    0 12.7 24 310   M    M   5 13     35 330
18  47  26  37 -20  28   0 0.00  0.0    0  6.6 16 320   M    M   0        22 320
19  60  22  41 -15  24   0 0.00  0.0    0  4.0 13 190   M    M   0        18 200
20  70  33  52  -4  13   0 0.00  0.0    0  3.4 10 210   M    M   1        14 280
21  71  38  55  -1  10   0 0.00  0.0    0  2.7 17 130   M    M   0        23 140
22  70  39  55  -1  10   0 0.00  0.0    0  4.9 14 100   M    M   3        19 130
================================================================================
SM 1467  822       281   1  1.26     0.0 116.3          M       52
================================================================================
AV 66.7 37.4                               5.3 FASTST   M    M   2    MAX(MPH)
                                 MISC ---->  # 26 170               # 36  170
================================================================================
NOTES:
# LAST OF SEVERAL OCCURRENCES

COLUMN 17 PEAK WIND IN M.P.H.

PRELIMINARY LOCAL CLIMATOLOGICAL DATA (WS FORM: F-6) , PAGE 2

                                          STATION:  HATTIESBURG
                                          MONTH:    NOVEMBER
                                          YEAR:     2014
                                          LATITUDE:   31 16 N
                                          LONGITUDE:  89 15 W

[TEMPERATURE DATA]      [PRECIPITATION DATA]       SYMBOLS USED IN COLUMN 16

AVERAGE MONTHLY: 52.0   TOTAL FOR MONTH:   1.26    1 = FOG OR MIST
DPTR FM NORMAL:  -6.8   DPTR FM NORMAL:   -1.72    2 = FOG REDUCING VISIBILITY
HIGHEST:    81 ON 11    GRTST 24HR  1.22 ON 16-17      TO 1/4 MILE OR LESS
LOWEST:     22 ON 19                               3 = THUNDER
                        SNOW, ICE PELLETS, HAIL    4 = ICE PELLETS
                        TOTAL MONTH:   0.0 INCH    5 = HAIL
                        GRTST 24HR     0.0         6 = FREEZING RAIN OR DRIZZLE
                        GRTST DEPTH:   0           7 = DUSTSTORM OR SANDSTORM:
                                                       VSBY 1/2 MILE OR LESS
                                                   8 = SMOKE OR HAZE
[NO. OF DAYS WITH]      [WEATHER - DAYS WITH]      9 = BLOWING SNOW
                                                   X = TORNADO
MAX 32 OR BELOW:   0    0.01 INCH OR MORE:   4
MAX 90 OR ABOVE:   0    0.10 INCH OR MORE:   2
MIN 32 OR BELOW:   5    0.50 INCH OR MORE:   2
MIN  0 OR BELOW:   0    1.00 INCH OR MORE:   0

[HDD (BASE 65) ]
TOTAL THIS MO.   281    CLEAR  (SCALE 0-3)  16
DPTR FM NORMAL   119    PTCLDY (SCALE 4-7)   5
TOTAL FM JUL 1   326    CLOUDY (SCALE 8-10)  1
DPTR FM NORMAL    89

[CDD (BASE 65) ]
TOTAL THIS MO.     1
DPTR FM NORMAL   -25    [PRESSURE DATA]
TOTAL FM JAN 1  2463    HIGHEST SLP M ON M
DPTR FM NORMAL    75    LOWEST  SLP 29.82 ON 16

[REMARKS]




U.S. Dept. of Commerce
NOAA National Weather Service
1325 East West Highway
Silver Spring, MD 20910
E-mail: w-nws.webmaster@noaa.gov
Page last modified: May 16, 2007
NATIONAL WEATHER SERVICE: for Safety, for Work, for Fun - FOR LIFE