460
CXUS54 KFWD 310730
CF6GYI
PRELIMINARY LOCAL CLIMATOLOGICAL DATA (WS FORM: F-6)

                                          STATION:   SHERMAN DENISON
                                          MONTH:     JULY
                                          YEAR:      2014
                                          LATITUDE:   33 42 N
                                          LONGITUDE:  96 40 W

  TEMPERATURE IN F:       :PCPN:    SNOW:  WIND      :SUNSHINE: SKY     :PK WND
================================================================================
1   2   3   4   5  6A  6B    7    8   9   10  11  12  13   14  15   16   17  18
                                     12Z  AVG MX 2MIN
DY MAX MIN AVG DEP HDD CDD  WTR  SNW DPTH SPD SPD DIR MIN PSBL S-S WX    SPD DR
================================================================================

 1  96  75  86   5   0  21 0.02  0.0    0  9.6 16 170   M    M   1 3      25 220
 2  86  69  78  -3   0  13 0.03  0.0    0  6.0 17 360   M    M   2 3       M  M
 3  85  68  77  -4   0  12 0.64  0.0    0  4.0  9 350   M    M   4 3       M  M
 4  90  68  79  -2   0  14 0.00  0.0    0  6.8 10 130   M    M   2         M  M
 5  91  73  82   0   0  17 0.00  0.0    0  9.3 13 170   M    M   2        16 170
 6  94  72  83   1   0  18 0.00  0.0    0  9.5 15 190   M    M   0        18 200
 7  98  74  86   4   0  21 0.00  0.0    0  9.9 17 170   M    M   1        22 170
 8  98  78  88   6   0  23 0.00  0.0    0  9.8 13 220   M    M   0        17 200
 9  92  78  85   3   0  20 0.00  0.0    0  6.1 12 170   M    M   1         M  M
10  98  75  87   5   0  22 0.00  0.0    0 10.0 16 190   M    M   0        23 190
11  97  75  86   4   0  21 0.00  0.0    0 11.4 16 210   M    M   0        31 210
12  99  73  86   4   0  21 0.00  0.0    0  9.4 14 200   M    M   0        18 210
13 101  74  88   6   0  23 0.00  0.0    0  8.2 13 230   M    M   0        18 230
14  97  77  87   5   0  22 0.00  0.0    0  7.4 14 250   M    M   3        20 250
15  88  68  78  -5   0  13 0.00  0.0    0  9.1 15  20   M    M   2        23  10
16  88  61  75  -8   0  10 0.07  0.0    0  7.2 13  80   M    M   4        20  90
17  68  64  66 -17   0   1 1.25  0.0    0 12.1 20 110   M    M  10 13     28  80
18  72  63  68 -15   0   3 0.00  0.0    0  6.6 10  60   M    M  10        17  60
19  76  67  72 -11   0   7 0.00  0.0    0  3.0  8 130   M    M  10         M  M
20  89  65  77  -6   0  12 0.00  0.0    0  7.0 12 150   M    M   2 1       M  M
21  94  72  83   0   0  18 0.00  0.0    0  7.5 10 140   M    M   2         M  M
22  94  75  85   2   0  20 0.00  0.0    0  5.5 10 150   M    M   1 8       M  M
23  95  73  84   1   0  19 0.00  0.0    0  4.5 16  80   M    M   1        27  80
24  94  70  82  -1   0  17 0.00  0.0    0  5.6  9  90   M    M   2 12      M  M
25  98  74  86   3   0  21 0.00  0.0    0  9.4 15 160   M    M   0        17 200
26 100  76  88   5   0  23 0.00  0.0    0 11.2 16 150   M    M   0        22 210
27 102  80  91   8   0  26 0.00  0.0    0  8.6 16 210   M    M   2        18 170
28  89  76  83   0   0  18    M  0.0    0  7.2 13  50   M    M   3 3      20 360
29  92  70  81  -2   0  16 0.00  0.0    0  1.8  7 240   M    M   2         M  M
30  80  71  76  -7   0  11 0.65  0.0    0  8.3 20 110   M    M   6 3      23 110
================================================================================
SM 2741 2154         0 503  2.66     0.0 232.0          M       73
================================================================================
AV 91.4 71.8                               7.7 FASTST   M    M   2    MAX(MPH)
                                 MISC ---->    20   M                 31    M
================================================================================
NOTES:
# LAST OF SEVERAL OCCURRENCES

COLUMN 17 PEAK WIND IN M.P.H.

PRELIMINARY LOCAL CLIMATOLOGICAL DATA (WS FORM: F-6) , PAGE 2

                                          STATION:  SHERMAN DENISON
                                          MONTH:    JULY
                                          YEAR:     2014
                                          LATITUDE:   33 42 N
                                          LONGITUDE:  96 40 W

[TEMPERATURE DATA]      [PRECIPITATION DATA]       SYMBOLS USED IN COLUMN 16

AVERAGE MONTHLY: 81.6   TOTAL FOR MONTH:   2.66    1 = FOG OR MIST
DPTR FM NORMAL:  -0.8   DPTR FM NORMAL:    0.10    2 = FOG REDUCING VISIBILITY
HIGHEST:   102 ON 27    GRTST 24HR  1.25 ON 17-17      TO 1/4 MILE OR LESS
LOWEST:     61 ON 16                               3 = THUNDER
                        SNOW, ICE PELLETS, HAIL    4 = ICE PELLETS
                        TOTAL MONTH:   0.0 INCH    5 = HAIL
                        GRTST 24HR     0.0         6 = FREEZING RAIN OR DRIZZLE
                        GRTST DEPTH:   0           7 = DUSTSTORM OR SANDSTORM:
                                                       VSBY 1/2 MILE OR LESS
                                                   8 = SMOKE OR HAZE
[NO. OF DAYS WITH]      [WEATHER - DAYS WITH]      9 = BLOWING SNOW
                                                   X = TORNADO
MAX 32 OR BELOW:   0    0.01 INCH OR MORE:   6
MAX 90 OR ABOVE:  20    0.10 INCH OR MORE:   3
MIN 32 OR BELOW:   0    0.50 INCH OR MORE:   3
MIN  0 OR BELOW:   0    1.00 INCH OR MORE:   1

[HDD (BASE 65) ]
TOTAL THIS MO.     0    CLEAR  (SCALE 0-3)  23
DPTR FM NORMAL     0    PTCLDY (SCALE 4-7)   4
TOTAL FM JUL 1     0    CLOUDY (SCALE 8-10)  3
DPTR FM NORMAL     0

[CDD (BASE 65) ]
TOTAL THIS MO.   503
DPTR FM NORMAL   -19    [PRESSURE DATA]
TOTAL FM JAN 1  1324    HIGHEST SLP M ON M
DPTR FM NORMAL   139    LOWEST  SLP M ON M

[REMARKS]




U.S. Dept. of Commerce
NOAA National Weather Service
1325 East West Highway
Silver Spring, MD 20910
E-mail: w-nws.webmaster@noaa.gov
Page last modified: May 16, 2007
NATIONAL WEATHER SERVICE: for Safety, for Work, for Fun - FOR LIFE