345
CXUS54 KEWX 250910
CF6GYB
PRELIMINARY LOCAL CLIMATOLOGICAL DATA (WS FORM: F-6)

                                          STATION:   Giddings-Lee County Airport
                                          MONTH:     NOVEMBER
                                          YEAR:      2014
                                          LATITUDE:   30 10 N
                                          LONGITUDE:  96 59 W

  TEMPERATURE IN F:       :PCPN:    SNOW:  WIND      :SUNSHINE: SKY     :PK WND
================================================================================
1   2   3   4   5  6A  6B    7    8   9   10  11  12  13   14  15   16   17  18
                                     12Z  AVG MX 2MIN
DY MAX MIN AVG DEP HDD CDD  WTR  SNW DPTH SPD SPD DIR MIN PSBL S-S WX    SPD DR
================================================================================

 1  67  42  55   M  10   0 0.00    M    M  4.8 12  90   M    M   0         M  M
 2  73  44  59   M   6   0 0.00    M    M  5.8 13 160   M    M   0        20 170
 3  78  55  67   M   0   2 0.00    M    M  7.2 12 180   M    M   6        21 160
 4  81  59  70   M   0   5 0.23    M    M  7.7 12  20   M    M   8        22  20
 5  59  56  58   M   7   0 0.88    M    M  7.4 14  30   M    M  10        20  30
 6  61  56  59   M   6   0 0.14    M    M  6.6 10  10   M    M   7 1      21  10
 7  67  47  57   M   8   0 0.00    M    M  2.8  9 100   M    M   1 8       M  M
 8  72  48  60   M   5   0 0.00    M    M  3.0 10 360   M    M   1        21 360
 9  72  45  59   M   6   0 0.00    M    M  3.4  8 340   M    M   0         M  M
10  78  44  61   M   4   0 0.00    M    M  8.2 15 200   M    M   0        24 200
11  68  41  55   M  10   0 0.00    M    M 10.0 17 350   M    M   5        28 350
12  48  37  43   M  22   0 0.00    M    M 11.9 17 360   M    M   4        25 360
13  42  32  37   M  28   0 0.00    M    M 10.0 15  20   M    M   9        24 360
14  45  30  38   M  27   0 0.00    M    M  2.1  6  80   M    M   9         M  M
15  50  40  45   M  20   0 0.00    M    M  3.7  7 110   M    M  10 1       M  M
16  49  36  43   M  22   0 0.02    M    M  6.2 18 350   M    M  10 12     29 350
17  49  30  40   M  25   0 0.00    M    M  9.0 18 350   M    M   2        25 350
18  54  31  43   M  22   0 0.00    M    M  2.3  7 160   M    M   0         M  M
19  67  31  49   M  16   0 0.00    M    M  5.0 15 200   M    M   1        23 220
20  72  41  57   M   8   0 0.01    M    M  4.8 10 190   M    M   7 1      17 190
21  70  60  65   M   0   0 0.67    M    M  4.7 10 150   M    M  10 1      21 140
22  67  60  64   M   1   0 1.44    M    M  6.2 12 130   M    M   9        23 350
23  79  56  68   M   0   3 0.00    M    M  6.5 14 240   M    M   3 1      24 240
24  64  40  52   M  13   0 0.00    M    M  6.4 14 340   M    M   0        21 350
================================================================================
SM 1532 1061       266  10  3.39    M    145.7          M      112
================================================================================
AV 63.8 44.2                               6.1 FASTST   M    M   5    MAX(MPH)
                                 MISC ---->    18   M                 29    M
================================================================================
NOTES:
# LAST OF SEVERAL OCCURRENCES

COLUMN 17 PEAK WIND IN M.P.H.

PRELIMINARY LOCAL CLIMATOLOGICAL DATA (WS FORM: F-6) , PAGE 2

                                          STATION:  Giddings-Lee County Airport
                                          MONTH:    NOVEMBER
                                          YEAR:     2014
                                          LATITUDE:   30 10 N
                                          LONGITUDE:  96 59 W

[TEMPERATURE DATA]      [PRECIPITATION DATA]       SYMBOLS USED IN COLUMN 16

AVERAGE MONTHLY: 54.0   TOTAL FOR MONTH:   3.39    1 = FOG OR MIST
DPTR FM NORMAL:     M   DPTR FM NORMAL:       M    2 = FOG REDUCING VISIBILITY
HIGHEST:    81 ON  4    GRTST 24HR  1.44 ON 22-22      TO 1/4 MILE OR LESS
LOWEST:     30 ON 17,14                            3 = THUNDER
                        SNOW, ICE PELLETS, HAIL    4 = ICE PELLETS
                        TOTAL MONTH:    M          5 = HAIL
                        GRTST 24HR    M  ON   M    6 = FREEZING RAIN OR DRIZZLE
                        GRTST DEPTH:  M  ON   M    7 = DUSTSTORM OR SANDSTORM:
                                                       VSBY 1/2 MILE OR LESS
                                                   8 = SMOKE OR HAZE
[NO. OF DAYS WITH]      [WEATHER - DAYS WITH]      9 = BLOWING SNOW
                                                   X = TORNADO
MAX 32 OR BELOW:   0    0.01 INCH OR MORE:   7
MAX 90 OR ABOVE:   0    0.10 INCH OR MORE:   5
MIN 32 OR BELOW:   5    0.50 INCH OR MORE:   3
MIN  0 OR BELOW:   0    1.00 INCH OR MORE:   1

[HDD (BASE 65) ]
TOTAL THIS MO.   266    CLEAR  (SCALE 0-3)  11
DPTR FM NORMAL     M    PTCLDY (SCALE 4-7)   5
TOTAL FM JUL 1   268    CLOUDY (SCALE 8-10)  8
DPTR FM NORMAL     M

[CDD (BASE 65) ]
TOTAL THIS MO.    10
DPTR FM NORMAL     M    [PRESSURE DATA]
TOTAL FM JAN 1  2811    HIGHEST SLP M ON M
DPTR FM NORMAL     M    LOWEST  SLP M ON M

[REMARKS]




U.S. Dept. of Commerce
NOAA National Weather Service
1325 East West Highway
Silver Spring, MD 20910
E-mail: w-nws.webmaster@noaa.gov
Page last modified: May 16, 2007
NATIONAL WEATHER SERVICE: for Safety, for Work, for Fun - FOR LIFE