300
CXUS55 KBOU 011221
CF6GXY

PRELIMINARY LOCAL CLIMATOLOGICAL DATA (WS FORM: F-6)

                                          STATION:   GREELEY  CO
                                          MONTH:     NOVEMBER
                                          YEAR:      2014
                                          LATITUDE:   40 25 N
                                          LONGITUDE: 104 38 W

  TEMPERATURE IN F:       :PCPN:    SNOW:  WIND      :SUNSHINE: SKY     :PK WND
================================================================================
1   2   3   4   5  6A  6B    7    8   9   10  11  12  13   14  15   16   17  18
                                     12Z  AVG MX 2MIN
DY MAX MIN AVG DEP HDD CDD  WTR  SNW DPTH SPD SPD DIR MIN PSBL S-S WX    SPD DR
================================================================================

 1  63  27  45   M  20   0    M    M    M  3.1  8 300   M    M   0         M  M
 2  68  30  49   M  16   0    M    M    M  5.7 16  20   M    M   0        18  40
 3  50  30  40   M  25   0    M    M    M  9.9 20  10   M    M   3        24  10
 4  59  23  41   M  24   0    M    M    M  3.3  7 350   M    M   0         M  M
 5  64  28  46   M  19   0    M    M    M  4.7 12 120   M    M   0         M  M
 6  66  27  47   M  18   0    M    M    M  3.9  8 310   M    M   0         M  M
 7  72  30  51   M  14   0    M    M    M 11.7 27  10   M    M   1        35  10
 8  64  27  46   M  19   0    M    M    M  3.5  8 230   M    M   0         M  M
 9  61  28  45   M  20   0    M    M    M  2.3 16 250   M    M   0        22 250
10  55  16  36   M  29   0    M    M    M 16.5 33  30   M    M   5        41  30
11  16   7  12   M  53   0    M    M    M  9.5 16  40   M    M   1        17  40
12   9 -11  -1   M  66   0    M    M    M  6.9 13 350   M    M   0         M  M
13  12 -13   0   M  65   0    M    M    M  2.3  7 310   M    M   2         M  M
14  27   1  14   M  51   0    M    M    M  2.2  7 310   M    M   0         M  M
15  19   5  12   M  53   0    M    M    M  9.6 17  40   M    M   3        25  30
16  30  -6  12   M  53   0    M    M    M  4.9 25 340   M    M   0        36 340
17  39   1  20   M  45   0    M    M    M  3.7  9 210   M    M   0        18 280
18  50   7  29   M  36   0    M    M    M  3.1 15 340   M    M   1         M  M
19  48  21  35   M  30   0    M    M    M  5.4 12 110   M    M   1         M  M
20  52  14  33   M  32   0    M    M    M  2.9  8 320   M    M   0         M  M
21  57  21  39   M  26   0    M    M    M  1.4  7 320   M    M   0         M  M
22  48  16  32   M  33   0    M    M    M  2.6 10 290   M    M   0         M  M
23  46  19  33   M  32   0    M    M    M 17.7 32 320   M    M   1        41 340
24  45  18  32   M  33   0    M    M    M 12.7 33 360   M    M   1        44 360
25  48  14  31   M  34   0    M    M    M  8.1 29 310   M    M   1        38 310
26  39  19  29   M  36   0    M    M    M  4.7 13 120   M    M   4         M  M
27  64  16  40   M  25   0    M    M    M  4.6 17 290   M    M   0        23 290
28  59  21  40   M  25   0    M    M    M  3.8  8 250   M    M   0         M  M
29  68  28  48   M  17   0    M    M    M 10.8 25 240   M    M   0        33 240
30  54  16  35   M  30   0    M    M    M  9.0 17  90   M    M   6        24  70
================================================================================
SM 1452  480       979   0    M     M    190.5          M       30
================================================================================
AV 48.4 16.0                               6.3 FASTST   M    M   1    MAX(MPH)
                                 MISC ---->    33   M                 44    M
================================================================================
NOTES:
# LAST OF SEVERAL OCCURRENCES

COLUMN 17 PEAK WIND IN M.P.H.

PRELIMINARY LOCAL CLIMATOLOGICAL DATA (WS FORM: F-6) , PAGE 2

                                          STATION:  GREELEY  CO
                                          MONTH:    NOVEMBER
                                          YEAR:     2014
                                          LATITUDE:   40 25 N
                                          LONGITUDE: 104 38 W

[TEMPERATURE DATA]      [PRECIPITATION DATA]       SYMBOLS USED IN COLUMN 16

AVERAGE MONTHLY: 32.2   TOTAL FOR MONTH:      M    1 = FOG OR MIST
DPTR FM NORMAL:     M   DPTR FM NORMAL:       M    2 = FOG REDUCING VISIBILITY
HIGHEST:    72 ON  7    GRTST 24HR    M  ON   M        TO 1/4 MILE OR LESS
LOWEST:    -13 ON 13                               3 = THUNDER
                        SNOW, ICE PELLETS, HAIL    4 = ICE PELLETS
                        TOTAL MONTH:    M          5 = HAIL
                        GRTST 24HR    M  ON   M    6 = FREEZING RAIN OR DRIZZLE
                        GRTST DEPTH:  M  ON   M    7 = DUSTSTORM OR SANDSTORM:
                                                       VSBY 1/2 MILE OR LESS
                                                   8 = SMOKE OR HAZE
[NO. OF DAYS WITH]      [WEATHER - DAYS WITH]      9 = BLOWING SNOW
                                                   X = TORNADO
MAX 32 OR BELOW:   6    0.01 INCH OR MORE:   0
MAX 90 OR ABOVE:   0    0.10 INCH OR MORE:   0
MIN 32 OR BELOW:  30    0.50 INCH OR MORE:   0
MIN  0 OR BELOW:   3    1.00 INCH OR MORE:   0

[HDD (BASE 65) ]
TOTAL THIS MO.   979    CLEAR  (SCALE 0-3)  27
DPTR FM NORMAL     M    PTCLDY (SCALE 4-7)   3
TOTAL FM JUL 1  1447    CLOUDY (SCALE 8-10)  0
DPTR FM NORMAL     M

[CDD (BASE 65) ]
TOTAL THIS MO.     0
DPTR FM NORMAL     M    [PRESSURE DATA]
TOTAL FM JAN 1   462    HIGHEST SLP M ON M
DPTR FM NORMAL     M    LOWEST  SLP M ON M

[REMARKS]
#FINAL-11-14#




U.S. Dept. of Commerce
NOAA National Weather Service
1325 East West Highway
Silver Spring, MD 20910
E-mail: w-nws.webmaster@noaa.gov
Page last modified: May 16, 2007
NATIONAL WEATHER SERVICE: for Safety, for Work, for Fun - FOR LIFE