904
CXUS54 KJAN 281200
CF6GWO
PRELIMINARY LOCAL CLIMATOLOGICAL DATA (WS FORM: F-6)

                                          STATION:   GREENWOOD
                                          MONTH:     NOVEMBER
                                          YEAR:      2014
                                          LATITUDE:   33 30 N
                                          LONGITUDE:  90  5 W

  TEMPERATURE IN F:       :PCPN:    SNOW:  WIND      :SUNSHINE: SKY     :PK WND
================================================================================
1   2   3   4   5  6A  6B    7    8   9   10  11  12  13   14  15   16   17  18
                                     12Z  AVG MX 2MIN
DY MAX MIN AVG DEP HDD CDD  WTR  SNW DPTH SPD SPD DIR MIN PSBL S-S WX    SPD DR
================================================================================

 1  54  31  43 -16  22   0 0.00  0.0    0  5.9 17  20   M    M   0        24  20
 2  63  27  45 -14  20   0 0.00  0.0    0  2.2 12 100   M    M   0        14 100
 3  70  40  55  -4  10   0 0.00  0.0    0  4.6 12 160   M    M   0        14 190
 4  77  51  64   6   1   0 0.00  0.0    0  9.9 18 180   M    M   1        23 190
 5  69  61  65   7   0   0 0.23  0.0    0  2.4  9 200   M    M   8 1      12 200
 6  67  43  55  -3  10   0 0.04    M    0  7.0 16 320   M    M   4 1      25 350
 7  58  33  46 -11  19   0 0.00  0.0    M  2.8 12  70   M    M   0 1      15  50
 8  64  33  49  -8  16   0 0.00  0.0    0  3.3 12 200   M    M   0 1      15 220
 9  64  33  49  -8  16   0 0.00  0.0    0  1.3  8 260   M    M   1 12     12 330
10  75  39  57   1   8   0 0.00  0.0    0  9.4 20 180   M    M   0        23 180
11  75  45  60   4   5   0 0.01  0.0    0 11.1 21 200   M    M   7 8      26 200
12  46  33  40 -16  25   0 0.00  0.0    0  9.1 15 350   M    M   8 8      20 330
13  41  23  32 -23  33   0 0.00  0.0    0  8.1 18 350   M    M   3 8      26 360
14  42  21  32 -23  33   0 0.00  0.0    0  4.2 14  30   M    M   0        21  30
15  49  23  36 -19  29   0    T  0.0    0  2.5  8 230   M    M   4        10 110
16  49  40  45  -9  20   0 2.39  0.0    0  7.6 14 350   M    M  10 1      19 360
17  40  30  35 -19  30   0 0.04  0.0    0  9.2 20 350   M    M   4 1      27 340
18  39  21  30 -24  35   0 0.00  0.0    0  3.4 13 350   M    M   0        22 360
19  57  26  42 -11  23   0 0.00  0.0    0 10.4 20 200   M    M   0        26 200
20  60  41  51  -2  14   0 0.00  0.0    0  2.2  9 220   M    M   8 8      12 210
21  72  46  59   7   6   0    T  0.0    0  6.6 17 160   M    M   7 1      20 170
22  73  52  63  11   2   0    T  0.0    0  9.0 21 140   M    M   4 8      27 170
23  68  52  60   8   5   0 0.35  0.0    0 12.6 36 210   M    M   7 1      47 210
24  63  35  49  -2  16   0 0.00  0.0    0  7.0 20 210   M    M   1        27 200
25  51  28  40 -11  25   0 0.00  0.0    0  2.3 13  10   M    M   0 1      16 360
26  64  26  45  -6  20   0 0.00  0.0    0  6.3 22 200   M    M   1        28 200
27  48  28  38 -13  27   0 0.00  0.0    0  4.8 17 350   M    M   2        23 330
================================================================================
SM 1598  961       470   0  3.06     0.0 165.2          M       80
================================================================================
AV 59.2 35.6                               6.1 FASTST   M    M   3    MAX(MPH)
                                 MISC ---->  # 36 210               # 47  210
================================================================================
NOTES:
# LAST OF SEVERAL OCCURRENCES

COLUMN 17 PEAK WIND IN M.P.H.

PRELIMINARY LOCAL CLIMATOLOGICAL DATA (WS FORM: F-6) , PAGE 2

                                          STATION:  GREENWOOD
                                          MONTH:    NOVEMBER
                                          YEAR:     2014
                                          LATITUDE:   33 30 N
                                          LONGITUDE:  90  5 W

[TEMPERATURE DATA]      [PRECIPITATION DATA]       SYMBOLS USED IN COLUMN 16

AVERAGE MONTHLY: 47.4   TOTAL FOR MONTH:   3.06    1 = FOG OR MIST
DPTR FM NORMAL:  -7.5   DPTR FM NORMAL:   -0.89    2 = FOG REDUCING VISIBILITY
HIGHEST:    77 ON  4    GRTST 24HR  2.43 ON 16-17      TO 1/4 MILE OR LESS
LOWEST:     21 ON 18,14                            3 = THUNDER
                        SNOW, ICE PELLETS, HAIL    4 = ICE PELLETS
                        TOTAL MONTH:   0.0 INCH    5 = HAIL
                        GRTST 24HR     0.0         6 = FREEZING RAIN OR DRIZZLE
                        GRTST DEPTH:   0           7 = DUSTSTORM OR SANDSTORM:
                                                       VSBY 1/2 MILE OR LESS
                                                   8 = SMOKE OR HAZE
[NO. OF DAYS WITH]      [WEATHER - DAYS WITH]      9 = BLOWING SNOW
                                                   X = TORNADO
MAX 32 OR BELOW:   0    0.01 INCH OR MORE:   6
MAX 90 OR ABOVE:   0    0.10 INCH OR MORE:   3
MIN 32 OR BELOW:  11    0.50 INCH OR MORE:   1
MIN  0 OR BELOW:   0    1.00 INCH OR MORE:   1

[HDD (BASE 65) ]
TOTAL THIS MO.   470    CLEAR  (SCALE 0-3)  16
DPTR FM NORMAL   179    PTCLDY (SCALE 4-7)   9
TOTAL FM JUL 1   564    CLOUDY (SCALE 8-10)  2
DPTR FM NORMAL   142

[CDD (BASE 65) ]
TOTAL THIS MO.     0
DPTR FM NORMAL   -14    [PRESSURE DATA]
TOTAL FM JAN 1  2040    HIGHEST SLP M ON M
DPTR FM NORMAL  -116    LOWEST  SLP 29.47 ON 23

[REMARKS]




U.S. Dept. of Commerce
NOAA National Weather Service
1325 East West Highway
Silver Spring, MD 20910
E-mail: w-nws.webmaster@noaa.gov
Page last modified: May 16, 2007
NATIONAL WEATHER SERVICE: for Safety, for Work, for Fun - FOR LIFE