075
CXUS54 KFWD 022025
CF6GVT
PRELIMINARY LOCAL CLIMATOLOGICAL DATA (WS FORM: F-6)

                                          STATION:   GREENVILLE
                                          MONTH:     NOVEMBER
                                          YEAR:      2014
                                          LATITUDE:   33  4 N
                                          LONGITUDE:  96  4 W

  TEMPERATURE IN F:       :PCPN:    SNOW:  WIND      :SUNSHINE: SKY     :PK WND
================================================================================
1   2   3   4   5  6A  6B    7    8   9   10  11  12  13   14  15   16   17  18
                                     12Z  AVG MX 2MIN
DY MAX MIN AVG DEP HDD CDD  WTR  SNW DPTH SPD SPD DIR MIN PSBL S-S WX    SPD DR
================================================================================

 1  61  34  48 -14  17   0 0.00  0.0    0  4.0  8 100   M    M   0         M  M
 2  66  39  53  -9  12   0 0.00  0.0    0  9.4 16 140   M    M   0 8      18 140
 3  77  50  64   3   1   0 0.00  0.0    0 10.8 16 160   M    M   8        21 160
 4  68  52  60  -1   5   0 0.38  0.0    0  8.5 15 360   M    M  10        29 360
 5  59  52  56  -4   9   0 0.11  0.0    0  3.7  9  10   M    M  10 1       M  M
 6  70  43  57  -3   8   0 0.01  0.0    0  3.5 14  10   M    M   2 12     17  10
 7  64  37  51  -9  14   0 0.00  0.0    0  3.5 10 110   M    M   0 8       M  M
 8  66  41  54  -5  11   0 0.00  0.0    0  4.7 18 360   M    M   0        29  10
 9  70  34  52  -7  13   0 0.00  0.0    0  5.0 13 170   M    M   0        18 180
10  77  50  64   6   1   0 0.00  0.0    0 16.0 29 190   M    M   0        39 200
11  64  37  51  -7  14   0 0.00  0.0    0 12.9 22 340   M    M   4        28 320
12  41  32  37 -21  28   0 0.00  0.0    0 13.0 17 330   M    M   3        27 360
13  37  28  33 -24  32   0 0.00  0.0    0 11.5 20 350   M    M   4        24 350
14  41  25  33 -24  32   0 0.00  0.0    0  2.6  9 130   M    M   8         M  M
15  45  37  41 -15  24   0 0.04  0.0    0  8.5 16 160   M    M  10 1      20 160
16  41  32  37 -19  28   0 0.04    M    0  9.7 18 330   M    M  10 1      24 330
17  45  27  36 -20  29   0 0.00  0.0    M  8.2 15 330   M    M   1        21  10
18  54  21  38 -17  27   0 0.00  0.0    0  5.5 14 200   M    M   0        20 240
19  63  36  50  -5  15   0 0.00  0.0    0  8.6 20 200   M    M   0        25 200
20  72  36  54   0  11   0 0.00  0.0    0  5.4 14 180   M    M   4 12     22 210
21  64  55  60   6   5   0 0.00  0.0    0  9.8 17 150   M    M  10        23 150
22  68  59  64  10   1   0 0.26  0.0    0 10.6 20 150   M    M   9 3      23 150
23  75  50  63  10   2   0 0.00  0.0    0 11.4 25 290   M    M   4 1      36 290
24  61  36  49  -4  16   0 0.00  0.0    0  5.2 17 300   M    M   0        25 300
25  63  32  48  -4  17   0 0.00  0.0    0  2.5 13 260   M    M   0 1      21 260
26  64  36  50  -2  15   0 0.00  0.0    0  6.9 12 340   M    M   0        18 350
27  59  36  48  -4  17   0 0.00  0.0    0  4.0  9  40   M    M   0         M  M
28  68  34  51   0  14   0 0.00  0.0    0 10.6 24 190   M    M   0 8      30 200
29  77  55  66  15   0   1 0.00  0.0    0 17.1 25 190   M    M   0        38 210
30  79  64  72  22   0   7 0.00  0.0    0 15.8 25 200   M    M   6        35 190
================================================================================
SM 1859 1200       418   8  0.84     0.0 248.9          M      103
================================================================================
AV 62.0 40.0                               8.3 FASTST   M    M   3    MAX(MPH)
                                 MISC ---->    29   M                 39    M
================================================================================
NOTES:
# LAST OF SEVERAL OCCURRENCES

COLUMN 17 PEAK WIND IN M.P.H.

PRELIMINARY LOCAL CLIMATOLOGICAL DATA (WS FORM: F-6) , PAGE 2

                                          STATION:  GREENVILLE
                                          MONTH:    NOVEMBER
                                          YEAR:     2014
                                          LATITUDE:   33  4 N
                                          LONGITUDE:  96  4 W

[TEMPERATURE DATA]      [PRECIPITATION DATA]       SYMBOLS USED IN COLUMN 16

AVERAGE MONTHLY: 51.0   TOTAL FOR MONTH:   0.84    1 = FOG OR MIST
DPTR FM NORMAL:  -5.2   DPTR FM NORMAL:   -3.17    2 = FOG REDUCING VISIBILITY
HIGHEST:    79 ON 30    GRTST 24HR  0.38 ON  4- 4      TO 1/4 MILE OR LESS
LOWEST:     21 ON 18                               3 = THUNDER
                        SNOW, ICE PELLETS, HAIL    4 = ICE PELLETS
                        TOTAL MONTH:   0.0 INCH    5 = HAIL
                        GRTST 24HR     0.0         6 = FREEZING RAIN OR DRIZZLE
                        GRTST DEPTH:   0           7 = DUSTSTORM OR SANDSTORM:
                                                       VSBY 1/2 MILE OR LESS
                                                   8 = SMOKE OR HAZE
[NO. OF DAYS WITH]      [WEATHER - DAYS WITH]      9 = BLOWING SNOW
                                                   X = TORNADO
MAX 32 OR BELOW:   0    0.01 INCH OR MORE:   6
MAX 90 OR ABOVE:   0    0.10 INCH OR MORE:   3
MIN 32 OR BELOW:   7    0.50 INCH OR MORE:   0
MIN  0 OR BELOW:   0    1.00 INCH OR MORE:   0

[HDD (BASE 65) ]
TOTAL THIS MO.   418    CLEAR  (SCALE 0-3)  16
DPTR FM NORMAL   129    PTCLDY (SCALE 4-7)   8
TOTAL FM JUL 1   452    CLOUDY (SCALE 8-10)  6
DPTR FM NORMAL    82

[CDD (BASE 65) ]
TOTAL THIS MO.     8
DPTR FM NORMAL   -18    [PRESSURE DATA]
TOTAL FM JAN 1  2252    HIGHEST SLP M ON M
DPTR FM NORMAL  -390    LOWEST  SLP M ON M

[REMARKS]
#FINAL-11-14#




U.S. Dept. of Commerce
NOAA National Weather Service
1325 East West Highway
Silver Spring, MD 20910
E-mail: w-nws.webmaster@noaa.gov
Page last modified: May 16, 2007
NATIONAL WEATHER SERVICE: for Safety, for Work, for Fun - FOR LIFE