826
CXUS54 KFWD 240730
CF6GVT
PRELIMINARY LOCAL CLIMATOLOGICAL DATA (WS FORM: F-6)

                                          STATION:   GREENVILLE
                                          MONTH:     APRIL
                                          YEAR:      2014
                                          LATITUDE:   33  4 N
                                          LONGITUDE:  96  4 W

  TEMPERATURE IN F:       :PCPN:    SNOW:  WIND      :SUNSHINE: SKY     :PK WND
================================================================================
1   2   3   4   5  6A  6B    7    8   9   10  11  12  13   14  15   16   17  18
                                     12Z  AVG MX 2MIN
DY MAX MIN AVG DEP HDD CDD  WTR  SNW DPTH SPD SPD DIR MIN PSBL S-S WX    SPD DR
================================================================================

 1  82  63  73  12   0   8 0.00  0.0    0 10.2 16 170   M    M   6 1      23 170
 2  81  68  75  14   0  10 0.00  0.0    0 13.1 17 180   M    M   9 8      25 170
 3  81  61  71  10   0   6 0.38  0.0    0 13.7 25 320   M    M   8 3      38 320
 4  64  45  55  -7  10   0 0.00  0.0    0 10.4 20 350   M    M   0        23 330
 5  54  45  50 -12  15   0 0.03  0.0    0  4.6 12 100   M    M   4 3      17  70
 6  50  45  48 -14  17   0 0.58  0.0    0  7.4 14  40   M    M  10 13     20  40
 7  63  46  55  -7  10   0 0.01  0.0    0  5.4 10 310   M    M   8 3       M  M
 8  70  46  58  -5   7   0 0.00  0.0    0 12.2 23 300   M    M   0        33 310
 9  77  37  57  -6   8   0 0.00  0.0    0  6.5 13 190   M    M   0        18 190
10  82  59  71   8   0   6 0.00  0.0    0 17.7 25 180   M    M   0        36 180
11  81  61  71   8   0   6 0.00  0.0    0 12.7 18 180   M    M   4        27 210
12  82  63  73   9   0   8 0.00  0.0    0 15.4 24 170   M    M   5        30 160
13  73  64  69   5   0   4 0.14  0.0    0 13.9 22 170   M    M   7 3      30 170
14  70  41  56  -8   9   0 0.04  0.0    0 14.2 24 340   M    M   8 3      33 340
15  61  34  48 -16  17   0 0.00  0.0    0  3.6  9 340   M    M   0        21 320
16  66  37  52 -13  13   0 0.00  0.0    0 10.5 20 140   M    M   0        25 150
17  68  45  57  -8   8   0 0.00  0.0    0  3.4 10 130   M    M   6         M  M
18  75  52  64  -1   1   0 0.00  0.0    0  2.5 10  60   M    M   3 8       M  M
19  79  48  64  -2   1   0 0.00  0.0    0  3.1  9 140   M    M   0         M  M
20  79  55  67   1   0   2 0.12  0.0    0  5.1 14 180   M    M   5 3      22 180
21  77  61  69   3   0   4 0.76  0.0    0  6.7 14 190   M    M   7 13     18  20
22  81  55  68   2   0   3 0.00  0.0    0  2.5  9  80   M    M   2 12      M  M
23  84  54  69   2   0   4 0.00  0.0    0  6.4 15 140   M    M   2 8      20 140
================================================================================
SM 1680 1185       116  61  2.06     0.0 201.2          M       94
================================================================================
AV 73.0 51.5                               8.7 FASTST   M    M   4    MAX(MPH)
                                 MISC ---->    25   M               # 38  320
================================================================================
NOTES:
# LAST OF SEVERAL OCCURRENCES

COLUMN 17 PEAK WIND IN M.P.H.

PRELIMINARY LOCAL CLIMATOLOGICAL DATA (WS FORM: F-6) , PAGE 2

                                          STATION:  GREENVILLE
                                          MONTH:    APRIL
                                          YEAR:     2014
                                          LATITUDE:   33  4 N
                                          LONGITUDE:  96  4 W

[TEMPERATURE DATA]      [PRECIPITATION DATA]       SYMBOLS USED IN COLUMN 16

AVERAGE MONTHLY: 62.3   TOTAL FOR MONTH:   2.06    1 = FOG OR MIST
DPTR FM NORMAL:  -1.4   DPTR FM NORMAL:   -0.60    2 = FOG REDUCING VISIBILITY
HIGHEST:    84 ON 23    GRTST 24HR  0.76 ON 21-21      TO 1/4 MILE OR LESS
LOWEST:     34 ON 15                               3 = THUNDER
                        SNOW, ICE PELLETS, HAIL    4 = ICE PELLETS
                        TOTAL MONTH:   0.0 INCH    5 = HAIL
                        GRTST 24HR     0.0         6 = FREEZING RAIN OR DRIZZLE
                        GRTST DEPTH:   0           7 = DUSTSTORM OR SANDSTORM:
                                                       VSBY 1/2 MILE OR LESS
                                                   8 = SMOKE OR HAZE
[NO. OF DAYS WITH]      [WEATHER - DAYS WITH]      9 = BLOWING SNOW
                                                   X = TORNADO
MAX 32 OR BELOW:   0    0.01 INCH OR MORE:   8
MAX 90 OR ABOVE:   0    0.10 INCH OR MORE:   5
MIN 32 OR BELOW:   0    0.50 INCH OR MORE:   2
MIN  0 OR BELOW:   0    1.00 INCH OR MORE:   0

[HDD (BASE 65) ]
TOTAL THIS MO.   116    CLEAR  (SCALE 0-3)  10
DPTR FM NORMAL    27    PTCLDY (SCALE 4-7)  11
TOTAL FM JUL 1  2841    CLOUDY (SCALE 8-10)  2
DPTR FM NORMAL   458

[CDD (BASE 65) ]
TOTAL THIS MO.    61
DPTR FM NORMAL     1    [PRESSURE DATA]
TOTAL FM JAN 1    64    HIGHEST SLP M ON M
DPTR FM NORMAL   -29    LOWEST  SLP M ON M

[REMARKS]




U.S. Dept. of Commerce
NOAA National Weather Service
1325 East West Highway
Silver Spring, MD 20910
E-mail: w-nws.webmaster@noaa.gov
Page last modified: May 16, 2007
NATIONAL WEATHER SERVICE: for Safety, for Work, for Fun - FOR LIFE