536
CXUS54 KFWD 010730
CF6GVT
PRELIMINARY LOCAL CLIMATOLOGICAL DATA (WS FORM: F-6)

                                          STATION:   GREENVILLE
                                          MONTH:     JANUARY
                                          YEAR:      2015
                                          LATITUDE:   33  4 N
                                          LONGITUDE:  96  4 W

  TEMPERATURE IN F:       :PCPN:    SNOW:  WIND      :SUNSHINE: SKY     :PK WND
================================================================================
1   2   3   4   5  6A  6B    7    8   9   10  11  12  13   14  15   16   17  18
                                     12Z  AVG MX 2MIN
DY MAX MIN AVG DEP HDD CDD  WTR  SNW DPTH SPD SPD DIR MIN PSBL S-S WX    SPD DR
================================================================================

 1  37  34  36  -9  29   0 0.73    M    0  2.1  5 110   M    M  10 1       M  M
 2  41  37  39  -6  26   0 0.28    M    0  3.4  7  60   M    M  10 13      M  M
 3  46  36  41  -4  24   0 0.40    M    0  4.1 10 260   M    M   7 3      16 260
 4  37  30  34 -11  31   0 0.00  0.0    0  9.6 18 320   M    M   1        28 320
 5  45  23  34 -11  31   0 0.00  0.0    0  4.3 10 150   M    M   0         M  M
 6  55  30  43  -2  22   0 0.00  0.0    0  4.4 10 350   M    M   0         M  M
 7  39  23  31 -14  34   0 0.00  0.0    0 15.5 25 360   M    M   0        33  10
 8  37  18  28 -17  37   0 0.00  0.0    0  6.3 14 200   M    M   0        17 200
 9  41  27  34 -11  31   0 0.00  0.0    0  7.5 16 360   M    M   7        22 360
10  41  30  36  -9  29   0 0.01  0.0    0  4.8  8 140   M    M  10         M  M
11  41  32  37  -8  28   0 0.75  0.0    0  3.5  9 120   M    M  10 16      M  M
12  43  34  39  -6  26   0 0.00  0.0    0  8.7 16 360   M    M  10 1      20 350
13  41  34  38  -7  27   0 0.00  0.0    0  6.8 10 360   M    M  10         M  M
14  43  32  38  -7  27   0 0.00  0.0    0  2.7  7 120   M    M   9         M  M
15  54  32  43  -2  22   0 0.00  0.0    0  2.9  9 330   M    M   3         M  M
16  59  28  44  -1  21   0 0.00  0.0    0  3.3  9 200   M    M   0 1       M  M
17  68  34  51   6  14   0 0.00  0.0    0  8.6 20 200   M    M   0        25 200
18  68  30  49   4  16   0 0.00  0.0    0  5.4 15 250   M    M   0        16 250
19  70  36  53   8  12   0 0.00  0.0    0  5.3 14 200   M    M   0        17 210
20  70  37  54   9  11   0 0.00  0.0    0  3.6 10  10   M    M   2 12     16  10
21  63  37  50   5  15   0 0.01  0.0    0  5.0 10  50   M    M   4        16  70
22  46  39  43  -3  22   0 0.00  0.0    0 10.5 16  50   M    M  10        30  60
23  52  37  45  -1  20   0 0.00  0.0    0  7.2 15 330   M    M   5        23 330
24  59  32  46   0  19   0 0.00  0.0    0  5.1 10 250   M    M   0         9 240
25  63  41  52   6  13   0 0.00  0.0    0 10.6 23 310   M    M   0        35 300
26  68  32  50   4  15   0 0.00  0.0    0  4.5 12 240   M    M   0        17 250
27  79  37  58  12   7   0 0.00  0.0    0  0.8  5 260   M    M   0 8       M  M
28  79  41  60  14   5   0 0.00  0.0    0  7.3 17 190   M    M   0        23 190
29  68  46  57  11   8   0 0.00  0.0    0 10.9 20 350   M    M   1        29  10
30  57  34  46   0  19   0 0.00  0.0    0  4.0  7  50   M    M   1         M  M
31  55  43  49   3  16   0 0.14    M    0  7.8 14 150   M    M   5        18 150
================================================================================
SM 1665 1036       657   0  2.32     0.0 186.5          M      115
================================================================================
AV 53.7 33.4                               6.0 FASTST   M    M   4    MAX(MPH)
                                 MISC ---->    25   M               # 35  300
================================================================================
NOTES:
# LAST OF SEVERAL OCCURRENCES

COLUMN 17 PEAK WIND IN M.P.H.

PRELIMINARY LOCAL CLIMATOLOGICAL DATA (WS FORM: F-6) , PAGE 2

                                          STATION:  GREENVILLE
                                          MONTH:    JANUARY
                                          YEAR:     2015
                                          LATITUDE:   33  4 N
                                          LONGITUDE:  96  4 W

[TEMPERATURE DATA]      [PRECIPITATION DATA]       SYMBOLS USED IN COLUMN 16

AVERAGE MONTHLY: 43.6   TOTAL FOR MONTH:   2.32    1 = FOG OR MIST
DPTR FM NORMAL:  -1.7   DPTR FM NORMAL:   -0.43    2 = FOG REDUCING VISIBILITY
HIGHEST:    79 ON 28,27 GRTST 24HR  0.75 ON 11-11      TO 1/4 MILE OR LESS
LOWEST:     18 ON  8                               3 = THUNDER
                        SNOW, ICE PELLETS, HAIL    4 = ICE PELLETS
                        TOTAL MONTH:   0.0 INCH    5 = HAIL
                        GRTST 24HR     0.0         6 = FREEZING RAIN OR DRIZZLE
                        GRTST DEPTH:   0           7 = DUSTSTORM OR SANDSTORM:
                                                       VSBY 1/2 MILE OR LESS
                                                   8 = SMOKE OR HAZE
[NO. OF DAYS WITH]      [WEATHER - DAYS WITH]      9 = BLOWING SNOW
                                                   X = TORNADO
MAX 32 OR BELOW:   0    0.01 INCH OR MORE:   7
MAX 90 OR ABOVE:   0    0.10 INCH OR MORE:   5
MIN 32 OR BELOW:  14    0.50 INCH OR MORE:   2
MIN  0 OR BELOW:   0    1.00 INCH OR MORE:   0

[HDD (BASE 65) ]
TOTAL THIS MO.   657    CLEAR  (SCALE 0-3)  18
DPTR FM NORMAL    42    PTCLDY (SCALE 4-7)   5
TOTAL FM JUL 1  1595    CLOUDY (SCALE 8-10)  8
DPTR FM NORMAL    35

[CDD (BASE 65) ]
TOTAL THIS MO.     0
DPTR FM NORMAL    -3    [PRESSURE DATA]
TOTAL FM JAN 1     0    HIGHEST SLP M ON M
DPTR FM NORMAL     0    LOWEST  SLP M ON M

[REMARKS]
#FINAL-01-15#




U.S. Dept. of Commerce
NOAA National Weather Service
1325 East West Highway
Silver Spring, MD 20910
E-mail: w-nws.webmaster@noaa.gov
Page last modified: May 16, 2007
NATIONAL WEATHER SERVICE: for Safety, for Work, for Fun - FOR LIFE