206
CXUS52 KFFC 231110
CF6GVL
PRELIMINARY LOCAL CLIMATOLOGICAL DATA (WS FORM: F-6)

                                          STATION:   GAINESVILLE
                                          MONTH:     APRIL
                                          YEAR:      2014
                                          LATITUDE:   34 16 N
                                          LONGITUDE:  83 50 W

  TEMPERATURE IN F:       :PCPN:    SNOW:  WIND      :SUNSHINE: SKY     :PK WND
================================================================================
1   2   3   4   5  6A  6B    7    8   9   10  11  12  13   14  15   16   17  18
                                     12Z  AVG MX 2MIN
DY MAX MIN AVG DEP HDD CDD  WTR  SNW DPTH SPD SPD DIR MIN PSBL S-S WX    SPD DR
================================================================================

 1  80  50  65   8   0   0 0.00    M    M  6.3 17 260   M    M   0        22 300
 2  82  48  65   8   0   0 0.00    M    M  7.0 15 240   M    M   0        19 280
 3  81  60  71  14   0   6 0.00    M    M  7.8 20 260   M    M   1        26 230
 4  74  59  67   9   0   2    T    M    M  9.8 22 260   M    M   5        30 260
 5  67  49  58   0   7   0 0.00    M    M  8.3 16 260   M    M   1        20 240
 6  59  49  54  -4  11   0 0.13    M    M 10.0 17  80   M    M   7 1      23 100
 7  56  47  52  -6  13   0 3.38    M    M 11.5 25 100   M    M   9 123    32  80
 8  63  45  54  -5  11   0 0.00    M    M  9.6 18 290   M    M   2        25 290
 9  67  46  57  -2   8   0 0.00    M    M  9.3 20 310   M    M   2        25 340
10  73  42  58  -1   7   0 0.00  0.0    M  4.7 17 260   M    M   1        22 270
11  71  50  61   2   4   0 0.00  0.0    M  7.3 16 260   M    M   1        21 260
12  80  50  65   5   0   0 0.00  0.0    M  4.5 12 130   M    M   0        17 130
13  79  59  69   9   0   4 0.00  0.0    M  6.4 14 150   M    M   5        21 190
14  68  60  64   4   1   0 0.55  0.0    M  5.2 15 230   M    M   8 1      20 230
15  63  38  51  -9  14   0 0.44  0.0    M 12.8 29 310   M    M   6 1      43 320
16  59  32  46 -15  19   0 0.00    M    M  7.9 18 100   M    M   0        23  60
17  63  39  51 -10  14   0 0.00    M    M 10.2 20  80   M    M   1        28  80
18  55  48  52  -9  13   0 0.81    M    M  9.8 18  60   M    M   8 1      22  60
19  61  50  56  -5   9   0 0.09    M    M 11.5 25  50   M    M  10 1      36  40
20  73  49  61  -1   4   0 0.00  0.0    M  7.6 23  70   M    M   2        32 100
21  76  48  62   0   3   0 0.00    M    M  4.6 12 250   M    M   0        15 280
22  69  55  62   0   3   0 0.10    M    M  8.3 16 260   M    M   4 1      20 260
================================================================================
SM 1519 1073       141  12  5.50     0.0 180.4          M       73
================================================================================
AV 69.0 48.8                               8.2 FASTST   M    M   3    MAX(MPH)
                                 MISC ---->  # 29 310               # 43  320
================================================================================
NOTES:
# LAST OF SEVERAL OCCURRENCES

COLUMN 17 PEAK WIND IN M.P.H.

PRELIMINARY LOCAL CLIMATOLOGICAL DATA (WS FORM: F-6) , PAGE 2

                                          STATION:  GAINESVILLE
                                          MONTH:    APRIL
                                          YEAR:     2014
                                          LATITUDE:   34 16 N
                                          LONGITUDE:  83 50 W

[TEMPERATURE DATA]      [PRECIPITATION DATA]       SYMBOLS USED IN COLUMN 16

AVERAGE MONTHLY: 58.9   TOTAL FOR MONTH:   5.50    1 = FOG OR MIST
DPTR FM NORMAL:  -0.6   DPTR FM NORMAL:    2.93    2 = FOG REDUCING VISIBILITY
HIGHEST:    82 ON  2    GRTST 24HR  3.49 ON  6- 7      TO 1/4 MILE OR LESS
LOWEST:     32 ON 16                               3 = THUNDER
                        SNOW, ICE PELLETS, HAIL    4 = ICE PELLETS
                        TOTAL MONTH:   0.0 INCH    5 = HAIL
                        GRTST 24HR     0.0         6 = FREEZING RAIN OR DRIZZLE
                        GRTST DEPTH:  M  ON   M    7 = DUSTSTORM OR SANDSTORM:
                                                       VSBY 1/2 MILE OR LESS
                                                   8 = SMOKE OR HAZE
[NO. OF DAYS WITH]      [WEATHER - DAYS WITH]      9 = BLOWING SNOW
                                                   X = TORNADO
MAX 32 OR BELOW:   0    0.01 INCH OR MORE:   7
MAX 90 OR ABOVE:   0    0.10 INCH OR MORE:   6
MIN 32 OR BELOW:   1    0.50 INCH OR MORE:   3
MIN  0 OR BELOW:   0    1.00 INCH OR MORE:   1

[HDD (BASE 65) ]
TOTAL THIS MO.   141    CLEAR  (SCALE 0-3)  13
DPTR FM NORMAL    -5    PTCLDY (SCALE 4-7)   7
TOTAL FM JUL 1  3267    CLOUDY (SCALE 8-10)  2
DPTR FM NORMAL   269

[CDD (BASE 65) ]
TOTAL THIS MO.    12
DPTR FM NORMAL    -8    [PRESSURE DATA]
TOTAL FM JAN 1    12    HIGHEST SLP M ON M
DPTR FM NORMAL   -13    LOWEST  SLP 29.65 ON  8

[REMARKS]




U.S. Dept. of Commerce
NOAA National Weather Service
1325 East West Highway
Silver Spring, MD 20910
E-mail: w-nws.webmaster@noaa.gov
Page last modified: May 16, 2007
NATIONAL WEATHER SERVICE: for Safety, for Work, for Fun - FOR LIFE