887
CXUS52 KFFC 011110
CF6GVL
PRELIMINARY LOCAL CLIMATOLOGICAL DATA (WS FORM: F-6)

                                          STATION:   GAINESVILLE
                                          MONTH:     NOVEMBER
                                          YEAR:      2014
                                          LATITUDE:   34 16 N
                                          LONGITUDE:  83 50 W

  TEMPERATURE IN F:       :PCPN:    SNOW:  WIND      :SUNSHINE: SKY     :PK WND
================================================================================
1   2   3   4   5  6A  6B    7    8   9   10  11  12  13   14  15   16   17  18
                                     12Z  AVG MX 2MIN
DY MAX MIN AVG DEP HDD CDD  WTR  SNW DPTH SPD SPD DIR MIN PSBL S-S WX    SPD DR
================================================================================

 1  49  36  43 -14  22   0 0.00    M    M 16.4 25 310   M    M   6        38 300
 2  59  33  46 -11  19   0 0.00    M    M  7.9 17 300   M    M   0        25 300
 3  65  32  49  -8  16   0 0.00    M    M  2.8  8 250   M    M   0        13 290
 4  68  41  55  -1  10   0 0.00    M    M  2.7 12 250   M    M   0        14 250
 5  65  48  57   1   8   0 0.00  0.0    M  1.7 10 220   M    M   1        14 210
 6  70  47  59   3   6   0 0.01  0.0    0 13.2 24 330   M    M   5 1      34 300
 7  59  40  50  -5  15   0 0.00  0.0    0  6.6 16 320   M    M   0        25 320
 8  59  40  50  -5  15   0 0.00  0.0    0  5.4 13  70   M    M   0        26 350
 9  67  40  54  -1  11   0 0.00  0.0    0  2.6  9 270   M    M   0        12 320
10  68  40  54  -1  11   0 0.00  0.0    0  3.2 10 130   M    M   0 1      17 100
11  69  42  56   2   9   0 0.00  0.0    0  3.5 12 240   M    M   0        14 240
12  71  43  57   3   8   0 0.00  0.0    0  8.3 18 250   M    M   2 1      23 250
13  52  32  42 -12  23   0 0.00    M    M 10.8 18 280   M    M   3        25 290
14  47  29  38 -15  27   0 0.00  0.0    M  8.8 16 300   M    M   2        20 310
15  45  26  36 -17  29   0 0.00  0.0    M  7.1 13  80   M    M   2        19  80
16  52  38  45  -8  20   0 0.38  0.0    M  6.3 15 100   M    M   8 18     21 110
17  51  28  40 -12  25   0 2.02  0.0    M 11.9 25 290   M    M   9 13     34 300
18  34  23  29 -23  36   0 0.00  0.0    M 12.0 20 260   M    M   0        29 310
19  46  22  34 -18  31   0 0.00  0.0    M  7.8 15 260   M    M   0        19 260
20  57  33  45  -6  20   0 0.00  0.0    M  9.2 20 280   M    M   0        26 260
21  63  36  50  -1  15   0 0.00    M    M  4.7 10 310   M    M   0        15 240
22  56  36  46  -5  19   0 0.00    M    M  9.1 14 100   M    M   2        18  60
23  54  43  49  -1  16   0 1.92    M    M 12.0 22  80   M    M  10 13     27  90
24  72  53  63  13   2   0 0.00    M    M  7.1 16 230   M    M   4 1      23 230
25  64  47  56   7   9   0 0.00    M    M  6.3 14 310   M    M   1        18 310
26  54  41  48  -1  17   0 0.11    M    M  7.7 18 250   M    M   5 1      24 230
27  48  33  41  -8  24   0 0.00  0.0    M 12.3 24 270   M    M   6        34 260
28  47  28  38 -10  27   0 0.00  0.0    M  4.8 13 320   M    M   0        15 330
29  57  30  44  -4  21   0 0.00    M    M  3.5 13 260   M    M   4 1      16 240
30  64  48  56   8   9   0 0.00    M    M  7.5 15 250   M    M   6        20 250
================================================================================
SM 1732 1108       520   0  4.44     0.0 223.2          M       76
================================================================================
AV 57.7 36.9                               7.4 FASTST   M    M   3    MAX(MPH)
                                 MISC ---->  # 25 310               # 38  300
================================================================================
NOTES:
# LAST OF SEVERAL OCCURRENCES

COLUMN 17 PEAK WIND IN M.P.H.

PRELIMINARY LOCAL CLIMATOLOGICAL DATA (WS FORM: F-6) , PAGE 2

                                          STATION:  GAINESVILLE
                                          MONTH:    NOVEMBER
                                          YEAR:     2014
                                          LATITUDE:   34 16 N
                                          LONGITUDE:  83 50 W

[TEMPERATURE DATA]      [PRECIPITATION DATA]       SYMBOLS USED IN COLUMN 16

AVERAGE MONTHLY: 47.3   TOTAL FOR MONTH:   4.44    1 = FOG OR MIST
DPTR FM NORMAL:  -5.3   DPTR FM NORMAL:   -0.03    2 = FOG REDUCING VISIBILITY
HIGHEST:    72 ON 24    GRTST 24HR  2.40 ON 16-17      TO 1/4 MILE OR LESS
LOWEST:     22 ON 19                               3 = THUNDER
                        SNOW, ICE PELLETS, HAIL    4 = ICE PELLETS
                        TOTAL MONTH:   0.0 INCH    5 = HAIL
                        GRTST 24HR     0.0         6 = FREEZING RAIN OR DRIZZLE
                        GRTST DEPTH:   0           7 = DUSTSTORM OR SANDSTORM:
                                                       VSBY 1/2 MILE OR LESS
                                                   8 = SMOKE OR HAZE
[NO. OF DAYS WITH]      [WEATHER - DAYS WITH]      9 = BLOWING SNOW
                                                   X = TORNADO
MAX 32 OR BELOW:   0    0.01 INCH OR MORE:   5
MAX 90 OR ABOVE:   0    0.10 INCH OR MORE:   4
MIN 32 OR BELOW:   9    0.50 INCH OR MORE:   2
MIN  0 OR BELOW:   0    1.00 INCH OR MORE:   2

[HDD (BASE 65) ]
TOTAL THIS MO.   520    CLEAR  (SCALE 0-3)  19
DPTR FM NORMAL   143    PTCLDY (SCALE 4-7)   9
TOTAL FM JUL 1   643    CLOUDY (SCALE 8-10)  2
DPTR FM NORMAL   108

[CDD (BASE 65) ]
TOTAL THIS MO.     0
DPTR FM NORMAL    -5    [PRESSURE DATA]
TOTAL FM JAN 1  1677    HIGHEST SLP 30.51 ON 22
DPTR FM NORMAL    90    LOWEST  SLP 29.67 ON 23

[REMARKS]
#FINAL-11-14#




U.S. Dept. of Commerce
NOAA National Weather Service
1325 East West Highway
Silver Spring, MD 20910
E-mail: w-nws.webmaster@noaa.gov
Page last modified: May 16, 2007
NATIONAL WEATHER SERVICE: for Safety, for Work, for Fun - FOR LIFE