805
CXUS54 KAMA 301015
CF6GUY
PRELIMINARY LOCAL CLIMATOLOGICAL DATA (WS FORM: F-6)

                                          STATION:   GUYMON
                                          MONTH:     SEPTEMBER
                                          YEAR:      2014
                                          LATITUDE:   36 41 N
                                          LONGITUDE: 101 30 W

  TEMPERATURE IN F:       :PCPN:    SNOW:  WIND      :SUNSHINE: SKY     :PK WND
================================================================================
1   2   3   4   5  6A  6B    7    8   9   10  11  12  13   14  15   16   17  18
                                     12Z  AVG MX 2MIN
DY MAX MIN AVG DEP HDD CDD  WTR  SNW DPTH SPD SPD DIR MIN PSBL S-S WX    SPD DR
================================================================================

 1  90  62  76   0   0  11 0.00  0.0    0 12.1 20  20   M    M   0        26  20
 2  88  68  78   2   0  13 0.00  0.0    0  8.9 20  80   M    M   5 1      27  80
 3 101  71  86  11   0  21 0.00  0.0    0 18.6 31 200   M    M   0        40 200
 4  98  69  84   9   0  19    T  0.0    0 19.2 33 200   M    M   0        39 200
 5  80  54  67  -8   0   2 1.04  0.0    0 12.6 22  20   M    M  10 13     26 360
 6  75  54  65  -9   0   0 0.02  0.0    0  7.4 15  30   M    M   5        19  40
 7  82  54  68  -6   0   3 0.00  0.0    0  9.7 20 200   M    M   1        24 190
 8  92  64  78   4   0  13 0.00  0.0    0 16.4 25 200   M    M   0        32 200
 9  97  70  84  11   0  19 0.00  0.0    0 20.6 37 210   M    M   0        45 200
10  80  61  71  -2   0   6 0.00  0.0    0 13.3 24  10   M    M   3        31  10
11  69  55  62 -11   3   0    T  0.0    0  9.1 21  80   M    M   5 1      26  80
12  57  43  50 -22  15   0 0.64  0.0    0 15.8 29  10   M    M  10 13     35  10
13  70  44  57 -15   8   0 0.00  0.0    0 10.9 23 180   M    M   5        29 170
14  86  52  69  -3   0   4 0.00  0.0    0 15.0 29 200   M    M   0        38 200
15  75  60  68  -3   0   3 0.00  0.0    0 11.9 22  10   M    M   6        26 360
16  86  58  72   1   0   7 0.00  0.0    0  9.7 23 210   M    M   4        28 200
17  90  62  76   6   0  11 0.00  0.0    0 11.8 22 250   M    M   0        25 200
18  87  60  74   4   0   9 0.00  0.0    0  9.2 20 170   M    M   0        27 160
19  86  59  73   4   0   8 0.00  0.0    0 11.9 22 200   M    M   1        29 180
20  90  62  76   7   0  11 0.00  0.0    0  7.6 16 200   M    M   1        20 200
21  84  61  73   5   0   8 0.00  0.0    0 10.8 20  70   M    M   0        26  70
22  81  58  70   2   0   5    T  0.0    0 11.1 22 180   M    M   5        28 180
23  90  64  77  10   0  12 0.00  0.0    0 18.0 31 210   M    M   0        38 210
24  84  60  72   5   0   7 0.13  0.0    0  8.5 18 180   M    M   1 13     24 180
25  86  53  70   4   0   5 0.00  0.0    0  8.7 17 180   M    M   0        25 150
26  84  57  71   5   0   6 0.00  0.0    0 11.9 23 210   M    M   0        29 210
27  85  58  72   7   0   7 0.00  0.0    0 14.5 28 200   M    M   0        36 190
28  84  57  71   6   0   6 0.00  0.0    0 12.9 24 200   M    M   1        33 200
29  84  57  71   7   0   6 0.02  0.0    0 15.3 25 180   M    M   2 3      33 180
================================================================================
SM 2441 1707        26 222  1.85     0.0 363.4          M       65
================================================================================
AV 84.2 58.9                              12.5 FASTST   M    M   2    MAX(MPH)
                                 MISC ---->  # 37 210               # 45  200
================================================================================
NOTES:
# LAST OF SEVERAL OCCURRENCES

COLUMN 17 PEAK WIND IN M.P.H.

PRELIMINARY LOCAL CLIMATOLOGICAL DATA (WS FORM: F-6) , PAGE 2

                                          STATION:  GUYMON
                                          MONTH:    SEPTEMBER
                                          YEAR:     2014
                                          LATITUDE:   36 41 N
                                          LONGITUDE: 101 30 W

[TEMPERATURE DATA]      [PRECIPITATION DATA]       SYMBOLS USED IN COLUMN 16

AVERAGE MONTHLY: 71.5   TOTAL FOR MONTH:   1.85    1 = FOG OR MIST
DPTR FM NORMAL:   0.8   DPTR FM NORMAL:    0.13    2 = FOG REDUCING VISIBILITY
HIGHEST:   101 ON  3    GRTST 24HR  1.04 ON  5- 5      TO 1/4 MILE OR LESS
LOWEST:     43 ON 12                               3 = THUNDER
                        SNOW, ICE PELLETS, HAIL    4 = ICE PELLETS
                        TOTAL MONTH:   0.0 INCH    5 = HAIL
                        GRTST 24HR     0.0         6 = FREEZING RAIN OR DRIZZLE
                        GRTST DEPTH:   0           7 = DUSTSTORM OR SANDSTORM:
                                                       VSBY 1/2 MILE OR LESS
                                                   8 = SMOKE OR HAZE
[NO. OF DAYS WITH]      [WEATHER - DAYS WITH]      9 = BLOWING SNOW
                                                   X = TORNADO
MAX 32 OR BELOW:   0    0.01 INCH OR MORE:   5
MAX 90 OR ABOVE:   8    0.10 INCH OR MORE:   3
MIN 32 OR BELOW:   0    0.50 INCH OR MORE:   2
MIN  0 OR BELOW:   0    1.00 INCH OR MORE:   1

[HDD (BASE 65) ]
TOTAL THIS MO.    26    CLEAR  (SCALE 0-3)  20
DPTR FM NORMAL   -10    PTCLDY (SCALE 4-7)   7
TOTAL FM JUL 1    30    CLOUDY (SCALE 8-10)  2
DPTR FM NORMAL    -7

[CDD (BASE 65) ]
TOTAL THIS MO.   222
DPTR FM NORMAL    21    [PRESSURE DATA]
TOTAL FM JAN 1  1668    HIGHEST SLP M ON M
DPTR FM NORMAL   218    LOWEST  SLP 29.61 ON  9

[REMARKS]




U.S. Dept. of Commerce
NOAA National Weather Service
1325 East West Highway
Silver Spring, MD 20910
E-mail: w-nws.webmaster@noaa.gov
Page last modified: May 16, 2007
NATIONAL WEATHER SERVICE: for Safety, for Work, for Fun - FOR LIFE