330
CXUS54 KAMA 241015
CF6GUY
PRELIMINARY LOCAL CLIMATOLOGICAL DATA (WS FORM: F-6)

                                          STATION:   GUYMON
                                          MONTH:     APRIL
                                          YEAR:      2014
                                          LATITUDE:   36 41 N
                                          LONGITUDE: 101 30 W

  TEMPERATURE IN F:       :PCPN:    SNOW:  WIND      :SUNSHINE: SKY     :PK WND
================================================================================
1   2   3   4   5  6A  6B    7    8   9   10  11  12  13   14  15   16   17  18
                                     12Z  AVG MX 2MIN
DY MAX MIN AVG DEP HDD CDD  WTR  SNW DPTH SPD SPD DIR MIN PSBL S-S WX    SPD DR
================================================================================

 1  69  28  49  -2  16   0 0.00  0.0    0 12.3 25 180   M    M   0        32 200
 2  85  33  59   8   6   0 0.00  0.0    0 10.6 31 210   M    M   1 128    43 200
 3  52  31  42 -10  23   0 0.00  0.0    0 15.7 35 340   M    M   7 1      44 340
 4  65  32  49  -3  16   0 0.00  0.0    0  9.6 20 200   M    M   1        26 200
 5  59  41  50  -2  15   0    T    M    0 14.3 25 180   M    M   5        34 190
 6  62  40  51  -1  14   0 0.04  0.0    0  5.8 18 350   M    M   7        24 340
 7  63  39  51  -2  14   0 0.00  0.0    0 18.1 36 350   M    M   1        44 340
 8  73  34  54   1  11   0 0.00  0.0    0 11.0 26 350   M    M   0        35 350
 9  87  40  64  11   1   0 0.00  0.0    0  9.0 21 220   M    M   0        27 220
10  74  50  62   8   3   0 0.00  0.0    0 14.0 30 360   M    M   0        38 360
11  81  39  60   6   5   0 0.00  0.0    0  8.4 20 150   M    M   0        26 150
12  92  45  69  15   0   4    T  0.0    0 15.0 29 210   M    M   0        37 200
13  67  28  48  -6  17   0 0.04  0.5    0 21.9 35 360   M    M   5 1      43 360
14  45  26  36 -19  29   0 0.12  1.5    2 18.6 31 350   M    M   5 1      38 360
15  70  23  47  -8  18   0 0.00  0.0    0 17.0 29 210   M    M   0        39 220
16  69  39  54  -1  11   0 0.00  0.0    0 15.9 25  30   M    M   0        32  40
17  55  38  47  -9  18   0 0.33  0.0    0 10.2 18  30   M    M   6 1      24  40
18  75  35  55  -1  10   0 0.00  0.0    0 16.2 29 200   M    M   0 1      36 200
19  82  52  67  11   0   2    T  0.0    0 17.7 36 200   M    M   1        41 210
20  79  47  63   6   2   0    T  0.0    0 12.8 31 210   M    M   1 3      39 200
21  77  51  64   7   1   0 0.00  0.0    0 11.3 24 350   M    M   2 1      29 350
22  84  48  66   9   0   1    T    M    0 14.2 31 200   M    M   1        42 210
23  90  62  76  18   0  11 0.00  0.0    0 23.1 45 350   M    M   0 8      55 360
================================================================================
SM 1655  901       230  18  0.53     2.0 322.7          M       43
================================================================================
AV 72.0 39.2                              14.0 FASTST   M    M   2    MAX(MPH)
                                 MISC ---->  # 45 350               # 55  360
================================================================================
NOTES:
# LAST OF SEVERAL OCCURRENCES

COLUMN 17 PEAK WIND IN M.P.H.

PRELIMINARY LOCAL CLIMATOLOGICAL DATA (WS FORM: F-6) , PAGE 2

                                          STATION:  GUYMON
                                          MONTH:    APRIL
                                          YEAR:     2014
                                          LATITUDE:   36 41 N
                                          LONGITUDE: 101 30 W

[TEMPERATURE DATA]      [PRECIPITATION DATA]       SYMBOLS USED IN COLUMN 16

AVERAGE MONTHLY: 55.6   TOTAL FOR MONTH:   0.53    1 = FOG OR MIST
DPTR FM NORMAL:   1.3   DPTR FM NORMAL:   -0.62    2 = FOG REDUCING VISIBILITY
HIGHEST:    92 ON 12    GRTST 24HR  0.33 ON 17-17      TO 1/4 MILE OR LESS
LOWEST:     23 ON 15                               3 = THUNDER
                        SNOW, ICE PELLETS, HAIL    4 = ICE PELLETS
                        TOTAL MONTH:   2.0 INCHES  5 = HAIL
                        GRTST 24HR   1.5 ON 14-14  6 = FREEZING RAIN OR DRIZZLE
                        GRTST DEPTH:   2 ON 14     7 = DUSTSTORM OR SANDSTORM:
                                                       VSBY 1/2 MILE OR LESS
                                                   8 = SMOKE OR HAZE
[NO. OF DAYS WITH]      [WEATHER - DAYS WITH]      9 = BLOWING SNOW
                                                   X = TORNADO
MAX 32 OR BELOW:   0    0.01 INCH OR MORE:   4
MAX 90 OR ABOVE:   2    0.10 INCH OR MORE:   2
MIN 32 OR BELOW:   6    0.50 INCH OR MORE:   0
MIN  0 OR BELOW:   0    1.00 INCH OR MORE:   0

[HDD (BASE 65) ]
TOTAL THIS MO.   230    CLEAR  (SCALE 0-3)  17
DPTR FM NORMAL   -28    PTCLDY (SCALE 4-7)   6
TOTAL FM JUL 1  4401    CLOUDY (SCALE 8-10)  0
DPTR FM NORMAL    95

[CDD (BASE 65) ]
TOTAL THIS MO.    18
DPTR FM NORMAL    15    [PRESSURE DATA]
TOTAL FM JAN 1    19    HIGHEST SLP M ON M
DPTR FM NORMAL    14    LOWEST  SLP 29.41 ON 23

[REMARKS]




U.S. Dept. of Commerce
NOAA National Weather Service
1325 East West Highway
Silver Spring, MD 20910
E-mail: w-nws.webmaster@noaa.gov
Page last modified: May 16, 2007
NATIONAL WEATHER SERVICE: for Safety, for Work, for Fun - FOR LIFE