030
CXUS54 KAMA 241015
CF6GUY
PRELIMINARY LOCAL CLIMATOLOGICAL DATA (WS FORM: F-6)

                                          STATION:   GUYMON
                                          MONTH:     JULY
                                          YEAR:      2014
                                          LATITUDE:   36 41 N
                                          LONGITUDE: 101 30 W

  TEMPERATURE IN F:       :PCPN:    SNOW:  WIND      :SUNSHINE: SKY     :PK WND
================================================================================
1   2   3   4   5  6A  6B    7    8   9   10  11  12  13   14  15   16   17  18
                                     12Z  AVG MX 2MIN
DY MAX MIN AVG DEP HDD CDD  WTR  SNW DPTH SPD SPD DIR MIN PSBL S-S WX    SPD DR
================================================================================

 1  84  65  75  -3   0  10 0.01  0.0    0  8.8 24  70   M    M   4        33  80
 2  77  62  70  -8   0   5 0.07  0.0    0  9.1 16 110   M    M   3        21  80
 3  86  58  72  -7   0   7 0.00  0.0    0 11.8 22 170   M    M   3        30 180
 4  96  66  81   2   0  16 0.00  0.0    0 17.3 29 200   M    M   0        37 180
 5 100  70  85   6   0  20 0.00  0.0    0 17.2 31 220   M    M   0        38 220
 6 103  67  85   6   0  20 0.00  0.0    0  8.7 17 200   M    M   1 3      22 190
 7 103  71  87   8   0  22 0.00  0.0    0 14.9 23 200   M    M   0        34 180
 8  87  69  78  -2   0  13    T  0.0    0 11.9 31  20   M    M   1        40  20
 9  97  66  82   2   0  17 0.00  0.0    0 11.1 29 190   M    M   2 3      37 190
10 100  64  82   2   0  17 0.00  0.0    0 14.0 29 200   M    M   0        37 200
11  98  68  83   3   0  18 0.00  0.0    0 16.2 28 200   M    M   0        36 190
12  96  69  83   3   0  18 0.00  0.0    0 15.2 26 200   M    M   0        35 200
13  93  69  81   1   0  16 0.24  0.0    0  7.7 29 290   M    M   4 3      39 290
14  91  67  79  -1   0  14 0.14  0.0    0  6.4 33  10   M    M   2 3      45 350
15  76  62  69 -11   0   4    T  0.0    0 10.9 18  80   M    M   6        24 110
16  85  60  73  -7   0   8 0.45  0.0    0 13.1 26  90   M    M   6 13     36  80
17  65  57  61 -19   4   0 0.03  0.0    0  6.9 14 140   M    M  10 1      17 140
18  83  60  72  -8   0   7 0.00  0.0    0  9.7 21 180   M    M   7        27 170
19  95  63  79  -1   0  14 0.00  0.0    0 13.2 26 200   M    M   0        33 190
20 101  69  85   5   0  20 0.00  0.0    0 13.1 24 200   M    M   0        32 200
21 102  69  86   6   0  21 0.31  0.0    0 14.4 31  40   M    M   2 13     38  60
22  97  68  83   3   0  18 0.00  0.0    0  7.6 26 140   M    M   0        38 170
23  99  66  83   3   0  18 0.00  0.0    0  6.4 14 210   M    M   0        18 160
================================================================================
SM 2114 1505         4 323  1.25     0.0 265.6          M       51
================================================================================
AV 91.9 65.4                              11.5 FASTST   M    M   2    MAX(MPH)
                                 MISC ---->  # 33  10               # 45  350
================================================================================
NOTES:
# LAST OF SEVERAL OCCURRENCES

COLUMN 17 PEAK WIND IN M.P.H.

PRELIMINARY LOCAL CLIMATOLOGICAL DATA (WS FORM: F-6) , PAGE 2

                                          STATION:  GUYMON
                                          MONTH:    JULY
                                          YEAR:     2014
                                          LATITUDE:   36 41 N
                                          LONGITUDE: 101 30 W

[TEMPERATURE DATA]      [PRECIPITATION DATA]       SYMBOLS USED IN COLUMN 16

AVERAGE MONTHLY: 78.7   TOTAL FOR MONTH:   1.25    1 = FOG OR MIST
DPTR FM NORMAL:  -0.9   DPTR FM NORMAL:   -0.69    2 = FOG REDUCING VISIBILITY
HIGHEST:   103 ON  7, 6 GRTST 24HR  0.48 ON 16-17      TO 1/4 MILE OR LESS
LOWEST:     57 ON 17                               3 = THUNDER
                        SNOW, ICE PELLETS, HAIL    4 = ICE PELLETS
                        TOTAL MONTH:   0.0 INCH    5 = HAIL
                        GRTST 24HR     0.0         6 = FREEZING RAIN OR DRIZZLE
                        GRTST DEPTH:   0           7 = DUSTSTORM OR SANDSTORM:
                                                       VSBY 1/2 MILE OR LESS
                                                   8 = SMOKE OR HAZE
[NO. OF DAYS WITH]      [WEATHER - DAYS WITH]      9 = BLOWING SNOW
                                                   X = TORNADO
MAX 32 OR BELOW:   0    0.01 INCH OR MORE:   7
MAX 90 OR ABOVE:  15    0.10 INCH OR MORE:   4
MIN 32 OR BELOW:   0    0.50 INCH OR MORE:   0
MIN  0 OR BELOW:   0    1.00 INCH OR MORE:   0

[HDD (BASE 65) ]
TOTAL THIS MO.     4    CLEAR  (SCALE 0-3)  17
DPTR FM NORMAL     4    PTCLDY (SCALE 4-7)   5
TOTAL FM JUL 1     4    CLOUDY (SCALE 8-10)  1
DPTR FM NORMAL     4

[CDD (BASE 65) ]
TOTAL THIS MO.   323
DPTR FM NORMAL   -12    [PRESSURE DATA]
TOTAL FM JAN 1   850    HIGHEST SLP M ON M
DPTR FM NORMAL   127    LOWEST  SLP 29.75 ON 16

[REMARKS]




U.S. Dept. of Commerce
NOAA National Weather Service
1325 East West Highway
Silver Spring, MD 20910
E-mail: w-nws.webmaster@noaa.gov
Page last modified: May 16, 2007
NATIONAL WEATHER SERVICE: for Safety, for Work, for Fun - FOR LIFE