827
CXUS54 KAMA 301015
CF6GUY
PRELIMINARY LOCAL CLIMATOLOGICAL DATA (WS FORM: F-6)

                                          STATION:   GUYMON
                                          MONTH:     JANUARY
                                          YEAR:      2015
                                          LATITUDE:   36 41 N
                                          LONGITUDE: 101 30 W

  TEMPERATURE IN F:       :PCPN:    SNOW:  WIND      :SUNSHINE: SKY     :PK WND
================================================================================
1   2   3   4   5  6A  6B    7    8   9   10  11  12  13   14  15   16   17  18
                                     12Z  AVG MX 2MIN
DY MAX MIN AVG DEP HDD CDD  WTR  SNW DPTH SPD SPD DIR MIN PSBL S-S WX    SPD DR
================================================================================

 1  33  17  25  -9  40   0    T    M    T  4.5 10 220   M    M   7 4      12 250
 2  41  13  27  -7  38   0 0.00  0.0    T  4.0 14 330   M    M   0        17 320
 3  35  15  25  -9  40   0 0.42  5.0    1 10.6 39 350   M    M   9 1289   47 350
 4  21   5  13 -21  52   0 0.00  0.0    5  7.4 25 340   M    M   0        30 330
 5  46   4  25 -10  40   0 0.00  0.0    3  8.0 24 200   M    M   1 18     29 200
 6  47  29  38   3  27   0 0.00  0.0    T  5.6 14  20   M    M   0        17  20
 7  34  16  25 -10  40   0    T    T    0 14.9 31  30   M    M   8        39  40
 8  57  23  40   5  25   0 0.00  0.0    0 15.7 31 220   M    M   3        38 230
 9  34  24  29  -6  36   0 0.00  0.0    0  9.2 23  30   M    M  10        30  30
10  49  24  37   2  28   0 0.00  0.0    0 15.7 30 210   M    M   1        36 210
11  54  22  38   3  27   0 0.00  0.0    0  6.4 12 350   M    M   0 1      15 340
12  30  21  26  -9  39   0 0.00  0.0    0 11.6 23  10   M    M   8        27  10
13  38  18  28  -7  37   0    T    T    0  7.8 16 200   M    M   8 4      20 200
14  36  26  31  -5  34   0    T    T    T  5.4 13  10   M    M   9 14     14 360
15  55  24  40   4  25   0 0.00  0.0    0 10.6 21 350   M    M   0        27 340
16  66  24  45   9  20   0 0.00  0.0    0  9.9 22 200   M    M   0        27 200
17  59  29  44   8  21   0 0.00  0.0    0 13.7 37 360   M    M   0        48  10
18  70  28  49  13  16   0 0.00  0.0    0 10.4 24 230   M    M   0        30 240
19  71  30  51  15  14   0 0.00  0.0    0  8.5 15 260   M    M   0        19 280
20  45  34  40   4  25   0 0.00  0.0    0  8.4 16  70   M    M   8        20  60
21  38  32  35  -1  30   0 0.31  0.5    0  6.7 20  40   M    M  10 1      23  50
22  37  21  29  -7  36   0 0.04  0.0    2  7.3 12 360   M    M   3 1      14 360
23  50  16  33  -3  32   0 0.00  0.0    2  9.2 18 330   M    M   0        24 320
24  56  33  45   9  20   0 0.00  0.0    T 12.1 26 230   M    M   0        31 230
25  60  33  47  11  18   0 0.00  0.0    0 12.9 28 340   M    M   0        33 350
26  73  34  54  18  11   0 0.00  0.0    0 10.4 20 350   M    M   0        26 330
27  79  38  59  23   6   0 0.00  0.0    0  9.6 22 220   M    M   0        30 210
28  73  39  56  20   9   0 0.00  0.0    0 10.8 30  10   M    M   0        35  10
29  51  35  43   6  22   0 0.00  0.0    0 11.0 22  10   M    M   3        28 360
================================================================================
SM 1438  707       808   0  0.77     5.5 278.3          M       88
================================================================================
AV 49.6 24.4                               9.6 FASTST   M    M   3    MAX(MPH)
                                 MISC ---->  # 39 350               # 48   10
================================================================================
NOTES:
# LAST OF SEVERAL OCCURRENCES

COLUMN 17 PEAK WIND IN M.P.H.

PRELIMINARY LOCAL CLIMATOLOGICAL DATA (WS FORM: F-6) , PAGE 2

                                          STATION:  GUYMON
                                          MONTH:    JANUARY
                                          YEAR:     2015
                                          LATITUDE:   36 41 N
                                          LONGITUDE: 101 30 W

[TEMPERATURE DATA]      [PRECIPITATION DATA]       SYMBOLS USED IN COLUMN 16

AVERAGE MONTHLY: 37.0   TOTAL FOR MONTH:   0.77    1 = FOG OR MIST
DPTR FM NORMAL:   1.5   DPTR FM NORMAL:    0.42    2 = FOG REDUCING VISIBILITY
HIGHEST:    79 ON 27    GRTST 24HR  0.42 ON  3- 3      TO 1/4 MILE OR LESS
LOWEST:      4 ON  5                               3 = THUNDER
                        SNOW, ICE PELLETS, HAIL    4 = ICE PELLETS
                        TOTAL MONTH:   5.5 INCHES  5 = HAIL
                        GRTST 24HR   5.0 ON  3- 3  6 = FREEZING RAIN OR DRIZZLE
                        GRTST DEPTH:   5 ON  4     7 = DUSTSTORM OR SANDSTORM:
                                                       VSBY 1/2 MILE OR LESS
                                                   8 = SMOKE OR HAZE
[NO. OF DAYS WITH]      [WEATHER - DAYS WITH]      9 = BLOWING SNOW
                                                   X = TORNADO
MAX 32 OR BELOW:   2    0.01 INCH OR MORE:   3
MAX 90 OR ABOVE:   0    0.10 INCH OR MORE:   2
MIN 32 OR BELOW:  22    0.50 INCH OR MORE:   0
MIN  0 OR BELOW:   0    1.00 INCH OR MORE:   0

[HDD (BASE 65) ]
TOTAL THIS MO.   808    CLEAR  (SCALE 0-3)  19
DPTR FM NORMAL   -48    PTCLDY (SCALE 4-7)   5
TOTAL FM JUL 1  2433    CLOUDY (SCALE 8-10)  5
DPTR FM NORMAL  -240

[CDD (BASE 65) ]
TOTAL THIS MO.     0
DPTR FM NORMAL     0    [PRESSURE DATA]
TOTAL FM JAN 1     0    HIGHEST SLP M ON M
DPTR FM NORMAL     0    LOWEST  SLP 29.78 ON  3

[REMARKS]




U.S. Dept. of Commerce
NOAA National Weather Service
1325 East West Highway
Silver Spring, MD 20910
E-mail: w-nws.webmaster@noaa.gov
Page last modified: May 16, 2007
NATIONAL WEATHER SERVICE: for Safety, for Work, for Fun - FOR LIFE