251
CXUS54 KAMA 261015
CF6GUY
PRELIMINARY LOCAL CLIMATOLOGICAL DATA (WS FORM: F-6)

                                          STATION:   GUYMON
                                          MONTH:     NOVEMBER
                                          YEAR:      2014
                                          LATITUDE:   36 41 N
                                          LONGITUDE: 101 30 W

  TEMPERATURE IN F:       :PCPN:    SNOW:  WIND      :SUNSHINE: SKY     :PK WND
================================================================================
1   2   3   4   5  6A  6B    7    8   9   10  11  12  13   14  15   16   17  18
                                     12Z  AVG MX 2MIN
DY MAX MIN AVG DEP HDD CDD  WTR  SNW DPTH SPD SPD DIR MIN PSBL S-S WX    SPD DR
================================================================================

 1  69  38  54   2  11   0 0.00  0.0    0 20.1 35 200   M    M   0        42 190
 2  81  48  65  14   0   0 0.00  0.0    0 16.9 29 160   M    M   0        38 160
 3  73  44  59   8   6   0    T  0.0    0 17.9 30 220   M    M   3        39 220
 4  59  38  49  -2  16   0 0.00  0.0    0  8.0 18  20   M    M   1        22  20
 5  71  36  54   4  11   0 0.00  0.0    0  5.4 17  30   M    M   0        21  10
 6  68  36  52   2  13   0 0.00  0.0    0  7.7 17 200   M    M   0        23 190
 7  82  45  64  14   1   0 0.00  0.0    0 13.1 32 220   M    M   0        39 220
 8  65  45  55   6  10   0 0.00  0.0    0 10.3 18 210   M    M   1        23 210
 9  77  41  59  10   6   0 0.00  0.0    0  7.2 22 260   M    M   0        28 250
10  84  25  55   7  10   0 0.00  0.0    0 16.8 41  20   M    M   2 8      51  20
11  33  17  25 -23  40   0 0.00  0.0    0 15.8 33 350   M    M   1        42  10
12  20  15  18 -29  47   0 0.00  0.0    0 14.0 20  10   M    M   9        23  10
13  24  13  19 -28  46   0    T    T    T  8.4 17 350   M    M   7        22 350
14  43  22  33 -13  32   0 0.00  0.0    0 15.1 24 190   M    M   4        31 190
15  50  21  36 -10  29   0 0.00  0.0    0 15.7 28  10   M    M   2        35  20
16  30  14  22 -24  43   0 0.14  3.0    3 12.8 24 360   M    M   7 1      29  10
17  45  11  28 -17  37   0 0.00  0.0    3  6.1 13  60   M    M   0        17 300
18  56  16  36  -9  29   0 0.00  0.0    T  8.2 20 230   M    M   0        23 230
19  55  28  42  -2  23   0 0.00  0.0    0  7.1 17 300   M    M   0        22 280
20  54  23  39  -5  26   0 0.00  0.0    0  4.1 10  90   M    M   0        14  80
21  60  24  42  -1  23   0 0.00  0.0    0  3.8 14 180   M    M   0 18     18 190
22  72  31  52   9  13   0 0.00  0.0    0 11.2 25 210   M    M   0        32 210
23  53  32  43   1  22   0    T  0.0    0 17.5 44 360   M    M   3        54 360
24  53  29  41  -1  24   0 0.00  0.0    0 11.1 18 340   M    M   1        26 270
25  55  23  39  -2  26   0 0.00  0.0    0 12.8 30 230   M    M   0        38 230
================================================================================
SM 1432  715       544   0  0.14     3.0 287.1          M       41
================================================================================
AV 57.3 28.6                              11.5 FASTST   M    M   2    MAX(MPH)
                                 MISC ---->  # 44 360               # 54  360
================================================================================
NOTES:
# LAST OF SEVERAL OCCURRENCES

COLUMN 17 PEAK WIND IN M.P.H.

PRELIMINARY LOCAL CLIMATOLOGICAL DATA (WS FORM: F-6) , PAGE 2

                                          STATION:  GUYMON
                                          MONTH:    NOVEMBER
                                          YEAR:     2014
                                          LATITUDE:   36 41 N
                                          LONGITUDE: 101 30 W

[TEMPERATURE DATA]      [PRECIPITATION DATA]       SYMBOLS USED IN COLUMN 16

AVERAGE MONTHLY: 42.9   TOTAL FOR MONTH:   0.14    1 = FOG OR MIST
DPTR FM NORMAL:  -3.9   DPTR FM NORMAL:   -0.33    2 = FOG REDUCING VISIBILITY
HIGHEST:    84 ON 10    GRTST 24HR  0.14 ON 16-16      TO 1/4 MILE OR LESS
LOWEST:     11 ON 17                               3 = THUNDER
                        SNOW, ICE PELLETS, HAIL    4 = ICE PELLETS
                        TOTAL MONTH:   3.0 INCHES  5 = HAIL
                        GRTST 24HR   3.0 ON 16-16  6 = FREEZING RAIN OR DRIZZLE
                        GRTST DEPTH:   3 ON 17,16  7 = DUSTSTORM OR SANDSTORM:
                                                       VSBY 1/2 MILE OR LESS
                                                   8 = SMOKE OR HAZE
[NO. OF DAYS WITH]      [WEATHER - DAYS WITH]      9 = BLOWING SNOW
                                                   X = TORNADO
MAX 32 OR BELOW:   3    0.01 INCH OR MORE:   1
MAX 90 OR ABOVE:   0    0.10 INCH OR MORE:   1
MIN 32 OR BELOW:  16    0.50 INCH OR MORE:   0
MIN  0 OR BELOW:   0    1.00 INCH OR MORE:   0

[HDD (BASE 65) ]
TOTAL THIS MO.   544    CLEAR  (SCALE 0-3)  21
DPTR FM NORMAL    87    PTCLDY (SCALE 4-7)   3
TOTAL FM JUL 1   718    CLOUDY (SCALE 8-10)  1
DPTR FM NORMAL   -48

[CDD (BASE 65) ]
TOTAL THIS MO.     0
DPTR FM NORMAL     0    [PRESSURE DATA]
TOTAL FM JAN 1  1706    HIGHEST SLP M ON M
DPTR FM NORMAL   225    LOWEST  SLP 29.33 ON 10

[REMARKS]




U.S. Dept. of Commerce
NOAA National Weather Service
1325 East West Highway
Silver Spring, MD 20910
E-mail: w-nws.webmaster@noaa.gov
Page last modified: May 16, 2007
NATIONAL WEATHER SERVICE: for Safety, for Work, for Fun - FOR LIFE