530
CXGM50 PGUM 291850
CF6GUM
PRELIMINARY LOCAL CLIMATOLOGICAL DATA (WS FORM: F-6)

                                          STATION:   GUAM INTERNATIONAL AIRPORT
                                          MONTH:     AUGUST
                                          YEAR:      2014
                                          LATITUDE:   13 29 N
                                          LONGITUDE: 144-48 E

  TEMPERATURE IN F:       :PCPN:    SNOW:  WIND      :SUNSHINE: SKY     :PK WND
================================================================================
1   2   3   4   5  6A  6B    7    8   9   10  11  12  13   14  15   16   17  18
                                     12Z  AVG MX 2MIN
DY MAX MIN AVG DEP HDD CDD  WTR  SNW DPTH SPD SPD DIR MIN PSBL S-S WX    SPD DR
================================================================================

 1  86  77  82   0   0  17 0.45  0.0    0  5.5 14 190   M    M   5 1      21 170
 2  87  76  82   0   0  17 1.68  0.0    M  3.3 14 200   M    M   5 13     16 200
 3  84  77  81  -1   0  16 0.03  0.0    0  1.8  9 350   M    M   M 1      10  60
 4  87  75  81   0   0  16 0.00  0.0    0  6.8 17 250   M    M   3        22 260
 5  88  76  82   1   0  17 0.00  0.0    0  8.0 15 350   M    M   1        20 350
 6  85  78  82   1   0  17 0.46  0.0    0 11.1 22  10   M    M   5 1      29  20
 7  88  78  83   2   0  18 0.07  0.0    0  4.6 13 120   M    M   3        17 110
 8  87  77  82   1   0  17 0.14  0.0    0  3.9 13 110   M    M   3 1      16 100
 9  89  78  84   3   0  19 0.09  0.0    0  3.4  9 270   M    M   4 1      14 100
10  91  79  85   4   0  20 0.12  0.0    0  4.9 16  40   M    M   3 138    20  40
11  88  77  83   2   0  18 0.09  0.0    0  6.6 16 110   M    M   3 18     22  80
12  87  78  83   2   0  18 0.01  0.0    0  4.4 14 250   M    M   6        17 170
13  89  78  84   3   0  19 0.01  0.0    0  4.8 16 250   M    M   4        21 240
14  84  74  79  -2   0  14 0.06  0.0    0  2.6 22 140   M    M   5 1      33 110
15  88  77  83   2   0  18 0.01  0.0    0  6.0 16 110   M    M   3 1      21 110
16  88  75  82   1   0  17 0.57  0.0    0  3.2 15 350   M    M   4 13     17 350
17  87  75  81   0   0  16 0.63  0.0    0  4.9 16  60   M    M   3 1      21  60
18  89  77  83   2   0  18    T  0.0    0  5.7 14 110   M    M   3        20 110
19  89  79  84   3   0  19 0.02  0.0    0  4.0 13  80   M    M   2        16  90
20  88  75  82   1   0  17 1.01  0.0    0  3.0 14 160   M    M   2 3      18 300
21  87  76  82   1   0  17 0.05  0.0    0  3.7 12 330   M    M   2 3      16 300
22  87  76  82   1   0  17 0.66  0.0    0  3.2 14 220   M    M   4 13     17 220
23  88  75  82   1   0  17 0.26  0.0    0  2.3 10  90   M    M   3 18     10  90
24  88  78  83   2   0  18 0.13  0.0    0  6.4  9 120   M    M   3 1       9 120
25  86  75  81   0   0  16 0.49  0.0    0  6.1 14  80   M    M   5 13     18  20
26  86  77  82   1   0  17 0.97  0.0    0  6.9 16  70   M    M   2 1      21 100
27  88  77  83   2   0  18 0.28  0.0    0  7.0 17  80   M    M   3        21  80
28  88  78  83   2   0  18 0.06  0.0    0  5.5 15 120   M    M   3        18 120
29  91  79  85   4   0  20 0.07  0.0    0  8.1 20  50   M    M   3 1      24 100
================================================================================
SM 2538 2227         0 506  8.42     0.0 147.7          M       95
================================================================================
AV 87.5 76.8                               5.1 FASTST   M    M   3    MAX(MPH)
                                 MISC ---->  # 22  10               # 33  110
================================================================================
NOTES:
# LAST OF SEVERAL OCCURRENCES

COLUMN 17 PEAK WIND IN M.P.H.

PRELIMINARY LOCAL CLIMATOLOGICAL DATA (WS FORM: F-6) , PAGE 2

                                          STATION:  GUAM INTERNATIONAL AIRPORT
                                          MONTH:    AUGUST
                                          YEAR:     2014
                                          LATITUDE:   13 29 N
                                          LONGITUDE: 144-48 E

[TEMPERATURE DATA]      [PRECIPITATION DATA]       SYMBOLS USED IN COLUMN 16

AVERAGE MONTHLY: 82.2   TOTAL FOR MONTH:   8.42    1 = FOG OR MIST
DPTR FM NORMAL:   1.1   DPTR FM NORMAL:   -7.53    2 = FOG REDUCING VISIBILITY
HIGHEST:    91 ON 29,10 GRTST 24HR  2.11 ON 31- 1      TO 1/4 MILE OR LESS
LOWEST:     74 ON 14                               3 = THUNDER
                        SNOW, ICE PELLETS, HAIL    4 = ICE PELLETS
                        TOTAL MONTH:   0.0 INCH    5 = HAIL
                        GRTST 24HR     0.0         6 = FREEZING RAIN OR DRIZZLE
                        GRTST DEPTH:   0           7 = DUSTSTORM OR SANDSTORM:
                                                       VSBY 1/2 MILE OR LESS
                                                   8 = SMOKE OR HAZE
[NO. OF DAYS WITH]      [WEATHER - DAYS WITH]      9 = BLOWING SNOW
                                                   X = TORNADO
MAX 32 OR BELOW:   0    0.01 INCH OR MORE:  26
MAX 90 OR ABOVE:   2    0.10 INCH OR MORE:  14
MIN 32 OR BELOW:   0    0.50 INCH OR MORE:   6
MIN  0 OR BELOW:   0    1.00 INCH OR MORE:   2

[HDD (BASE 65) ]
TOTAL THIS MO.     0    CLEAR  (SCALE 0-3)  15
DPTR FM NORMAL     0    PTCLDY (SCALE 4-7)  13
TOTAL FM JUL 1     0    CLOUDY (SCALE 8-10)  0
DPTR FM NORMAL     0

[CDD (BASE 65) ]
TOTAL THIS MO.   506
DPTR FM NORMAL    42    [PRESSURE DATA]
TOTAL FM JAN 1  4265    HIGHEST SLP M ON M
DPTR FM NORMAL   322    LOWEST  SLP 29.69 ON 11

[REMARKS]




U.S. Dept. of Commerce
NOAA National Weather Service
1325 East West Highway
Silver Spring, MD 20910
E-mail: w-nws.webmaster@noaa.gov
Page last modified: May 16, 2007
NATIONAL WEATHER SERVICE: for Safety, for Work, for Fun - FOR LIFE