891
CXUS56 KTFX 011205
CF6GTF
PRELIMINARY LOCAL CLIMATOLOGICAL DATA (WS FORM: F-6)

                                          STATION:   GREAT FALLS MT
                                          MONTH:     NOVEMBER
                                          YEAR:      2014
                                          LATITUDE:   47 28 N
                                          LONGITUDE: 111 22 W

  TEMPERATURE IN F:       :PCPN:    SNOW:  WIND      :SUNSHINE: SKY     :PK WND
================================================================================
1   2   3   4   5  6A  6B    7    8   9   10  11  12  13   14  15   16   17  18
                                     12Z  AVG MX 2MIN
DY MAX MIN AVG DEP HDD CDD  WTR  SNW DPTH SPD SPD DIR MIN PSBL S-S WX    SPD DR
================================================================================

 1  56  32  44   5  21   0 0.18  0.3    0  8.9 22 340   M    M   4 12     26 350
 2  43  32  38  -1  27   0 0.10  0.9    0  9.3 16 220   M    M   9 1      21 220
 3  51  30  41   3  24   0 0.00  0.0    0 15.5 26 240   M    M   1        31 250
 4  52  43  48  10  17   0 0.00  0.0    0 21.1 41 230   M    M   1        48 230
 5  57  33  45   7  20   0    T  0.0    0 10.9 22 240   M    M   2 1      30 250
 6  66  46  56  19   9   0 0.00  0.0    0 16.5 32 250   M    M   1        43 250
 7  58  32  45   8  20   0 0.00  0.0    0 13.8 26 260   M    M   3        33 250
 8  61  36  49  13  16   0 0.00  0.0    0 19.0 29 240   M    M   2        35 240
 9  54   9  32  -4  33   0 0.27  3.4    0 13.0 32 350   M    M   7 12     38 350
10  17   0   9 -27  56   0 0.06  1.2    3  9.8 26 350   M    M  10 18     32 350
11   7  -5   1 -34  64   0 0.01  0.4    3  5.8 18 350   M    M   9 18     21 350
12   8 -13  -2 -37  67   0 0.00  0.0    3  3.7  8 110   M    M   1 1       9 140
13   7 -17  -5 -39  70   0 0.00  0.0    3  2.5  9  60   M    M   0 28      9  60
14   6 -16  -5 -39  70   0 0.00  0.0    3  5.7  9 230   M    M   5 128    12 230
15  17  -2   8 -26  57   0    T    T    3 11.1 28 210   M    M   5 1      33 210
16  30   8  19 -14  46   0 0.01  0.1    3 12.2 31 210   M    M   7 1      37 210
17  33   6  20 -13  45   0 0.00  0.0    3 15.2 22 210   M    M   0        26 210
18  40  18  29  -3  36   0 0.00  0.0    2  9.8 23 220   M    M   3        29 230
19  30   9  20 -12  45   0 0.00  0.0    1  2.6  7  80   M    M   1 12      8 110
20  47  11  29  -2  36   0 0.00  0.0    1 13.9 23 230   M    M   0        31 230
21  50  37  44  13  21   0 0.00  0.0    0 17.1 28 230   M    M   M        35 220
22  48  31  40   9  25   0    T  0.0    0 22.1 40 260   M    M   2        53 260
23  43  24  34   4  31   0 0.00  0.0    0 15.1 30 260   M    M   6        37 260
24  44  29  37   7  28   0 0.00  0.0    0 17.6 36 220   M    M   6        43 220
25  42  30  36   7  29   0 0.01  0.2    0 11.8 30 220   M    M  10 18     37 230
26  31  22  27  -2  38   0 0.23  3.7    1  5.0 14 210   M    M  10 12     16 210
27  57  31  44  15  21   0 0.00  0.0    2 18.8 40 240   M    M   0        51 250
28  56  -1  28   0  37   0    T    T    0 20.9 39 220   M    M   3 1      53 210
29  -1 -15  -8 -36  73   0 0.51  6.1    1  8.5 17 340   M    M   8 128    20 340
30   1 -22 -10 -38  75   0 0.00  0.0    6  5.4 14 210   M    M   0 1      15 210
================================================================================
SM 1111  458      1157   0  1.38    16.3 362.6          M      116
================================================================================
AV 37.0 15.3                              12.1 FASTST   M    M   4    MAX(MPH)
                                 MISC ---->  # 41 230               # 53  260
================================================================================
NOTES:
# LAST OF SEVERAL OCCURRENCES

COLUMN 17 PEAK WIND IN M.P.H.

PRELIMINARY LOCAL CLIMATOLOGICAL DATA (WS FORM: F-6) , PAGE 2

                                          STATION:  GREAT FALLS MT
                                          MONTH:    NOVEMBER
                                          YEAR:     2014
                                          LATITUDE:   47 28 N
                                          LONGITUDE: 111 22 W

[TEMPERATURE DATA]      [PRECIPITATION DATA]       SYMBOLS USED IN COLUMN 16

AVERAGE MONTHLY: 26.1   TOTAL FOR MONTH:   1.38    1 = FOG OR MIST
DPTR FM NORMAL:  -7.3   DPTR FM NORMAL:    0.79    2 = FOG REDUCING VISIBILITY
HIGHEST:    66 ON  6    GRTST 24HR  0.51 ON 29-29      TO 1/4 MILE OR LESS
LOWEST:    -22 ON 30                               3 = THUNDER
                        SNOW, ICE PELLETS, HAIL    4 = ICE PELLETS
                        TOTAL MONTH:  16.3 INCHES  5 = HAIL
                        GRTST 24HR   6.1 ON   M    6 = FREEZING RAIN OR DRIZZLE
                        GRTST DEPTH:   6 ON 30     7 = DUSTSTORM OR SANDSTORM:
                                                       VSBY 1/2 MILE OR LESS
                                                   8 = SMOKE OR HAZE
[NO. OF DAYS WITH]      [WEATHER - DAYS WITH]      9 = BLOWING SNOW
                                                   X = TORNADO
MAX 32 OR BELOW:  11    0.01 INCH OR MORE:   9
MAX 90 OR ABOVE:   0    0.10 INCH OR MORE:   5
MIN 32 OR BELOW:  25    0.50 INCH OR MORE:   1
MIN  0 OR BELOW:   9    1.00 INCH OR MORE:   0

[HDD (BASE 65) ]
TOTAL THIS MO.  1157    CLEAR  (SCALE 0-3)  15
DPTR FM NORMAL   208    PTCLDY (SCALE 4-7)   8
TOTAL FM JUL 1  1889    CLOUDY (SCALE 8-10)  6
DPTR FM NORMAL   -80

[CDD (BASE 65) ]
TOTAL THIS MO.     0
DPTR FM NORMAL     0    [PRESSURE DATA]
TOTAL FM JAN 1   350    HIGHEST SLP 30.92 ON 12
DPTR FM NORMAL    52    LOWEST  SLP 29.29 ON 22

[REMARKS]
#FINAL-11-14#




U.S. Dept. of Commerce
NOAA National Weather Service
1325 East West Highway
Silver Spring, MD 20910
E-mail: w-nws.webmaster@noaa.gov
Page last modified: May 16, 2007
NATIONAL WEATHER SERVICE: for Safety, for Work, for Fun - FOR LIFE