957
CXUS56 KTFX 011205
CF6GTF
PRELIMINARY LOCAL CLIMATOLOGICAL DATA (WS FORM: F-6)

                                          STATION:   GREAT FALLS MT
                                          MONTH:     JULY
                                          YEAR:      2014
                                          LATITUDE:   47 28 N
                                          LONGITUDE: 111 22 W

  TEMPERATURE IN F:       :PCPN:    SNOW:  WIND      :SUNSHINE: SKY     :PK WND
================================================================================
1   2   3   4   5  6A  6B    7    8   9   10  11  12  13   14  15   16   17  18
                                     12Z  AVG MX 2MIN
DY MAX MIN AVG DEP HDD CDD  WTR  SNW DPTH SPD SPD DIR MIN PSBL S-S WX    SPD DR
================================================================================

 1  77  46  62  -2   3   0 0.00  0.0    0  5.7 12  80   M    M   1        14  80
 2  86  52  69   5   0   4 0.00  0.0    0  6.5 13  80   M    M   0        17  90
 3  91  59  75  10   0  10 0.00  0.0    0  5.8 15 200   M    M   0        18 200
 4  86  59  73   8   0   8 0.00  0.0    0  6.9 13 200   M    M   0        14 210
 5  87  57  72   7   0   7 0.00  0.0    0  7.3 16 280   M    M   0        20 270
 6  90  54  72   7   0   7 0.00  0.0    0  8.2 21 290   M    M   1        29 300
 7  79  55  67   1   0   2 0.01  0.0    0  6.7 21  10   M    M   4 1      25  10
 8  84  53  69   3   0   4 0.00  0.0    0  8.2 17  50   M    M   2        22  50
 9  91  53  72   6   0   7 0.00  0.0    0  7.0 23 230   M    M   1        28 220
10  91  59  75   9   0  10 0.00  0.0    0  8.4 20 240   M    M   0        32 250
11  77  58  68   1   0   3 0.00  0.0    0  7.7 17  20   M    M   5        22  20
12  88  50  69   2   0   4 0.00  0.0    0  4.8 10 120   M    M   0        16 220
13  90  52  71   4   0   6 0.00  0.0    0  6.9 17  50   M    M   0        21  40
14  85  60  73   6   0   8    T  0.0    0 11.1 23  60   M    M   0        29  60
15  74  55  65  -3   0   0 0.64  0.0    0  5.0 20  50   M    M   7 13     24 310
16  85  51  68   0   0   3 0.00  0.0    0  5.6 10 300   M    M   0        14 270
17  91  59  75   7   0  10 0.00  0.0    0  9.5 29 340   M    M   0        37 340
18  81  50  66  -2   0   1 0.00  0.0    0  6.5 13 220   M    M   2 18     16 210
19  85  61  73   5   0   8 0.00  0.0    0 16.6 31 240   M    M   7 8      39 230
20  85  61  73   5   0   8 0.00  0.0    0 15.3 32 230   M    M   1        38 240
21  84  56  70   1   0   5 0.01  0.0    0  6.7 21 250   M    M   4        26 250
22  87  55  71   2   0   6 0.04  0.0    0  6.7 14  90   M    M   5 3      18  60
23  93  56  75   6   0  10 0.08  0.0    0  6.5 41 200   M    M   0 13     52 200
24  80  52  66  -3   0   1    T  0.0    0 15.8 38 250   M    M   1        48 240
25  80  47  64  -5   1   0 0.00  0.0    0 20.7 36 220   M    M   0        45 220
26  82  46  64  -5   1   0 0.00  0.0    0  6.3 16 330   M    M   0        24 300
27  89  47  68  -1   0   3 0.00  0.0    0  6.8 14  90   M    M   0        17  80
28  91  56  74   5   0   9    T  0.0    0  5.3 16  20   M    M   1        20  20
29  94  57  76   7   0  11 0.00  0.0    0  5.6 20  80   M    M   0        25  70
30  94  62  78   9   0  13 0.00  0.0    0  7.8 21 230   M    M   1 3      28 230
31  95  57  76   7   0  11    T  0.0    0  6.7 29 280   M    M   0 3      37 300
================================================================================
SM 2672 1695         5 179  0.78     0.0 254.6          M       43
================================================================================
AV 86.2 54.7                               8.2 FASTST   M    M   1    MAX(MPH)
                                 MISC ---->  # 41 200               # 52  200
================================================================================
NOTES:
# LAST OF SEVERAL OCCURRENCES

COLUMN 17 PEAK WIND IN M.P.H.

PRELIMINARY LOCAL CLIMATOLOGICAL DATA (WS FORM: F-6) , PAGE 2

                                          STATION:  GREAT FALLS MT
                                          MONTH:    JULY
                                          YEAR:     2014
                                          LATITUDE:   47 28 N
                                          LONGITUDE: 111 22 W

[TEMPERATURE DATA]      [PRECIPITATION DATA]       SYMBOLS USED IN COLUMN 16

AVERAGE MONTHLY: 70.4   TOTAL FOR MONTH:   0.78    1 = FOG OR MIST
DPTR FM NORMAL:   3.0   DPTR FM NORMAL:   -0.72    2 = FOG REDUCING VISIBILITY
HIGHEST:    95 ON 31    GRTST 24HR  0.64 ON 15-15      TO 1/4 MILE OR LESS
LOWEST:     46 ON 26, 1                            3 = THUNDER
                        SNOW, ICE PELLETS, HAIL    4 = ICE PELLETS
                        TOTAL MONTH:   0.0 INCH    5 = HAIL
                        GRTST 24HR     0.0         6 = FREEZING RAIN OR DRIZZLE
                        GRTST DEPTH:   0           7 = DUSTSTORM OR SANDSTORM:
                                                       VSBY 1/2 MILE OR LESS
                                                   8 = SMOKE OR HAZE
[NO. OF DAYS WITH]      [WEATHER - DAYS WITH]      9 = BLOWING SNOW
                                                   X = TORNADO
MAX 32 OR BELOW:   0    0.01 INCH OR MORE:   5
MAX 90 OR ABOVE:  11    0.10 INCH OR MORE:   1
MIN 32 OR BELOW:   0    0.50 INCH OR MORE:   1
MIN  0 OR BELOW:   0    1.00 INCH OR MORE:   0

[HDD (BASE 65) ]
TOTAL THIS MO.     5    CLEAR  (SCALE 0-3)  25
DPTR FM NORMAL   -45    PTCLDY (SCALE 4-7)   6
TOTAL FM JUL 1     5    CLOUDY (SCALE 8-10)  0
DPTR FM NORMAL   -45

[CDD (BASE 65) ]
TOTAL THIS MO.   179
DPTR FM NORMAL    55    [PRESSURE DATA]
TOTAL FM JAN 1   179    HIGHEST SLP 30.23 ON 27
DPTR FM NORMAL    16    LOWEST  SLP 29.59 ON 17

[REMARKS]
#FINAL-07-14#




U.S. Dept. of Commerce
NOAA National Weather Service
1325 East West Highway
Silver Spring, MD 20910
E-mail: w-nws.webmaster@noaa.gov
Page last modified: May 16, 2007
NATIONAL WEATHER SERVICE: for Safety, for Work, for Fun - FOR LIFE