497
CXUS56 KTFX 011205
CF6GTF
PRELIMINARY LOCAL CLIMATOLOGICAL DATA (WS FORM: F-6)

                                          STATION:   GREAT FALLS MT
                                          MONTH:     JANUARY
                                          YEAR:      2015
                                          LATITUDE:   47 28 N
                                          LONGITUDE: 111 22 W

  TEMPERATURE IN F:       :PCPN:    SNOW:  WIND      :SUNSHINE: SKY     :PK WND
================================================================================
1   2   3   4   5  6A  6B    7    8   9   10  11  12  13   14  15   16   17  18
                                     12Z  AVG MX 2MIN
DY MAX MIN AVG DEP HDD CDD  WTR  SNW DPTH SPD SPD DIR MIN PSBL S-S WX    SPD DR
================================================================================

 1  27  18  23  -1  42   0 0.00  0.0    7 18.7 32 220   M    M   1        37 220
 2  37   3  20  -4  45   0 0.15  2.7    6 22.6 36 220   M    M   4        45 230
 3   3 -12  -4 -28  69   0 0.05  1.7    8  5.7 15 350   M    M   9        17 350
 4   1  -5  -2 -26  67   0 0.12  1.1    9  5.3 14 100   M    M   9 18     15  90
 5  37   1  19  -5  46   0 0.37  4.1   10  8.2 38 350   M    M   9 12     44 350
 6   9   5   7 -17  58   0 0.03  0.3   12  4.3 10  20   M    M  10 18     12  20
 7  36   0  18  -7  47   0    T  0.0   11  9.3 29 200   M    M   2 1      33 200
 8  33 -11  11 -14  54   0 0.15  3.4   10 10.8 30 350   M    M   8 168    35  20
 9  32 -18   7 -18  58   0 0.00  0.0   12 13.7 26 220   M    M   1        30 220
10  33  14  24  -1  41   0    T    T   11  8.5 25 220   M    M   5 1      28 220
11  22   3  13 -12  52   0 0.03  0.7   10  2.9 12  40   M    M   9 12     13  40
12  14  -3   6 -19  59   0 0.00  0.0   10  2.3 13 210   M    M   4 128    15 210
13  26  -2  12 -13  53   0 0.00  0.0   10 11.6 21 210   M    M   0 12     24 200
14  37  24  31   6  34   0 0.00  0.0    9 20.6 26 210   M    M   0        31 210
15  43  31  37  12  28   0 0.00  0.0    8 21.6 37 220   M    M   0        41 220
16  41  29  35  10  30   0 0.00  0.0    8 22.1 43 230   M    M   1        49 230
17  40  29  35  10  30   0 0.00  0.0    4 22.3 36 210   M    M   0        43 210
18  44  33  39  14  26   0 0.00  0.0    4 21.2 35 230   M    M   2        40 240
19  40  26  33   7  32   0 0.00  0.0    4 14.7 26 230   M    M   2        32 230
20  40  27  34   8  31   0    T    T    2  6.6 14 210   M    M  10        16 290
21  35  18  27   1  38   0 0.00  0.0    2 13.0 22 220   M    M   1        25 220
22  43  30  37  11  28   0 0.00  0.0    2 19.9 32 220   M    M   0        39 220
23  44  31  38  12  27   0 0.00  0.0    1 18.4 35 230   M    M   1        44 220
24  53  42  48  22  17   0 0.00  0.0    1 17.0 37 220   M    M   2        44 220
25  59  43  51  25  14   0 0.00  0.0    T 20.0 33 230   M    M   0        40 240
26  67  48  58  32   7   0 0.00  0.0    0 18.8 29 220   M    M   0        35 210
27  64  46  55  29  10   0 0.00  0.0    0 13.9 23 230   M    M   1        28 220
28  49  27  38  12  27   0 0.00  0.0    0  7.4 17 240   M    M   4 1      22 240
29  52  22  37  11  28   0 0.00  0.0    0 10.9 18 220   M    M   0 1      24 200
30  50  22  36  10  29   0 0.00  0.0    0  9.8 18 200   M    M   0        21 200
31  35  -2  17  -9  48   0 0.11  2.9    T 10.6 30 340   M    M   8 12     36 350
================================================================================
SM 1146  519      1175   0  1.01    16.9 412.7          M      103
================================================================================
AV 37.0 16.7                              13.3 FASTST   M    M   3    MAX(MPH)
                                 MISC ---->  # 43 230               # 49  230
================================================================================
NOTES:
# LAST OF SEVERAL OCCURRENCES

COLUMN 17 PEAK WIND IN M.P.H.

PRELIMINARY LOCAL CLIMATOLOGICAL DATA (WS FORM: F-6) , PAGE 2

                                          STATION:  GREAT FALLS MT
                                          MONTH:    JANUARY
                                          YEAR:     2015
                                          LATITUDE:   47 28 N
                                          LONGITUDE: 111 22 W

[TEMPERATURE DATA]      [PRECIPITATION DATA]       SYMBOLS USED IN COLUMN 16

AVERAGE MONTHLY: 26.9   TOTAL FOR MONTH:   1.01    1 = FOG OR MIST
DPTR FM NORMAL:   1.7   DPTR FM NORMAL:    0.50    2 = FOG REDUCING VISIBILITY
HIGHEST:    67 ON 26    GRTST 24HR  0.37 ON  5- 5      TO 1/4 MILE OR LESS
LOWEST:    -18 ON  9                               3 = THUNDER
                        SNOW, ICE PELLETS, HAIL    4 = ICE PELLETS
                        TOTAL MONTH:  16.9 INCHES  5 = HAIL
                        GRTST 24HR   4.1 ON   M    6 = FREEZING RAIN OR DRIZZLE
                        GRTST DEPTH:  12 ON  9, 6  7 = DUSTSTORM OR SANDSTORM:
                                                       VSBY 1/2 MILE OR LESS
                                                   8 = SMOKE OR HAZE
[NO. OF DAYS WITH]      [WEATHER - DAYS WITH]      9 = BLOWING SNOW
                                                   X = TORNADO
MAX 32 OR BELOW:   8    0.01 INCH OR MORE:   8
MAX 90 OR ABOVE:   0    0.10 INCH OR MORE:   5
MIN 32 OR BELOW:  26    0.50 INCH OR MORE:   0
MIN  0 OR BELOW:   8    1.00 INCH OR MORE:   0

[HDD (BASE 65) ]
TOTAL THIS MO.  1175    CLEAR  (SCALE 0-3)  19
DPTR FM NORMAL   -59    PTCLDY (SCALE 4-7)   6
TOTAL FM JUL 1  4192    CLOUDY (SCALE 8-10)  6
DPTR FM NORMAL  -259

[CDD (BASE 65) ]
TOTAL THIS MO.     0
DPTR FM NORMAL     0    [PRESSURE DATA]
TOTAL FM JAN 1     0    HIGHEST SLP 31.07 ON  6
DPTR FM NORMAL     0    LOWEST  SLP 29.61 ON 16

[REMARKS]
#FINAL-01-15#




U.S. Dept. of Commerce
NOAA National Weather Service
1325 East West Highway
Silver Spring, MD 20910
E-mail: w-nws.webmaster@noaa.gov
Page last modified: May 16, 2007
NATIONAL WEATHER SERVICE: for Safety, for Work, for Fun - FOR LIFE