620
CXUS52 KRAH 010845
CF6GSO
PRELIMINARY LOCAL CLIMATOLOGICAL DATA (WS FORM: F-6)

                                          STATION:   PIEDMONT TRIAD INTL AIRPORT NC
                                          MONTH:     AUGUST
                                          YEAR:      2014
                                          LATITUDE:   36  4 N
                                          LONGITUDE:  79 57 W

  TEMPERATURE IN F:       :PCPN:    SNOW:  WIND      :SUNSHINE: SKY     :PK WND
================================================================================
1   2   3   4   5  6A  6B    7    8   9   10  11  12  13   14  15   16   17  18
                                     12Z  AVG MX 2MIN
DY MAX MIN AVG DEP HDD CDD  WTR  SNW DPTH SPD SPD DIR MIN PSBL S-S WX    SPD DR
================================================================================

 1  68  63  66 -12   0   1 1.30  0.0    0  8.6 17  70   M    M  10 1      22  70
 2  71  62  67 -11   0   2    T  0.0    0  5.5 10  50   M    M   9 1      13  50
 3  84  64  74  -4   0   9 0.00  0.0    0  3.0 13 160   M    M   7 12     39 150
 4  85  66  76  -2   0  11 0.00  0.0    0  3.5 12 130   M    M   5 18     18  30
 5  88  66  77  -1   0  12 0.00  0.0    0  3.3 13 310   M    M   6 18     17 310
 6  89  68  79   1   0  14    T  0.0    0  4.3 14 260   M    M   6        16 260
 7  87  68  78   0   0  13 0.00  0.0    0  5.0 12  30   M    M   6 18     15  30
 8  74  67  71  -7   0   6 0.04  0.0    0  4.2  9  60   M    M   9 18     10  80
 9  71  64  68 -10   0   3 0.24  0.0    0  7.2 15 110   M    M  10 1      17 120
10  72  65  69  -9   0   4 0.10  0.0    0  5.8 12  80   M    M  10 1      14  80
11  76  69  73  -5   0   8 0.81  0.0    0  5.8 10 140   M    M  10 1      14 140
12  86  69  78   0   0  13    T  0.0    0  6.1 16 160   M    M   8 12     20 170
13  80  64  72  -6   0   7 0.00  0.0    0  7.8 17 310   M    M   5        24 320
14  82  57  70  -8   0   5 0.00  0.0    0  4.4 13 240   M    M   3        17 240
15  84  62  73  -5   0   8 0.00  0.0    0  3.4 15 330   M    M   6        18 310
16  86  67  77   0   0  12 0.00  0.0    0  4.0 10 280   M    M   5        15 240
17  87  68  78   1   0  13 0.00  0.0    0  2.9 10 240   M    M   7        13 240
18  84  70  77   0   0  12 0.17  0.0    0  2.9 13 200   M    M   8 138    17 200
19  87  68  78   1   0  13    T  0.0    0  3.7 15  40   M    M   6        18  50
20  89  71  80   3   0  15 0.00  0.0    0  4.6 12 280   M    M   7 128    21 260
21  90  71  81   4   0  16 0.00  0.0    0  4.4 12  20   M    M   8        15  30
22  90  70  80   3   0  15    T  0.0    0  3.9 15 310   M    M   8        53 320
23  87  73  80   3   0  15    T  0.0    0  6.0 15  70   M    M   8        18  90
24  80  68  74  -2   0   9    T  0.0    0  9.3 17  50   M    M   9 1      22  30
25  81  61  71  -5   0   6 0.00  0.0    0  7.7 18  60   M    M   3        26  30
26  81  60  71  -5   0   6 0.00  0.0    0  6.5 15  50   M    M   5        21  30
27  87  60  74  -2   0   9 0.00  0.0    0  3.0 12  50   M    M   2        20 350
28  92  68  80   4   0  15 0.00  0.0    0  3.5 10 250   M    M   4        14 220
29  80  70  75  -1   0  10 0.00  0.0    0  7.8 16  40   M    M   8        20  30
30  90  72  81   6   0  16 0.00  0.0    0  6.2 15 150   M    M   6 18     18 160
31  91  72  82   7   0  17 0.00  0.0    0  7.7 15 220   M    M   5        21 200
================================================================================
SM 2579 2063         0 315  2.66     0.0 162.0          M      209
================================================================================
AV 83.2 66.5                               5.2 FASTST   M    M   7    MAX(MPH)
                                 MISC ---->  # 18  60               # 53  320
================================================================================
NOTES:
# LAST OF SEVERAL OCCURRENCES

COLUMN 17 PEAK WIND IN M.P.H.

PRELIMINARY LOCAL CLIMATOLOGICAL DATA (WS FORM: F-6) , PAGE 2

                                          STATION:  PIEDMONT TRIAD INTL AIRPORT NC
                                          MONTH:    AUGUST
                                          YEAR:     2014
                                          LATITUDE:   36  4 N
                                          LONGITUDE:  79 57 W

[TEMPERATURE DATA]      [PRECIPITATION DATA]       SYMBOLS USED IN COLUMN 16

AVERAGE MONTHLY: 74.9   TOTAL FOR MONTH:   2.66    1 = FOG OR MIST
DPTR FM NORMAL:  -2.2   DPTR FM NORMAL:   -1.22    2 = FOG REDUCING VISIBILITY
HIGHEST:    92 ON 28    GRTST 24HR  1.77 ON 31- 1      TO 1/4 MILE OR LESS
LOWEST:     57 ON 14                               3 = THUNDER
                        SNOW, ICE PELLETS, HAIL    4 = ICE PELLETS
                        TOTAL MONTH:   0.0 INCH    5 = HAIL
                        GRTST 24HR     0.0         6 = FREEZING RAIN OR DRIZZLE
                        GRTST DEPTH:   0           7 = DUSTSTORM OR SANDSTORM:
                                                       VSBY 1/2 MILE OR LESS
                                                   8 = SMOKE OR HAZE
[NO. OF DAYS WITH]      [WEATHER - DAYS WITH]      9 = BLOWING SNOW
                                                   X = TORNADO
MAX 32 OR BELOW:   0    0.01 INCH OR MORE:   6
MAX 90 OR ABOVE:   5    0.10 INCH OR MORE:   5
MIN 32 OR BELOW:   0    0.50 INCH OR MORE:   2
MIN  0 OR BELOW:   0    1.00 INCH OR MORE:   1

[HDD (BASE 65) ]
TOTAL THIS MO.     0    CLEAR  (SCALE 0-3)   2
DPTR FM NORMAL    -1    PTCLDY (SCALE 4-7)  20
TOTAL FM JUL 1     0    CLOUDY (SCALE 8-10)  9
DPTR FM NORMAL    -1

[CDD (BASE 65) ]
TOTAL THIS MO.   315
DPTR FM NORMAL   -62    [PRESSURE DATA]
TOTAL FM JAN 1  1253    HIGHEST SLP M ON M
DPTR FM NORMAL    -9    LOWEST  SLP 29.19 ON 31

[REMARKS]
#FINAL-08-14#




U.S. Dept. of Commerce
NOAA National Weather Service
1325 East West Highway
Silver Spring, MD 20910
E-mail: w-nws.webmaster@noaa.gov
Page last modified: May 16, 2007
NATIONAL WEATHER SERVICE: for Safety, for Work, for Fun - FOR LIFE