659
CXUS52 KRAH 011345
CF6GSO
PRELIMINARY LOCAL CLIMATOLOGICAL DATA (WS FORM: F-6)

                                          STATION:   PIEDMONT TRIAD INTL AIRPORT NC
                                          MONTH:     NOVEMBER
                                          YEAR:      2014
                                          LATITUDE:   36  4 N
                                          LONGITUDE:  79 57 W

  TEMPERATURE IN F:       :PCPN:    SNOW:  WIND      :SUNSHINE: SKY     :PK WND
================================================================================
1   2   3   4   5  6A  6B    7    8   9   10  11  12  13   14  15   16   17  18
                                     12Z  AVG MX 2MIN
DY MAX MIN AVG DEP HDD CDD  WTR  SNW DPTH SPD SPD DIR MIN PSBL S-S WX    SPD DR
================================================================================

 1  53  40  47  -8  18   0 0.75  0.0    0 11.0 22 360   M    M   8 1      35  10
 2  53  33  43 -11  22   0 0.00  0.0    0 10.4 23 320   M    M   2        30 340
 3  64  28  46  -8  19   0 0.00  0.0    0  5.4 13 240   M    M   1        17 260
 4  67  41  54   0  11   0 0.00  0.0    0  7.7 15 220   M    M   7        18 220
 5  67  48  58   4   7   0 0.00  0.0    0  6.3 12 230   M    M   9        15 230
 6  65  49  57   4   8   0 0.21  0.0    0 13.6 26 310   M    M   8 1      36 310
 7  58  38  48  -5  17   0 0.00  0.0    0  9.3 28 310   M    M   4        36 310
 8  57  32  45  -8  20   0 0.00  0.0    0  4.4 14 220   M    M   4        17 210
 9  61  40  51  -1  14   0 0.00  0.0    0  1.9  8  30   M    M   6 8      12 100
10  67  36  52   0  13   0 0.00  0.0    0  2.7 10 130   M    M   1        18  90
11  73  40  57   5   8   0 0.00  0.0    0  1.7  8 360   M    M   3        13 340
12  74  42  58   7   7   0 0.00  0.0    0  6.3 15 300   M    M   3        29 330
13  54  39  47  -4  18   0    T    M    0  8.1 16  30   M    M  10        21 360
14  41  26  34 -17  31   0    T  0.0    0  9.9 15 340   M    M   5 1      23 340
15  44  23  34 -16  31   0 0.00  0.0    0  1.6  8  30   M    M   1        22  30
16  51  28  40 -10  25   0 0.00  0.0    0  3.9 12 150   M    M   9        14 150
17  50  34  42  -8  23   0 0.43  0.0    0  6.8 23 290   M    M   9 1      29 290
18  35  21  28 -21  37   0 0.00  0.0    0 10.9 21 310   M    M   3        28 290
19  40  16  28 -21  37   0 0.00  0.0    0  6.9 17 200   M    M   3        22 230
20  57  29  43  -6  22   0 0.00  0.0    0  9.6 26 250   M    M   1        33 240
21  48  29  39  -9  26   0 0.00  0.0    0  5.3 15 320   M    M   2        21 320
22  53  22  38 -10  27   0 0.00  0.0    0  4.0 14 250   M    M   4 8      17 220
23  63  36  50   2  15   0 0.74  0.0    0  5.8 23 160   M    M  10 18     31 150
24  72  58  65  18   0   0 0.00  0.0    0 14.4 25 220   M    M   5        32 240
25  65  47  56   9   9   0 0.04  0.0    0  5.4 16 220   M    M   9        23 200
26  47  38  43  -4  22   0 1.00  0.0    0  6.4 16  30   M    M   9 12     22  30
27  47  32  40  -6  25   0 0.16  0.0    0  8.2 24 310   M    M   8 12     29 320
28  44  26  35 -11  30   0 0.00  0.0    0  5.2 14 320   M    M   3        17 320
29  53  29  41  -5  24   0 0.00  0.0    0  7.8 17 220   M    M   5        22 210
30  65  32  49   4  16   0 0.00  0.0    0  7.2 16 220   M    M   1        21 210
================================================================================
SM 1688 1032       582   0  3.33     0.0 208.1          M      153
================================================================================
AV 56.3 34.4                               6.9 FASTST   M    M   5    MAX(MPH)
                                 MISC ---->  # 28 310               # 36  310
================================================================================
NOTES:
# LAST OF SEVERAL OCCURRENCES

COLUMN 17 PEAK WIND IN M.P.H.

PRELIMINARY LOCAL CLIMATOLOGICAL DATA (WS FORM: F-6) , PAGE 2

                                          STATION:  PIEDMONT TRIAD INTL AIRPORT NC
                                          MONTH:    NOVEMBER
                                          YEAR:     2014
                                          LATITUDE:   36  4 N
                                          LONGITUDE:  79 57 W

[TEMPERATURE DATA]      [PRECIPITATION DATA]       SYMBOLS USED IN COLUMN 16

AVERAGE MONTHLY: 45.3   TOTAL FOR MONTH:   3.33    1 = FOG OR MIST
DPTR FM NORMAL:  -4.9   DPTR FM NORMAL:    0.22    2 = FOG REDUCING VISIBILITY
HIGHEST:    74 ON 12    GRTST 24HR  1.05 ON 31- 1      TO 1/4 MILE OR LESS
LOWEST:     16 ON 19                               3 = THUNDER
                        SNOW, ICE PELLETS, HAIL    4 = ICE PELLETS
                        TOTAL MONTH:   0.0 INCH    5 = HAIL
                        GRTST 24HR     0.0         6 = FREEZING RAIN OR DRIZZLE
                        GRTST DEPTH:   0           7 = DUSTSTORM OR SANDSTORM:
                                                       VSBY 1/2 MILE OR LESS
                                                   8 = SMOKE OR HAZE
[NO. OF DAYS WITH]      [WEATHER - DAYS WITH]      9 = BLOWING SNOW
                                                   X = TORNADO
MAX 32 OR BELOW:   0    0.01 INCH OR MORE:   7
MAX 90 OR ABOVE:   0    0.10 INCH OR MORE:   6
MIN 32 OR BELOW:  14    0.50 INCH OR MORE:   3
MIN  0 OR BELOW:   0    1.00 INCH OR MORE:   1

[HDD (BASE 65) ]
TOTAL THIS MO.   582    CLEAR  (SCALE 0-3)  12
DPTR FM NORMAL   135    PTCLDY (SCALE 4-7)  10
TOTAL FM JUL 1   750    CLOUDY (SCALE 8-10)  8
DPTR FM NORMAL    70

[CDD (BASE 65) ]
TOTAL THIS MO.     0
DPTR FM NORMAL    -3    [PRESSURE DATA]
TOTAL FM JAN 1  1499    HIGHEST SLP M ON M
DPTR FM NORMAL    16    LOWEST  SLP 29.58 ON 17

[REMARKS]
#FINAL-11-14#




U.S. Dept. of Commerce
NOAA National Weather Service
1325 East West Highway
Silver Spring, MD 20910
E-mail: w-nws.webmaster@noaa.gov
Page last modified: May 16, 2007
NATIONAL WEATHER SERVICE: for Safety, for Work, for Fun - FOR LIFE