390
CXGM50 PGUM 010005
CF6GSN
PRELIMINARY LOCAL CLIMATOLOGICAL DATA (WS FORM: F-6)

                                          STATION:   SAIPAN/ISLEY_(CGS) MP
                                          MONTH:     NOVEMBER
                                          YEAR:      2014
                                          LATITUDE:   15  7 N
                                          LONGITUDE: 145-44 E

  TEMPERATURE IN F:       :PCPN:    SNOW:  WIND      :SUNSHINE: SKY     :PK WND
================================================================================
1   2   3   4   5  6A  6B    7    8   9   10  11  12  13   14  15   16   17  18
                                     12Z  AVG MX 2MIN
DY MAX MIN AVG DEP HDD CDD  WTR  SNW DPTH SPD SPD DIR MIN PSBL S-S WX    SPD DR
================================================================================

 1  83  75  79   M   0  14 0.67  0.0    0  8.3 14  40   M    M   6 1      14  40
 2  82  76  79   M   0  14 1.89  0.0    0  7.2 13  80   M    M   6 18     13  80
 3  80  76  78   M   0  13 1.33  0.0    0 10.5 21 120   M    M   9 1      21 120
 4  85  77  81   M   0  16 1.33  0.0    0  5.1 13 150   M    M   7 1      16 190
 5   M   M   M   M   M   M    M    M    M   M   M   M   M    M   M 1       M  M
 6  87  79  83   M   0  18 0.08  0.0    0 11.4 15  70   M    M   2        15  70
 7  88  77  83   M   0  18 0.41  0.0    0 11.1 20  60   M    M   5 1      20  60
 8  83  76  80   M   0  15 0.35  0.0    0 11.7 16  90   M    M   5 1      21  90
 9  88  77  83   M   0  18 0.00  0.0    0 14.6 18  90   M    M   5 1      24 100
10  86  78  82   M   0  17 0.00  0.0    0  9.7 15 120   M    M   4        24 120
11  88  77  83   M   0  18 0.24  0.0    0  8.1 15 100   M    M   4 1      15 100
12  83  75  79   M   0  14 0.55  0.0    0 11.5 22  90   M    M   6 13     26 100
13  88  78  83   M   0  18 0.72  0.0    0 13.2 18  80   M    M   5 1      22 100
14  88  77  83   M   0  18 0.03  0.0    0 13.7 21 100   M    M   3 1      21 100
15  88  77  83   M   0  18 1.19  0.0    0 11.6 16 110   M    M   4 13     33 110
16  87  74  81   M   0  16 0.24  0.0    0 14.8 30  70   M    M   5 13     37  70
17  87  71  79   M   0  14 0.01  0.0    0 10.1 14 110   M    M   3 1      14 110
18  87  78  83   M   0  18 0.04  0.0    0  9.4 13 110   M    M   2 18     13 110
19  87  78  83   M   0  18 0.68  0.0    0  9.5 15  90   M    M   3 18     15  90
20  87  77  82   M   0  17    T  0.0    0 10.4 20 110   M    M   4 1      20 110
21  88  76  82   M   0  17 0.46  0.0    0 14.4 23 100   M    M   4 1      23 100
22  88  78  83   M   0  18 0.18  0.0    0 16.9 25 100   M    M   5 18     36 100
23  88  78  83   M   0  18 0.08  0.0    0 14.8 20  80   M    M   5 1      28 100
24  87  77  82   M   0  17 0.00  0.0    0 12.8 18 110   M    M   3 1      22 100
25  87  80  84   M   0  19 0.00  0.0    0 13.3 18 110   M    M   4        18 110
26  87  79  83   M   0  18 0.00  0.0    0 12.9 21  90   M    M   5        23  80
27  87  80  84   M   0  19 0.00  0.0    0 18.2 25  60   M    M   4        31  70
28  88  81  85   M   0  20 0.04  0.0    0 20.1 25  70   M    M   5        31  60
29  86  77  82   M   0  17 0.00  0.0    0 18.6 25  70   M    M   5 18     32  90
30  86  78  82   M   0  17 0.00  0.0    0 10.3 15  90   M    M   4        17  80
================================================================================
SM 2504 2237         0 492 10.52     0.0 354.2          M      132
================================================================================
AV 86.3 77.1                              12.2 FASTST   M    M   5    MAX(MPH)
                                 MISC ---->  # 30  70               # 37   70
================================================================================
NOTES:
# LAST OF SEVERAL OCCURRENCES

COLUMN 17 PEAK WIND IN M.P.H.

PRELIMINARY LOCAL CLIMATOLOGICAL DATA (WS FORM: F-6) , PAGE 2

                                          STATION:  SAIPAN/ISLEY_(CGS) MP
                                          MONTH:    NOVEMBER
                                          YEAR:     2014
                                          LATITUDE:   15  7 N
                                          LONGITUDE: 145-44 E

[TEMPERATURE DATA]      [PRECIPITATION DATA]       SYMBOLS USED IN COLUMN 16

AVERAGE MONTHLY: 81.7   TOTAL FOR MONTH:  10.52    1 = FOG OR MIST
DPTR FM NORMAL:     M   DPTR FM NORMAL:    4.60    2 = FOG REDUCING VISIBILITY
HIGHEST:    88 ON 28,23 GRTST 24HR  1.89 ON  2- 2      TO 1/4 MILE OR LESS
LOWEST:     71 ON 17                               3 = THUNDER
                        SNOW, ICE PELLETS, HAIL    4 = ICE PELLETS
                        TOTAL MONTH:   0.0 INCH    5 = HAIL
                        GRTST 24HR     0.0         6 = FREEZING RAIN OR DRIZZLE
                        GRTST DEPTH:   0           7 = DUSTSTORM OR SANDSTORM:
                                                       VSBY 1/2 MILE OR LESS
                                                   8 = SMOKE OR HAZE
[NO. OF DAYS WITH]      [WEATHER - DAYS WITH]      9 = BLOWING SNOW
                                                   X = TORNADO
MAX 32 OR BELOW:   0    0.01 INCH OR MORE:  20
MAX 90 OR ABOVE:   0    0.10 INCH OR MORE:  14
MIN 32 OR BELOW:   0    0.50 INCH OR MORE:   8
MIN  0 OR BELOW:   0    1.00 INCH OR MORE:   4

[HDD (BASE 65) ]
TOTAL THIS MO.     0    CLEAR  (SCALE 0-3)   5
DPTR FM NORMAL     M    PTCLDY (SCALE 4-7)  23
TOTAL FM JUL 1     0    CLOUDY (SCALE 8-10)  1
DPTR FM NORMAL     M

[CDD (BASE 65) ]
TOTAL THIS MO.   492
DPTR FM NORMAL     M    [PRESSURE DATA]
TOTAL FM JAN 1  5651    HIGHEST SLP M ON M
DPTR FM NORMAL     M    LOWEST  SLP 29.81 ON  2

[REMARKS]
#FINAL-11-14#




U.S. Dept. of Commerce
NOAA National Weather Service
1325 East West Highway
Silver Spring, MD 20910
E-mail: w-nws.webmaster@noaa.gov
Page last modified: May 16, 2007
NATIONAL WEATHER SERVICE: for Safety, for Work, for Fun - FOR LIFE