697
CXUS53 KIWX 300800
CF6GSH
PRELIMINARY LOCAL CLIMATOLOGICAL DATA (WS FORM: F-6)

                                          STATION:   GOSHEN
                                          MONTH:     AUGUST
                                          YEAR:      2014
                                          LATITUDE:   41 31 N
                                          LONGITUDE:  85 47 W

  TEMPERATURE IN F:       :PCPN:    SNOW:  WIND      :SUNSHINE: SKY     :PK WND
================================================================================
1   2   3   4   5  6A  6B    7    8   9   10  11  12  13   14  15   16   17  18
                                     12Z  AVG MX 2MIN
DY MAX MIN AVG DEP HDD CDD  WTR  SNW DPTH SPD SPD DIR MIN PSBL S-S WX    SPD DR
================================================================================

 1  83  59  71   0   0   6 0.06  0.0    0  3.8 17 310   M    M   2 13     30  10
 2  84  54  69  -2   0   4 0.00  0.0    0  3.8 13 360   M    M   1 128    16  10
 3  86  52  69  -2   0   4 0.00  0.0    0  2.5 13 360   M    M   2 128    18 280
 4  86  62  74   3   0   9 0.00  0.0    0  4.1 15  10   M    M   1 138    18  10
 5  78  66  72   1   0   7 0.17  0.0    0  3.9 12 360   M    M   6 18     13 360
 6  81  60  71   0   0   6 0.04  0.0    0  4.7 15  30   M    M   4 128    18  40
 7  83  55  69  -2   0   4 0.00  0.0    0  2.5 12 140   M    M   0 1      14 130
 8  86  57  72   1   0   7 0.00  0.0    0  8.3 17  80   M    M   0 18     23 130
 9  85  60  73   2   0   8 0.00  0.0    0  8.3 16 100   M    M   0 18     21 100
10  90  61  76   5   0  11 0.00  0.0    0  6.9 14  90   M    M   4        17  90
11  81  67  74   4   0   9 0.78  0.0    0  5.7 14 350   M    M   6 138    16 350
12  71  57  64  -6   1   0 0.26  0.0    0 10.4 23 290   M    M   9 138    31 300
13  79  54  67  -3   0   2 0.00  0.0    0  6.1 20 260   M    M   3 12     24 260
14  74  50  62  -8   3   0 0.00  0.0    0  6.0 17 330   M    M   1 1      24 280
15  75  44  60 -10   5   0 0.00  0.0    0  3.6 12 300   M    M   0        15 260
16  82  51  67  -3   0   2    T  0.0    0  7.1 16 230   M    M   4        22 240
17  85  63  74   4   0   9 0.00  0.0    0  3.9 12  90   M    M   7 128    15  60
18  85  62  74   4   0   9 0.00  0.0    0  2.4  8 260   M    M   3 18     11 170
19  87  64  76   6   0  11 0.21  0.0    0  7.9 39 260   M    M   2 138    50 260
20  86  64  75   5   0  10    T  0.0    0  6.4 25 250   M    M   1 128    33 250
21  81  68  75   5   0  10 0.29  0.0    0  5.7 16 200   M    M   4 13     18 200
22  87  71  79   9   0  14 0.07  0.0    0  4.7 15 230   M    M   7 138    20 220
23  87  71  79   9   0  14 0.00  0.0    0  5.5 14 120   M    M   6 128    18 120
24  85  68  77   8   0  12 0.00  0.0    0  7.4 13  90   M    M   5 1      16 100
25  93  70  82  13   0  17 0.01  0.0    0  6.5 28 290   M    M   2 138    37 290
26  78  66  72   3   0   7 0.63  0.0    0  3.6 22 350   M    M   1 1238   31 350
27  81  64  73   4   0   8 0.00  0.0    0  5.6 14 350   M    M   2 18     17 340
28  81  59  70   1   0   5 0.00  0.0    0  4.0 10 130   M    M   1        13 130
29  84  65  75   6   0  10 0.09  0.0    0  9.1 17 260   M    M   4 38     20 250
================================================================================
SM 2404 1764         9 215  2.61     0.0 160.4          M       88
================================================================================
AV 82.9 60.8                               5.5 FASTST   M    M   3    MAX(MPH)
                                 MISC ---->  # 39 260               # 50  260
================================================================================
NOTES:
# LAST OF SEVERAL OCCURRENCES

COLUMN 17 PEAK WIND IN M.P.H.

PRELIMINARY LOCAL CLIMATOLOGICAL DATA (WS FORM: F-6) , PAGE 2

                                          STATION:  GOSHEN
                                          MONTH:    AUGUST
                                          YEAR:     2014
                                          LATITUDE:   41 31 N
                                          LONGITUDE:  85 47 W

[TEMPERATURE DATA]      [PRECIPITATION DATA]       SYMBOLS USED IN COLUMN 16

AVERAGE MONTHLY: 71.9   TOTAL FOR MONTH:   2.61    1 = FOG OR MIST
DPTR FM NORMAL:   1.7   DPTR FM NORMAL:   -1.78    2 = FOG REDUCING VISIBILITY
HIGHEST:    93 ON 25    GRTST 24HR  0.78 ON 11-11      TO 1/4 MILE OR LESS
LOWEST:     44 ON 15                               3 = THUNDER
                        SNOW, ICE PELLETS, HAIL    4 = ICE PELLETS
                        TOTAL MONTH:   0.0 INCH    5 = HAIL
                        GRTST 24HR     0.0         6 = FREEZING RAIN OR DRIZZLE
                        GRTST DEPTH:   0           7 = DUSTSTORM OR SANDSTORM:
                                                       VSBY 1/2 MILE OR LESS
                                                   8 = SMOKE OR HAZE
[NO. OF DAYS WITH]      [WEATHER - DAYS WITH]      9 = BLOWING SNOW
                                                   X = TORNADO
MAX 32 OR BELOW:   0    0.01 INCH OR MORE:  11
MAX 90 OR ABOVE:   2    0.10 INCH OR MORE:   6
MIN 32 OR BELOW:   0    0.50 INCH OR MORE:   2
MIN  0 OR BELOW:   0    1.00 INCH OR MORE:   0

[HDD (BASE 65) ]
TOTAL THIS MO.     9    CLEAR  (SCALE 0-3)  16
DPTR FM NORMAL     4    PTCLDY (SCALE 4-7)  12
TOTAL FM JUL 1    29    CLOUDY (SCALE 8-10)  1
DPTR FM NORMAL    18

[CDD (BASE 65) ]
TOTAL THIS MO.   215
DPTR FM NORMAL    54    [PRESSURE DATA]
TOTAL FM JAN 1   658    HIGHEST SLP M ON M
DPTR FM NORMAL    75    LOWEST  SLP 29.68 ON 19

[REMARKS]




U.S. Dept. of Commerce
NOAA National Weather Service
1325 East West Highway
Silver Spring, MD 20910
E-mail: w-nws.webmaster@noaa.gov
Page last modified: May 16, 2007
NATIONAL WEATHER SERVICE: for Safety, for Work, for Fun - FOR LIFE