214
CXUS53 KIWX 230800
CF6GSH
PRELIMINARY LOCAL CLIMATOLOGICAL DATA (WS FORM: F-6)

                                          STATION:   GOSHEN
                                          MONTH:     NOVEMBER
                                          YEAR:      2014
                                          LATITUDE:   41 31 N
                                          LONGITUDE:  85 47 W

  TEMPERATURE IN F:       :PCPN:    SNOW:  WIND      :SUNSHINE: SKY     :PK WND
================================================================================
1   2   3   4   5  6A  6B    7    8   9   10  11  12  13   14  15   16   17  18
                                     12Z  AVG MX 2MIN
DY MAX MIN AVG DEP HDD CDD  WTR  SNW DPTH SPD SPD DIR MIN PSBL S-S WX    SPD DR
================================================================================

 1  42  24  33 -13  32   0 0.00  0.0    M 11.1 22  20   M    M   4        30  20
 2  50  20  35 -11  30   0 0.00  0.0    0  5.2 14 210   M    M   0 1      19 210
 3  63  43  53   8  12   0 0.00  0.0    0 14.6 24 230   M    M   4        30 230
 4  57  40  49   4  16   0 0.22  0.0    0 14.5 29 220   M    M   8 1      35 220
 5  58  36  47   2  18   0 0.00  0.0    0  9.2 16 220   M    M   0        20 200
 6  48  37  43  -1  22   0 0.06    M    M 15.2 29 330   M    M   9 1      38 320
 7  44  34  39  -5  26   0    T    M    M  7.5 13 170   M    M   8 1      18 160
 8  45  35  40  -4  25   0 0.01    M    M 10.7 20 310   M    M   9 18     25 300
 9  45  30  38  -5  27   0 0.00  0.0    0 10.2 24 210   M    M   6        30 220
10  59  42  51   8  14   0 0.00  0.0    0 13.1 22 160   M    M   2        29 180
11  58  35  47   5  18   0 0.19  0.0    0 16.1 29 220   M    M   9 1      36 220
12  35  27  31 -11  34   0 0.00  0.0    0 12.1 23 320   M    M  10        33 320
13  33  22  28 -14  37   0    T    M    M 13.0 23 280   M    M   9 18     27 270
14  33  20  27 -14  38   0 0.00  0.0    0  9.2 18 260   M    M   8        21 280
15  32  16  24 -17  41   0 0.00  0.0    0  6.4 16 230   M    M   2        19 230
16  31  27  29 -11  36   0 0.06    M    M  5.8 13 200   M    M  10 128    15 200
17  29  12  21 -19  44   0    T    M    M 16.6 30 260   M    M   7 18     38 270
18  18  11  15 -24  50   0    T    M    M 18.3 28 250   M    M   7 8      34 240
19  33  15  24 -15  41   0    T    M    M 17.7 30 250   M    M   9        40 250
20  28  19  24 -14  41   0 0.00  0.0    M 16.4 28 260   M    M   7        33 270
21  31  11  21 -17  44   0 0.00  0.0    M  8.3 17 310   M    M   2        22 310
22  51  27  39   2  26   0 0.13    M    M 12.6 21 200   M    M  10 16     26 210
================================================================================
SM  923  583       672   0  0.67     0.0 263.8          M      140
================================================================================
AV 42.0 26.5                              12.0 FASTST   M    M   6    MAX(MPH)
                                 MISC ---->  # 30 260               # 40  250
================================================================================
NOTES:
# LAST OF SEVERAL OCCURRENCES

COLUMN 17 PEAK WIND IN M.P.H.

PRELIMINARY LOCAL CLIMATOLOGICAL DATA (WS FORM: F-6) , PAGE 2

                                          STATION:  GOSHEN
                                          MONTH:    NOVEMBER
                                          YEAR:     2014
                                          LATITUDE:   41 31 N
                                          LONGITUDE:  85 47 W

[TEMPERATURE DATA]      [PRECIPITATION DATA]       SYMBOLS USED IN COLUMN 16

AVERAGE MONTHLY: 34.2   TOTAL FOR MONTH:   0.67    1 = FOG OR MIST
DPTR FM NORMAL:  -7.8   DPTR FM NORMAL:   -1.65    2 = FOG REDUCING VISIBILITY
HIGHEST:    63 ON  3    GRTST 24HR  0.22 ON  4- 4      TO 1/4 MILE OR LESS
LOWEST:     11 ON 21,18                            3 = THUNDER
                        SNOW, ICE PELLETS, HAIL    4 = ICE PELLETS
                        TOTAL MONTH:   0.0 INCH    5 = HAIL
                        GRTST 24HR     0.0         6 = FREEZING RAIN OR DRIZZLE
                        GRTST DEPTH:   0           7 = DUSTSTORM OR SANDSTORM:
                                                       VSBY 1/2 MILE OR LESS
                                                   8 = SMOKE OR HAZE
[NO. OF DAYS WITH]      [WEATHER - DAYS WITH]      9 = BLOWING SNOW
                                                   X = TORNADO
MAX 32 OR BELOW:   6    0.01 INCH OR MORE:   6
MAX 90 OR ABOVE:   0    0.10 INCH OR MORE:   3
MIN 32 OR BELOW:  14    0.50 INCH OR MORE:   0
MIN  0 OR BELOW:   0    1.00 INCH OR MORE:   0

[HDD (BASE 65) ]
TOTAL THIS MO.   672    CLEAR  (SCALE 0-3)   5
DPTR FM NORMAL   165    PTCLDY (SCALE 4-7)   9
TOTAL FM JUL 1  1232    CLOUDY (SCALE 8-10)  8
DPTR FM NORMAL   146

[CDD (BASE 65) ]
TOTAL THIS MO.     0
DPTR FM NORMAL     0    [PRESSURE DATA]
TOTAL FM JAN 1   744    HIGHEST SLP M ON M
DPTR FM NORMAL    82    LOWEST  SLP 29.60 ON 10

[REMARKS]




U.S. Dept. of Commerce
NOAA National Weather Service
1325 East West Highway
Silver Spring, MD 20910
E-mail: w-nws.webmaster@noaa.gov
Page last modified: May 16, 2007
NATIONAL WEATHER SERVICE: for Safety, for Work, for Fun - FOR LIFE