668
CXUS53 KGRR 281017
CF6GRR
PRELIMINARY LOCAL CLIMATOLOGICAL DATA (WS FORM: F-6)

                                          STATION:   GRAND RAPIDS MI
                                          MONTH:     NOVEMBER
                                          YEAR:      2014
                                          LATITUDE:   42 52 N
                                          LONGITUDE:  85 31 W

  TEMPERATURE IN F:       :PCPN:    SNOW:  WIND      :SUNSHINE: SKY     :PK WND
================================================================================
1   2   3   4   5  6A  6B    7    8   9   10  11  12  13   14  15   16   17  18
                                     12Z  AVG MX 2MIN
DY MAX MIN AVG DEP HDD CDD  WTR  SNW DPTH SPD SPD DIR MIN PSBL S-S WX    SPD DR
================================================================================

 1  44  26  35 -11  30   0 0.00  0.0    0  8.3 20 360 617  100   3        24  10
 2  52  22  37  -8  28   0 0.00  0.0    0  5.6 13 190 560   91   3        16 190
 3  59  43  51   6  14   0 0.00  0.0    0 11.2 21 250 295   48   9        27 220
 4  60  41  51   6  14   0 0.12  0.0    0 14.3 33 250   0    0   9 1      42 240
 5  53  39  46   2  19   0 0.02  0.0    0 10.1 22 260 436   72   6        29 250
 6  48  37  43  -1  22   0 0.13  0.0    0 10.5 25 360   0    0  10 1      34 340
 7  45  33  39  -5  26   0    T    T    0  7.0 21 360 258   43   9        28 350
 8  44  33  39  -4  26   0 0.09  0.0    0 11.4 24 300   0    0   9 1      32 300
 9  46  31  39  -4  26   0 0.01  0.0    0 10.1 21 220  35    6   8        30 220
10  58  39  49   7  16   0    T  0.0    0 10.6 21 160 145   24   9        27 160
11  56  35  46   4  19   0 0.25    T    0 13.0 30 250   0    0   9 1      39 250
12  35  31  33  -9  32   0    T  0.1    0 12.8 24 270   0    0  10        30 270
13  33  25  29 -12  36   0 0.05  1.0    T  8.9 18 280 108   18   7 18     24 280
14  34  22  28 -13  37   0    T  0.1    T  7.9 15 280  41    7   8 1      18 270
15  30  26  28 -12  37   0 0.03  0.4    T  9.1 15 190   0    0  10 18     18 190
16  33  24  29 -11  36   0 0.13  3.3    1  9.7 16 200   0    0  10 18     20 190
17  30  16  23 -17  42   0 0.28  6.0    2 14.8 26 260   0    0  10 1289   33 260
18  19  15  17 -22  48   0 0.51  9.6    8 16.8 25 240   0    0   9 129    32 240
19  27  15  21 -18  44   0 0.14  2.9    8 15.5 26 280   0    0  10 189    36 280
20  25  17  21 -17  44   0 0.19  5.6    7 13.9 28 260  18    3  10 129    36 270
21  27  10  19 -19  46   0    T    T    8  8.0 15 180 556   97   4 8      19 190
22  45  24  35  -3  30   0 0.08  0.0    6 11.6 16 210   0    0  10 16     22 210
23  52  45  49  12  16   0 1.16  0.0    T 11.1 21 190   0    0  10 18     32 190
24  51  31  41   4  24   0 0.81  0.3    0 18.6 39 230   0    0  10 1      50 240
25  31  29  30  -6  35   0 0.07  1.0    T 13.8 32 230   4    1  10 16     39 240
26  30  28  29  -7  36   0    T    T    1  4.9 13 110   0    0  10 8      16  90
27  30  18  24 -12  41   0 0.03  0.4    T  8.1 20 340   0    0   9 1      24 340
================================================================================
SM 1097  755       824   0  4.10    30.7 297.6         3073    231
================================================================================
AV 40.6 28.0                              11.0 FASTST  114  19   9    MAX(MPH)
                                 MISC ---->  # 39 230               # 50  240
================================================================================
NOTES:
# LAST OF SEVERAL OCCURRENCES

COLUMN 17 PEAK WIND IN M.P.H.

PRELIMINARY LOCAL CLIMATOLOGICAL DATA (WS FORM: F-6) , PAGE 2

                                          STATION:  GRAND RAPIDS MI
                                          MONTH:    NOVEMBER
                                          YEAR:     2014
                                          LATITUDE:   42 52 N
                                          LONGITUDE:  85 31 W

[TEMPERATURE DATA]      [PRECIPITATION DATA]       SYMBOLS USED IN COLUMN 16

AVERAGE MONTHLY: 34.3   TOTAL FOR MONTH:   4.10    1 = FOG OR MIST
DPTR FM NORMAL:  -6.5   DPTR FM NORMAL:    0.91    2 = FOG REDUCING VISIBILITY
HIGHEST:    60 ON  4    GRTST 24HR  1.91 ON 23-24      TO 1/4 MILE OR LESS
LOWEST:     10 ON 21                               3 = THUNDER
                        SNOW, ICE PELLETS, HAIL    4 = ICE PELLETS
                        TOTAL MONTH:  30.7 INCHES  5 = HAIL
                        GRTST 24HR   9.6 ON   M    6 = FREEZING RAIN OR DRIZZLE
                        GRTST DEPTH:   8 ON 21,19  7 = DUSTSTORM OR SANDSTORM:
                                                       VSBY 1/2 MILE OR LESS
                                                   8 = SMOKE OR HAZE
[NO. OF DAYS WITH]      [WEATHER - DAYS WITH]      9 = BLOWING SNOW
                                                   X = TORNADO
MAX 32 OR BELOW:   9    0.01 INCH OR MORE:  18
MAX 90 OR ABOVE:   0    0.10 INCH OR MORE:  10
MIN 32 OR BELOW:  18    0.50 INCH OR MORE:   3
MIN  0 OR BELOW:   0    1.00 INCH OR MORE:   1

[HDD (BASE 65) ]
TOTAL THIS MO.   824    CLEAR  (SCALE 0-3)   1
DPTR FM NORMAL   170    PTCLDY (SCALE 4-7)   5
TOTAL FM JUL 1  1406    CLOUDY (SCALE 8-10) 21
DPTR FM NORMAL   160

[CDD (BASE 65) ]
TOTAL THIS MO.     0
DPTR FM NORMAL     0    [PRESSURE DATA]
TOTAL FM JAN 1   611    HIGHEST SLP M ON M
DPTR FM NORMAL   -88    LOWEST  SLP 29.03 ON 24

[REMARKS]




U.S. Dept. of Commerce
NOAA National Weather Service
1325 East West Highway
Silver Spring, MD 20910
E-mail: w-nws.webmaster@noaa.gov
Page last modified: May 16, 2007
NATIONAL WEATHER SERVICE: for Safety, for Work, for Fun - FOR LIFE