404
CXUS53 KGID 300730
CF6GRI
PRELIMINARY LOCAL CLIMATOLOGICAL DATA (WS FORM: F-6)

                                          STATION:   GRAND ISLAND NE
                                          MONTH:     JANUARY
                                          YEAR:      2015
                                          LATITUDE:   40 58 N
                                          LONGITUDE:  98 19 W

  TEMPERATURE IN F:       :PCPN:    SNOW:  WIND      :SUNSHINE: SKY     :PK WND
================================================================================
1   2   3   4   5  6A  6B    7    8   9   10  11  12  13   14  15   16   17  18
                                     12Z  AVG MX 2MIN
DY MAX MIN AVG DEP HDD CDD  WTR  SNW DPTH SPD SPD DIR MIN PSBL S-S WX    SPD DR
================================================================================

 1  33   7  20  -5  45   0 0.00  0.0    1  7.0 13 250   M    M   0        15 250
 2  31   6  19  -6  46   0 0.00  0.0    T  4.3 13 210   M    M   1        14 220
 3  33   5  19  -6  46   0 0.03  0.8    T 20.1 41 350   M    M   4 1289   47 340
 4   9  -4   3 -22  62   0    T  0.1    1 11.5 35 340   M    M   3 19     39 340
 5  26   3  15 -10  50   0    T    T    1 13.8 32 340   M    M   6 8      39 340
 6  21   3  12 -13  53   0    T    T    1 11.8 33 340   M    M   5 89     39 360
 7  12  -3   5 -20  60   0    T    T    T 16.2 31 350   M    M   3 8      38 350
 8  39   7  23  -2  42   0 0.00  0.0    T 23.7 40 340   M    M   3        47 350
 9  20   3  12 -13  53   0 0.00  0.0    0 12.2 32 320   M    M   0        41 320
10  37   5  21  -4  44   0 0.00  0.0    0 11.5 28 220   M    M   0        35 220
11  27   7  17  -8  48   0 0.00  0.0    0  9.3 21  10   M    M   2        24  10
12  17  -1   8 -17  57   0 0.00  0.0    0 11.2 23 360   M    M   2        26 360
13  24   0  12 -13  53   0 0.00  0.0    0  8.1 15 190   M    M   7        18 210
14  40  10  25   0  40   0 0.00  0.0    0  8.0 14 240   M    M   1        17 230
15  48  20  34   9  31   0 0.00  0.0    0  8.9 17 320   M    M   0        22 310
16  53  29  41  16  24   0 0.00  0.0    0 11.0 21 240   M    M   0        24 240
17  52  31  42  17  23   0 0.00  0.0    0 18.1 41 310   M    M   1        50 310
18  54  20  37  12  28   0 0.00  0.0    0  7.6 18 250   M    M   0        22 250
19  59  27  43  18  22   0 0.00  0.0    0  9.9 25 340   M    M   0        30 330
20  50  27  39  14  26   0 0.00  0.0    0 11.2 22 310   M    M   0        29 310
21  44  24  34   9  31   0 0.00  0.0    0 12.1 21 340   M    M   4        26 350
22  42  22  32   7  33   0 0.00  0.0    0  8.4 16 200   M    M   4        20 200
23  50  20  35  10  30   0 0.00  0.0    0 11.0 21 330   M    M   1        25 330
24  53  29  41  16  24   0    T  0.0    0 14.0 30 310   M    M   3        40 310
25  45  25  35  10  30   0    T  0.0    0 16.4 40 340   M    M   8 1      50 340
26  63  30  47  22  18   0 0.00  0.0    0 10.6 24 320   M    M   1        28 320
27  64  26  45  19  20   0 0.00  0.0    0  8.6 14 140   M    M   0        19 190
28  68  24  46  20  19   0 0.00  0.0    0 12.7 39 330   M    M   1        49 320
29  46  20  33   7  32   0 0.00  0.0    0 17.6 39 330   M    M   5        52 340
================================================================================
SM 1160  422      1090   0  0.03     0.9 346.8          M       65
================================================================================
AV 40.0 14.6                              12.0 FASTST   M    M   2    MAX(MPH)
                                 MISC ---->  # 41 350               # 52  340
================================================================================
NOTES:
# LAST OF SEVERAL OCCURRENCES

COLUMN 17 PEAK WIND IN M.P.H.

PRELIMINARY LOCAL CLIMATOLOGICAL DATA (WS FORM: F-6) , PAGE 2

                                          STATION:  GRAND ISLAND NE
                                          MONTH:    JANUARY
                                          YEAR:     2015
                                          LATITUDE:   40 58 N
                                          LONGITUDE:  98 19 W

[TEMPERATURE DATA]      [PRECIPITATION DATA]       SYMBOLS USED IN COLUMN 16

AVERAGE MONTHLY: 27.3   TOTAL FOR MONTH:   0.03    1 = FOG OR MIST
DPTR FM NORMAL:   2.2   DPTR FM NORMAL:   -0.46    2 = FOG REDUCING VISIBILITY
HIGHEST:    68 ON 28    GRTST 24HR  0.03 ON  3- 3      TO 1/4 MILE OR LESS
LOWEST:     -4 ON  4                               3 = THUNDER
                        SNOW, ICE PELLETS, HAIL    4 = ICE PELLETS
                        TOTAL MONTH:   0.9 INCH    5 = HAIL
                        GRTST 24HR   0.8 ON   M    6 = FREEZING RAIN OR DRIZZLE
                        GRTST DEPTH:   1 ON  6, 5  7 = DUSTSTORM OR SANDSTORM:
                                                       VSBY 1/2 MILE OR LESS
                                                   8 = SMOKE OR HAZE
[NO. OF DAYS WITH]      [WEATHER - DAYS WITH]      9 = BLOWING SNOW
                                                   X = TORNADO
MAX 32 OR BELOW:   9    0.01 INCH OR MORE:   1
MAX 90 OR ABOVE:   0    0.10 INCH OR MORE:   0
MIN 32 OR BELOW:  29    0.50 INCH OR MORE:   0
MIN  0 OR BELOW:   4    1.00 INCH OR MORE:   0

[HDD (BASE 65) ]
TOTAL THIS MO.  1090    CLEAR  (SCALE 0-3)  20
DPTR FM NORMAL   -68    PTCLDY (SCALE 4-7)   9
TOTAL FM JUL 1  3528    CLOUDY (SCALE 8-10)  0
DPTR FM NORMAL  -149

[CDD (BASE 65) ]
TOTAL THIS MO.     0
DPTR FM NORMAL     0    [PRESSURE DATA]
TOTAL FM JAN 1     0    HIGHEST SLP M ON M
DPTR FM NORMAL     0    LOWEST  SLP 29.71 ON 28

[REMARKS]




U.S. Dept. of Commerce
NOAA National Weather Service
1325 East West Highway
Silver Spring, MD 20910
E-mail: w-nws.webmaster@noaa.gov
Page last modified: May 16, 2007
NATIONAL WEATHER SERVICE: for Safety, for Work, for Fun - FOR LIFE