697
CXUS53 KGID 280730
CF6GRI
PRELIMINARY LOCAL CLIMATOLOGICAL DATA (WS FORM: F-6)

                                          STATION:   GRAND ISLAND NE
                                          MONTH:     JULY
                                          YEAR:      2014
                                          LATITUDE:   40 58 N
                                          LONGITUDE:  98 19 W

  TEMPERATURE IN F:       :PCPN:    SNOW:  WIND      :SUNSHINE: SKY     :PK WND
================================================================================
1   2   3   4   5  6A  6B    7    8   9   10  11  12  13   14  15   16   17  18
                                     12Z  AVG MX 2MIN
DY MAX MIN AVG DEP HDD CDD  WTR  SNW DPTH SPD SPD DIR MIN PSBL S-S WX    SPD DR
================================================================================

 1  81  58  70  -5   0   5 0.00  0.0    0 13.8 29 320   M    M   0        37 340
 2  75  52  64 -12   1   0 0.00  0.0    0  9.7 21 340   M    M   1        28 340
 3  82  55  69  -7   0   4 0.00  0.0    0 10.5 20 150   M    M   0        25 170
 4  86  63  75  -1   0  10 0.00  0.0    0 17.2 30 150   M    M   3        40 150
 5  90  68  79   3   0  14 0.00  0.0    0  8.4 22 160   M    M   0        28 170
 6  97  67  82   6   0  17 0.00  0.0    0  6.6 20  30   M    M   0 138    24  20
 7  89  66  78   2   0  13 0.15  0.0    0  8.4 30  20   M    M   2 13     36  20
 8  84  60  72  -4   0   7 0.00  0.0    0 10.8 22 310   M    M   1        28 300
 9  82  56  69  -7   0   4 1.22  0.0    0 10.7 35 140   M    M   3 138    43 140
10  84  64  74  -2   0   9 0.00  0.0    0 13.3 22 160   M    M   2        30 170
11  87  69  78   2   0  13 0.00  0.0    0  8.5 20 160   M    M   1        24 160
12  84  68  76   0   0  11 0.00  0.0    0  8.0 16  20   M    M   2 1      20 360
13  90  64  77   1   0  12 0.00  0.0    0  5.7 14 350   M    M   1 1      18 280
14  76  55  66 -10   0   1 0.69  0.0    0 11.1 24 330   M    M   2 13     30 350
15  74  50  62 -14   3   0 0.00  0.0    0  6.4 14 340   M    M   1        20 360
16  74  57  66 -10   0   1 0.00  0.0    0  4.5 10 100   M    M   5        14 100
17  77  53  65 -11   0   0 0.00  0.0    0  4.9 13 200   M    M   5 1      16 210
18  78  58  68  -8   0   3 0.00  0.0    0 11.9 20 180   M    M   4 1      26 160
19  82  61  72  -4   0   7 0.00  0.0    0 11.1 18 180   M    M   3 1      24 200
20  92  66  79   3   0  14 0.00  0.0    0 12.4 18 180   M    M   2        24 170
21 100  75  88  12   0  23 0.00  0.0    0 11.8 20 200   M    M   0        28 200
22  90  69  80   4   0  15 0.00  0.0    0  9.7 17  20   M    M   0        24 220
23  83  62  73  -3   0   8 0.00  0.0    0  6.7 14  80   M    M   0        20  70
24  88  64  76   0   0  11 0.00  0.0    0 15.0 28 160   M    M   0        34 170
25  96  75  86  10   0  21 0.00  0.0    0  9.6 23 210   M    M   0        32 220
26  93  68  81   5   0  16 0.00  0.0    0  6.6 18  40   M    M   4 128    23  40
27  87  62  75  -1   0  10 0.00  0.0    0 10.5 23 330   M    M   0        30 350
================================================================================
SM 2301 1685         4 249  2.06     0.0 263.8          M       42
================================================================================
AV 85.2 62.4                               9.8 FASTST   M    M   2    MAX(MPH)
                                 MISC ---->  # 35 140               # 43  140
================================================================================
NOTES:
# LAST OF SEVERAL OCCURRENCES

COLUMN 17 PEAK WIND IN M.P.H.

PRELIMINARY LOCAL CLIMATOLOGICAL DATA (WS FORM: F-6) , PAGE 2

                                          STATION:  GRAND ISLAND NE
                                          MONTH:    JULY
                                          YEAR:     2014
                                          LATITUDE:   40 58 N
                                          LONGITUDE:  98 19 W

[TEMPERATURE DATA]      [PRECIPITATION DATA]       SYMBOLS USED IN COLUMN 16

AVERAGE MONTHLY: 73.8   TOTAL FOR MONTH:   2.06    1 = FOG OR MIST
DPTR FM NORMAL:  -2.1   DPTR FM NORMAL:   -0.91    2 = FOG REDUCING VISIBILITY
HIGHEST:   100 ON 21    GRTST 24HR  1.22 ON  9- 9      TO 1/4 MILE OR LESS
LOWEST:     50 ON 15                               3 = THUNDER
                        SNOW, ICE PELLETS, HAIL    4 = ICE PELLETS
                        TOTAL MONTH:   0.0 INCH    5 = HAIL
                        GRTST 24HR     0.0         6 = FREEZING RAIN OR DRIZZLE
                        GRTST DEPTH:   0           7 = DUSTSTORM OR SANDSTORM:
                                                       VSBY 1/2 MILE OR LESS
                                                   8 = SMOKE OR HAZE
[NO. OF DAYS WITH]      [WEATHER - DAYS WITH]      9 = BLOWING SNOW
                                                   X = TORNADO
MAX 32 OR BELOW:   0    0.01 INCH OR MORE:   3
MAX 90 OR ABOVE:   8    0.10 INCH OR MORE:   3
MIN 32 OR BELOW:   0    0.50 INCH OR MORE:   2
MIN  0 OR BELOW:   0    1.00 INCH OR MORE:   1

[HDD (BASE 65) ]
TOTAL THIS MO.     4    CLEAR  (SCALE 0-3)  21
DPTR FM NORMAL     4    PTCLDY (SCALE 4-7)   6
TOTAL FM JUL 1     4    CLOUDY (SCALE 8-10)  0
DPTR FM NORMAL     4

[CDD (BASE 65) ]
TOTAL THIS MO.   249
DPTR FM NORMAL   -57    [PRESSURE DATA]
TOTAL FM JAN 1   618    HIGHEST SLP M ON M
DPTR FM NORMAL    34    LOWEST  SLP 29.67 ON 25

[REMARKS]




U.S. Dept. of Commerce
NOAA National Weather Service
1325 East West Highway
Silver Spring, MD 20910
E-mail: w-nws.webmaster@noaa.gov
Page last modified: May 16, 2007
NATIONAL WEATHER SERVICE: for Safety, for Work, for Fun - FOR LIFE