733
CXUS53 KGID 300730
CF6GRI
PRELIMINARY LOCAL CLIMATOLOGICAL DATA (WS FORM: F-6)

                                          STATION:   GRAND ISLAND NE
                                          MONTH:     AUGUST
                                          YEAR:      2014
                                          LATITUDE:   40 58 N
                                          LONGITUDE:  98 19 W

  TEMPERATURE IN F:       :PCPN:    SNOW:  WIND      :SUNSHINE: SKY     :PK WND
================================================================================
1   2   3   4   5  6A  6B    7    8   9   10  11  12  13   14  15   16   17  18
                                     12Z  AVG MX 2MIN
DY MAX MIN AVG DEP HDD CDD  WTR  SNW DPTH SPD SPD DIR MIN PSBL S-S WX    SPD DR
================================================================================

 1  85  58  72  -4   0   7 0.00  0.0    0  6.9 14  50   M    M   0 1      18  40
 2  88  61  75  -1   0  10 0.00  0.0    0  8.4 15 170   M    M   0 1      22 150
 3  90  60  75  -1   0  10 0.00  0.0    0  4.7 10 150   M    M   0        15 150
 4  89  65  77   1   0  12 0.00  0.0    0  6.8 15  90   M    M   2 12     19  90
 5  88  69  79   4   0  14 0.07  0.0    0 11.3 20 120   M    M   2 13     26 120
 6  83  69  76   1   0  11 0.08  0.0    0  8.6 17 140   M    M   6 1      21 140
 7  82  65  74  -1   0   9 0.01  0.0    0  7.0 14  30   M    M   6 18     18  40
 8  85  64  75   0   0  10 0.56  0.0    0  6.8 28 350   M    M   4 123    34 360
 9  83  63  73  -2   0   8 2.04  0.0    0 10.6 25 330   M    M   5 13     30 110
10  85  64  75   0   0  10 0.09  0.0    0  6.3 18 300   M    M   2 3      22 300
11  79  59  69  -6   0   4 0.00  0.0    0  9.5 20 350   M    M   0        24 350
12  81  55  68  -7   0   3 0.00  0.0    0  4.7  9 100   M    M   0        12  10
13  83  59  71  -4   0   6 0.00  0.0    0  7.3 14 150   M    M   0        18 140
14  86  63  75   1   0  10 0.00  0.0    0 12.7 22 160   M    M   1 3      29 140
15  79  67  73  -1   0   8 0.19  0.0    0  7.7 25 170   M    M   4 13     31 190
16  87  65  76   2   0  11 0.00  0.0    0  3.5  9 140   M    M   5 128    11 170
17  88  66  77   3   0  12 0.15  0.0    0  6.6 40 350   M    M   1 123    50 350
18  87  61  74   0   0   9 0.00  0.0    0  4.2 17 360   M    M   0        20 360
19  88  65  77   3   0  12 0.00  0.0    0  6.1 14 130   M    M   0 1      17 160
20  90  74  82   8   0  17    T  0.0    0 12.3 22 150   M    M   0        30 140
21  89  67  78   4   0  13 0.27  0.0    0  9.2 37 120   M    M   M 3      48 120
22  88  67  78   5   0  13 0.74  0.0    0  6.9 32 220   M    M   1 3      44 230
23  89  67  78   5   0  13 0.07  0.0    0 10.4 18 160   M    M   3 3      25 160
24  86  65  76   3   0  11 0.00  0.0    0  4.7 23 260   M    M   0        30 300
25  73  58  66  -7   0   1 0.03  0.0    0  8.2 22  20   M    M   3 3      28  10
26  80  61  71  -1   0   6 0.38  0.0    0  6.9 15  60   M    M   1 13     20  70
27  78  68  73   1   0   8 0.41  0.0    0  7.3 17 220   M    M   8 13     22 220
28  81  67  74   2   0   9 0.76  0.0    0  6.1 17 160   M    M   7 13     22 160
29  79  65  72   0   0   7 0.02  0.0    0  3.6 13 240   M    M   3 13     15 240
================================================================================
SM 2449 1857         0 274  5.87     0.0 215.3          M       64
================================================================================
AV 84.4 64.0                               7.4 FASTST   M    M   2    MAX(MPH)
                                 MISC ---->  # 40 350               # 50  350
================================================================================
NOTES:
# LAST OF SEVERAL OCCURRENCES

COLUMN 17 PEAK WIND IN M.P.H.

PRELIMINARY LOCAL CLIMATOLOGICAL DATA (WS FORM: F-6) , PAGE 2

                                          STATION:  GRAND ISLAND NE
                                          MONTH:    AUGUST
                                          YEAR:     2014
                                          LATITUDE:   40 58 N
                                          LONGITUDE:  98 19 W

[TEMPERATURE DATA]      [PRECIPITATION DATA]       SYMBOLS USED IN COLUMN 16

AVERAGE MONTHLY: 74.2   TOTAL FOR MONTH:   5.87    1 = FOG OR MIST
DPTR FM NORMAL:   0.1   DPTR FM NORMAL:    2.92    2 = FOG REDUCING VISIBILITY
HIGHEST:    90 ON 20, 3 GRTST 24HR  2.17 ON  8- 9      TO 1/4 MILE OR LESS
LOWEST:     55 ON 12                               3 = THUNDER
                        SNOW, ICE PELLETS, HAIL    4 = ICE PELLETS
                        TOTAL MONTH:   0.0 INCH    5 = HAIL
                        GRTST 24HR     0.0         6 = FREEZING RAIN OR DRIZZLE
                        GRTST DEPTH:   0           7 = DUSTSTORM OR SANDSTORM:
                                                       VSBY 1/2 MILE OR LESS
                                                   8 = SMOKE OR HAZE
[NO. OF DAYS WITH]      [WEATHER - DAYS WITH]      9 = BLOWING SNOW
                                                   X = TORNADO
MAX 32 OR BELOW:   0    0.01 INCH OR MORE:  16
MAX 90 OR ABOVE:   2    0.10 INCH OR MORE:   9
MIN 32 OR BELOW:   0    0.50 INCH OR MORE:   4
MIN  0 OR BELOW:   0    1.00 INCH OR MORE:   1

[HDD (BASE 65) ]
TOTAL THIS MO.     0    CLEAR  (SCALE 0-3)  19
DPTR FM NORMAL    -2    PTCLDY (SCALE 4-7)   9
TOTAL FM JUL 1     4    CLOUDY (SCALE 8-10)  0
DPTR FM NORMAL     0

[CDD (BASE 65) ]
TOTAL THIS MO.   274
DPTR FM NORMAL     1    [PRESSURE DATA]
TOTAL FM JAN 1   915    HIGHEST SLP M ON M
DPTR FM NORMAL    15    LOWEST  SLP 29.68 ON M

[REMARKS]




U.S. Dept. of Commerce
NOAA National Weather Service
1325 East West Highway
Silver Spring, MD 20910
E-mail: w-nws.webmaster@noaa.gov
Page last modified: May 16, 2007
NATIONAL WEATHER SERVICE: for Safety, for Work, for Fun - FOR LIFE