023
CXUS53 KGID 011453
CF6GRI

PRELIMINARY LOCAL CLIMATOLOGICAL DATA (WS FORM: F-6)

                                          STATION:   GRAND ISLAND NE
                                          MONTH:     SEPTEMBER
                                          YEAR:      2014
                                          LATITUDE:   40 58 N
                                          LONGITUDE:  98 19 W

  TEMPERATURE IN F:       :PCPN:    SNOW:  WIND      :SUNSHINE: SKY     :PK WND
================================================================================
1   2   3   4   5  6A  6B    7    8   9   10  11  12  13   14  15   16   17  18
                                     12Z  AVG MX 2MIN
DY MAX MIN AVG DEP HDD CDD  WTR  SNW DPTH SPD SPD DIR MIN PSBL S-S WX    SPD DR
================================================================================

 1  79  57  68  -3   0   3    T  0.0    0  7.5 28 350   M    M   0        41 340
 2  82  53  68  -3   0   3 0.00  0.0    0  7.4 13 160   M    M   0        16 160
 3  88  66  77   7   0  12    T  0.0    0 11.4 20 160   M    M   4 13     27 170
 4  83  61  72   2   0   7 0.01  0.0    0 13.0 23 330   M    M   3 3      27 330
 5  66  51  59 -11   6   0 0.25  0.0    0  7.6 22 320   M    M   4 13     29 330
 6  73  47  60  -9   5   0 0.00  0.0    0  3.4  8  90   M    M   0 1      11 100
 7  77  49  63  -6   2   0 0.00  0.0    0 10.0 18 170   M    M   0        23 170
 8  89  59  74   6   0   9 0.00  0.0    0 10.5 18 210   M    M   0        25 190
 9  75  62  69   1   0   4 1.40  0.0    0  7.7 25 210   M    M   3 13     33 310
10  67  50  59  -9   6   0    T  0.0    0 16.4 26 340   M    M   9 1      33 330
11  52  46  49 -18  16   0 0.13  0.0    0  9.9 17 360   M    M  10 1      22 360
12  55  39  47 -20  18   0 0.27  0.0    0  8.4 18 350   M    M   7 1      23 340
13  61  36  49 -17  16   0 0.00  0.0    0 10.5 23 190   M    M   4        28 190
14  72  40  56 -10   9   0 0.00  0.0    0  6.3 18 140   M    M   4        23 140
15  67  46  57  -9   8   0    T  0.0    0  9.8 21 360   M    M   3 3      28 360
16  71  45  58  -7   7   0 0.00  0.0    0  9.4 17 160   M    M   3        22 160
17  81  49  65   0   0   0 0.00  0.0    0  5.4 13 110   M    M   0 1      17 100
18  79  53  66   2   0   1 0.00  0.0    0 10.5 22 160   M    M   4 12     30 170
19  90  63  77  13   0  12 0.00  0.0    0 16.6 29 200   M    M   2 1      35 170
20  87  56  72   9   0   7 0.00  0.0    0  8.1 22 220   M    M   0        28 230
21  76  48  62  -1   3   0 0.00  0.0    0  7.4 20 330   M    M   0        25 340
22  75  45  60  -2   5   0 0.05  0.0    0  7.2 17 190   M    M   1        21 190
23  70  57  64   2   1   0 0.85  0.0    0 12.5 29 190   M    M   7 13     35 160
24  82  57  70   8   0   5 0.05  0.0    0  8.6 26 160   M    M   0 13     36 160
25  85  54  70   9   0   5 0.00  0.0    0  5.3 14 150   M    M   0 128    18 170
26  84  59  72  11   0   7 0.00  0.0    0  9.3 21 190   M    M   0        26 190
27  82  60  71  11   0   6 0.00  0.0    0 13.2 23 160   M    M   1        30 170
28  83  60  72  12   0   7 0.00  0.0    0  8.9 15 170   M    M   3        19 210
29  83  57  70  11   0   5 0.00  0.0    0  8.6 17 150   M    M   1        23 150
30  76  62  69  10   0   4 0.02  0.0    0 12.7 21 210   M    M   4 1      27 210
================================================================================
SM 2290 1587       102  97  3.03     0.0 283.5          M       77
================================================================================
AV 76.3 52.9                               9.5 FASTST   M    M   3    MAX(MPH)
                                 MISC ---->  # 29 200               # 41  340
================================================================================
NOTES:
# LAST OF SEVERAL OCCURRENCES

COLUMN 17 PEAK WIND IN M.P.H.

PRELIMINARY LOCAL CLIMATOLOGICAL DATA (WS FORM: F-6) , PAGE 2

                                          STATION:  GRAND ISLAND NE
                                          MONTH:    SEPTEMBER
                                          YEAR:     2014
                                          LATITUDE:   40 58 N
                                          LONGITUDE:  98 19 W

[TEMPERATURE DATA]      [PRECIPITATION DATA]       SYMBOLS USED IN COLUMN 16

AVERAGE MONTHLY: 64.6   TOTAL FOR MONTH:   3.03    1 = FOG OR MIST
DPTR FM NORMAL:  -0.5   DPTR FM NORMAL:    0.80    2 = FOG REDUCING VISIBILITY
HIGHEST:    90 ON 19    GRTST 24HR  1.40 ON  8- 9      TO 1/4 MILE OR LESS
LOWEST:     36 ON 13                               3 = THUNDER
                        SNOW, ICE PELLETS, HAIL    4 = ICE PELLETS
                        TOTAL MONTH:   0.0 INCH    5 = HAIL
                        GRTST 24HR     0.0         6 = FREEZING RAIN OR DRIZZLE
                        GRTST DEPTH:   0           7 = DUSTSTORM OR SANDSTORM:
                                                       VSBY 1/2 MILE OR LESS
                                                   8 = SMOKE OR HAZE
[NO. OF DAYS WITH]      [WEATHER - DAYS WITH]      9 = BLOWING SNOW
                                                   X = TORNADO
MAX 32 OR BELOW:   0    0.01 INCH OR MORE:   9
MAX 90 OR ABOVE:   1    0.10 INCH OR MORE:   5
MIN 32 OR BELOW:   0    0.50 INCH OR MORE:   2
MIN  0 OR BELOW:   0    1.00 INCH OR MORE:   1

[HDD (BASE 65) ]
TOTAL THIS MO.   102    CLEAR  (SCALE 0-3)  18
DPTR FM NORMAL    -3    PTCLDY (SCALE 4-7)  10
TOTAL FM JUL 1   106    CLOUDY (SCALE 8-10)  2
DPTR FM NORMAL    -9

[CDD (BASE 65) ]
TOTAL THIS MO.    97
DPTR FM NORMAL   -12    [PRESSURE DATA]
TOTAL FM JAN 1  1027    HIGHEST SLP 30.52 ON 12
DPTR FM NORMAL     4    LOWEST  SLP 29.60 ON  9

[REMARKS]
#FINAL-09-14#




U.S. Dept. of Commerce
NOAA National Weather Service
1325 East West Highway
Silver Spring, MD 20910
E-mail: w-nws.webmaster@noaa.gov
Page last modified: May 16, 2007
NATIONAL WEATHER SERVICE: for Safety, for Work, for Fun - FOR LIFE