474
CXUS53 KGRB 280654
CF6GRB
PRELIMINARY LOCAL CLIMATOLOGICAL DATA (WS FORM: F-6)

                                          STATION:   GREEN BAY WI
                                          MONTH:     JANUARY
                                          YEAR:      2015
                                          LATITUDE:   44 28 N
                                          LONGITUDE:  88  8 W

  TEMPERATURE IN F:       :PCPN:    SNOW:  WIND      :SUNSHINE: SKY     :PK WND
================================================================================
1   2   3   4   5  6A  6B    7    8   9   10  11  12  13   14  15   16   17  18
                                     12Z  AVG MX 2MIN
DY MAX MIN AVG DEP HDD CDD  WTR  SNW DPTH SPD SPD DIR MIN PSBL S-S WX    SPD DR
================================================================================

 1  26  14  20   2  45   0    T  0.1    0 12.5 21 260   M    M   5 8      28 240
 2  25  10  18   1  47   0 0.00  0.0    T  4.6 10 200   M    M   1        14 190
 3  32  20  26   9  39   0 0.16  2.0    1  4.9 10 340   M    M   9 128    13 350
 4  30  -7  12  -5  53   0 0.07  0.8    2 15.5 29 350   M    M   7 16     34 360
 5   1 -12  -5 -22  70   0 0.00  0.0    2 11.0 20 270   M    M   1        26 270
 6   9  -4   3 -14  62   0 0.00  0.0    2 13.0 24 260   M    M   3 8      29 270
 7   2  -5  -1 -18  66   0    T  0.1    2 16.3 23 280   M    M   2 8      32 300
 8   7  -6   1 -16  64   0 0.13  3.1    5 13.4 23 290   M    M   5 18     28 290
 9   6  -2   2 -15  63   0 0.00  0.0    5 15.6 26 290   M    M   0 8      33 280
10  19  -5   7 -10  58   0 0.00  0.0    5  9.1 16 230   M    M   4        23 240
11  25  18  22   6  43   0    T    T    4  3.5 13 320   M    M   9        15 320
12  18  -2   8  -8  57   0 0.00  0.0    4 10.0 20 350   M    M   1        23 350
13  15  -5   5 -11  60   0    T    T    4  3.6  9 180   M    M   6 18     11 210
14  20  -1  10  -6  55   0    T    T    4  6.6 13 240   M    M   8 18     15 240
15  36  20  28  12  37   0    T    T    4 11.1 20 270   M    M   6 18     24 240
16  28  17  23   7  42   0 0.00  0.0    4  8.7 16 350   M    M   9 8      20 350
17  40  28  34  18  31   0 0.00  0.0    4 11.3 21 160   M    M   7 18     25 140
18  38  27  33  17  32   0    T    T    2 10.2 21 270   M    M  10 1      27 280
19  27  23  25   9  40   0 0.02  0.5    2  8.5 14  60   M    M  10 1      17  60
20  25  22  24   8  41   0 0.05  0.8    3  9.5 15  40   M    M  10 1      18  50
21  26  17  22   6  43   0    T    T    3  6.2 13  20   M    M  10        16  20
22  31  22  27  11  38   0 0.00  0.0    3  7.6 17 220   M    M   5 1      24 220
23  34  26  30  14  35   0    T    T    2 11.9 20 210   M    M   9 8      27 220
24  38  23  31  15  34   0    T    T    2 11.7 24  50   M    M   9 18     31  40
25  23  12  18   2  47   0    T    T    2 15.0 28  40   M    M   7        35  40
26  26  11  19   2  46   0 0.13  1.3    1  4.9 16 170   M    M   8 18     20 180
27  28  11  20   3  45   0    T  0.1    2  4.4 13  50   M    M   9 1      14  60
================================================================================
SM  635  272      1293   0  0.56     8.8 260.6          M      170
================================================================================
AV 23.5 10.1                               9.7 FASTST   M    M   6    MAX(MPH)
                                 MISC ---->  # 29 350               # 35   40
================================================================================
NOTES:
# LAST OF SEVERAL OCCURRENCES

COLUMN 17 PEAK WIND IN M.P.H.

PRELIMINARY LOCAL CLIMATOLOGICAL DATA (WS FORM: F-6) , PAGE 2

                                          STATION:  GREEN BAY WI
                                          MONTH:    JANUARY
                                          YEAR:     2015
                                          LATITUDE:   44 28 N
                                          LONGITUDE:  88  8 W

[TEMPERATURE DATA]      [PRECIPITATION DATA]       SYMBOLS USED IN COLUMN 16

AVERAGE MONTHLY: 16.8   TOTAL FOR MONTH:   0.56    1 = FOG OR MIST
DPTR FM NORMAL:   0.3   DPTR FM NORMAL:   -0.44    2 = FOG REDUCING VISIBILITY
HIGHEST:    40 ON 17    GRTST 24HR  0.16 ON  3- 3      TO 1/4 MILE OR LESS
LOWEST:    -12 ON  5                               3 = THUNDER
                        SNOW, ICE PELLETS, HAIL    4 = ICE PELLETS
                        TOTAL MONTH:   8.8 INCHES  5 = HAIL
                        GRTST 24HR   3.1 ON   M    6 = FREEZING RAIN OR DRIZZLE
                        GRTST DEPTH:   5 ON 10, 9  7 = DUSTSTORM OR SANDSTORM:
                                                       VSBY 1/2 MILE OR LESS
                                                   8 = SMOKE OR HAZE
[NO. OF DAYS WITH]      [WEATHER - DAYS WITH]      9 = BLOWING SNOW
                                                   X = TORNADO
MAX 32 OR BELOW:  22    0.01 INCH OR MORE:   6
MAX 90 OR ABOVE:   0    0.10 INCH OR MORE:   3
MIN 32 OR BELOW:  27    0.50 INCH OR MORE:   0
MIN  0 OR BELOW:  10    1.00 INCH OR MORE:   0

[HDD (BASE 65) ]
TOTAL THIS MO.  1293    CLEAR  (SCALE 0-3)   6
DPTR FM NORMAL   -17    PTCLDY (SCALE 4-7)   9
TOTAL FM JUL 1  4338    CLOUDY (SCALE 8-10) 12
DPTR FM NORMAL   -62

[CDD (BASE 65) ]
TOTAL THIS MO.     0
DPTR FM NORMAL     0    [PRESSURE DATA]
TOTAL FM JAN 1     0    HIGHEST SLP M ON M
DPTR FM NORMAL     0    LOWEST  SLP 29.44 ON 17

[REMARKS]




U.S. Dept. of Commerce
NOAA National Weather Service
1325 East West Highway
Silver Spring, MD 20910
E-mail: w-nws.webmaster@noaa.gov
Page last modified: May 16, 2007
NATIONAL WEATHER SERVICE: for Safety, for Work, for Fun - FOR LIFE