050
CXUS53 KGRB 280640
CF6GRB
PRELIMINARY LOCAL CLIMATOLOGICAL DATA (WS FORM: F-6)

                                          STATION:   GREEN BAY WI
                                          MONTH:     AUGUST
                                          YEAR:      2014
                                          LATITUDE:   44 28 N
                                          LONGITUDE:  88  8 W

  TEMPERATURE IN F:       :PCPN:    SNOW:  WIND      :SUNSHINE: SKY     :PK WND
================================================================================
1   2   3   4   5  6A  6B    7    8   9   10  11  12  13   14  15   16   17  18
                                     12Z  AVG MX 2MIN
DY MAX MIN AVG DEP HDD CDD  WTR  SNW DPTH SPD SPD DIR MIN PSBL S-S WX    SPD DR
================================================================================

 1  83  56  70   1   0   5    T  0.0    0  3.5  8 290   M    M   1 13     10 290
 2  83  58  71   2   0   6 0.00  0.0    0  3.6 12 290   M    M   2 128     M  M
 3  85  61  73   4   0   8 0.02  0.0    0  6.7 20 270   M    M   2 138    25 280
 4  74  61  68  -1   0   3 0.01  0.0    0  5.3 12 100   M    M   6 1      15 120
 5  79  58  69   1   0   4 0.00  0.0    0  5.5 13  60   M    M   3        19 120
 6  82  57  70   2   0   5 0.00  0.0    0  3.3 12 100   M    M   2        16  60
 7  81  54  68   0   0   3 0.00  0.0    0  3.7 12 120   M    M   1        15 130
 8  82  54  68   0   0   3 0.00  0.0    0  3.9 15  70   M    M   2        19  60
 9  81  55  68   0   0   3 0.00  0.0    0  2.7 15 120   M    M   1 1      22 140
10  82  56  69   1   0   4 0.00  0.0    0  3.3 14  80   M    M   4 1      22  40
11  80  59  70   2   0   5 0.63  0.0    0  7.9 21 360   M    M   7 1      27 360
12  73  53  63  -5   2   0 1.00  0.0    0  9.2 18 330   M    M   7 1      26 330
13  78  53  66  -2   0   1 0.00  0.0    0  6.4 15  80   M    M   5        19  80
14  74  48  61  -7   4   0 0.00  0.0    0  4.8 13 340   M    M   1        17 320
15  78  47  63  -5   2   0 0.00  0.0    0  4.2 12 270   M    M   0        22 250
16  79  62  71   3   0   6 0.01  0.0    0  9.3 18  50   M    M   6        23 250
17  67  54  61  -7   4   0 0.00  0.0    0  7.7 15  60   M    M   7        20 320
18  77  52  65  -2   0   0 0.48  0.0    0  5.5 23 170   M    M   7 13     28 180
19  78  62  70   3   0   5 1.01  0.0    0  5.7 15 310   M    M   7 13     19 310
20  75  60  68   1   0   3 0.00  0.0    0  3.1 10 330   M    M   6 1      13 330
21  72  58  65  -2   0   0 0.05  0.0    0  4.6  9 100   M    M   7 1       M  M
22  84  66  75   8   0  10 0.00  0.0    0  4.7 12  90   M    M   8 18     16  40
23  78  67  73   6   0   8 0.32  0.0    0  5.1 13 120   M    M   8 18     16 130
24  80  67  74   8   0   9 0.00  0.0    0  9.9 17 130   M    M   3 1      22 130
25  82  68  75   9   0  10 0.09  0.0    0  7.1 22 280   M    M   3 1      29 270
26  75  59  67   1   0   2 0.00  0.0    0  6.7 16 290   M    M   2        21 320
27  75  55  65  -1   0   0 0.00  0.0    0  2.6  9 130   M    M   3        12 310
================================================================================
SM 2117 1560        12 103  3.62     0.0 146.0          M      111
================================================================================
AV 78.4 57.8                               5.4 FASTST   M    M   4    MAX(MPH)
                                 MISC ---->  # 23 170               # 29  270
================================================================================
NOTES:
# LAST OF SEVERAL OCCURRENCES

COLUMN 17 PEAK WIND IN M.P.H.

PRELIMINARY LOCAL CLIMATOLOGICAL DATA (WS FORM: F-6) , PAGE 2

                                          STATION:  GREEN BAY WI
                                          MONTH:    AUGUST
                                          YEAR:     2014
                                          LATITUDE:   44 28 N
                                          LONGITUDE:  88  8 W

[TEMPERATURE DATA]      [PRECIPITATION DATA]       SYMBOLS USED IN COLUMN 16

AVERAGE MONTHLY: 68.1   TOTAL FOR MONTH:   3.62    1 = FOG OR MIST
DPTR FM NORMAL:   0.5   DPTR FM NORMAL:    0.66    2 = FOG REDUCING VISIBILITY
HIGHEST:    85 ON  3    GRTST 24HR  1.63 ON 11-12      TO 1/4 MILE OR LESS
LOWEST:     47 ON 15                               3 = THUNDER
                        SNOW, ICE PELLETS, HAIL    4 = ICE PELLETS
                        TOTAL MONTH:   0.0 INCH    5 = HAIL
                        GRTST 24HR     0.0         6 = FREEZING RAIN OR DRIZZLE
                        GRTST DEPTH:   0           7 = DUSTSTORM OR SANDSTORM:
                                                       VSBY 1/2 MILE OR LESS
                                                   8 = SMOKE OR HAZE
[NO. OF DAYS WITH]      [WEATHER - DAYS WITH]      9 = BLOWING SNOW
                                                   X = TORNADO
MAX 32 OR BELOW:   0    0.01 INCH OR MORE:  10
MAX 90 OR ABOVE:   0    0.10 INCH OR MORE:   5
MIN 32 OR BELOW:   0    0.50 INCH OR MORE:   3
MIN  0 OR BELOW:   0    1.00 INCH OR MORE:   2

[HDD (BASE 65) ]
TOTAL THIS MO.    12    CLEAR  (SCALE 0-3)  13
DPTR FM NORMAL   -19    PTCLDY (SCALE 4-7)  13
TOTAL FM JUL 1    27    CLOUDY (SCALE 8-10)  1
DPTR FM NORMAL   -27

[CDD (BASE 65) ]
TOTAL THIS MO.   103
DPTR FM NORMAL     4    [PRESSURE DATA]
TOTAL FM JAN 1   324    HIGHEST SLP M ON M
DPTR FM NORMAL   -26    LOWEST  SLP 29.63 ON 19

[REMARKS]




U.S. Dept. of Commerce
NOAA National Weather Service
1325 East West Highway
Silver Spring, MD 20910
E-mail: w-nws.webmaster@noaa.gov
Page last modified: May 16, 2007
NATIONAL WEATHER SERVICE: for Safety, for Work, for Fun - FOR LIFE