881
CXUS55 KLIX 280830
CF6GPT
PRELIMINARY LOCAL CLIMATOLOGICAL DATA (WS FORM: F-6)

                                          STATION:   GULFPORT
                                          MONTH:     JULY
                                          YEAR:      2014
                                          LATITUDE:   30 23 N
                                          LONGITUDE:  89  4 W

  TEMPERATURE IN F:       :PCPN:    SNOW:  WIND      :SUNSHINE: SKY     :PK WND
================================================================================
1   2   3   4   5  6A  6B    7    8   9   10  11  12  13   14  15   16   17  18
                                     12Z  AVG MX 2MIN
DY MAX MIN AVG DEP HDD CDD  WTR  SNW DPTH SPD SPD DIR MIN PSBL S-S WX    SPD DR
================================================================================

 1  97  79  88   6   0  23 0.00  0.0    0  4.5 15 300   M    M   1 1      20 320
 2  98  79  89   7   0  24 0.00  0.0    0  5.3 17 340   M    M   1 8      27 330
 3  95  76  86   4   0  21 0.00  0.0    0  4.7 13 350   M    M   0 8      18  10
 4  93  76  85   3   0  20 0.00  0.0    0  6.4 13 340   M    M   1        17 320
 5  92  69  81  -1   0  16 0.00  0.0    0  3.3 14 340   M    M   0        17 330
 6  92  71  82   0   0  17 0.00  0.0    0  3.4 14 160   M    M   0 8      17 140
 7  94  72  83   1   0  18 0.00  0.0    0  4.6 15 150   M    M   1 18     18 150
 8  92  75  84   2   0  19 0.00  0.0    0  3.9 15 160   M    M   1 8      24 220
 9  94  75  85   3   0  20 0.21  0.0    0  3.2 17 210   M    M   2 13     24 230
10  95  75  85   3   0  20 0.00  0.0    0  3.0 20  10   M    M   1        27  10
11  95  76  86   4   0  21 1.24  0.0    0  3.4 20 310   M    M   3 138    30 340
12  93  75  84   2   0  19    T  0.0    0  3.5 12 270   M    M   1 1      15 140
13  90  77  84   2   0  19    T  0.0    0  3.5 16 350   M    M   1 138    18 350
14  91  77  84   2   0  19    T  0.0    0  3.6 14 190   M    M   3 38     20 200
15  92  77  85   3   0  20 0.23  0.0    0  5.1 20 310   M    M   3 138    26 290
16  91  73  82   0   0  17 0.00  0.0    0  6.9 15 330   M    M   1        23 340
17  88  68  78  -4   0  13 0.00  0.0    0  3.8 13 150   M    M   0 8      16 150
18  85  75  80  -2   0  15 0.76  0.0    0  2.1 16 250   M    M   4 1238   29 240
19  91  78  85   3   0  20 1.06  0.0    0  5.3 14 160   M    M   5 178    19 160
20  89  76  83   1   0  18    T  0.0    0  4.5 21 200   M    M   4 1      31 200
21  94  77  86   4   0  21 0.00  0.0    0  4.3 13 290   M    M   3 18     18 310
22  93  74  84   2   0  19 0.00  0.0    0  4.9 12 330   M    M   2 38     15 160
23  87  72  80  -2   0  15 0.00  0.0    0  4.1 14 150   M    M   0 8      17 150
24  89  75  82   0   0  17 0.00  0.0    0  3.4 13 160   M    M   1 8      18 160
25  95  78  87   4   0  22 0.05  0.0    0  3.5 14 260   M    M   3 18     19 270
26  94  78  86   3   0  21 0.00  0.0    0  4.5 16 200   M    M   1 18     23 210
27  97  80  89   6   0  24 0.00  0.0    0  5.0 15 310   M    M   2        19 310
================================================================================
SM 2496 2033         0 518  3.55     0.0 113.7          M       45
================================================================================
AV 92.4 75.3                               4.2 FASTST   M    M   2    MAX(MPH)
                                 MISC ---->  # 21 200               # 31  200
================================================================================
NOTES:
# LAST OF SEVERAL OCCURRENCES

COLUMN 17 PEAK WIND IN M.P.H.

PRELIMINARY LOCAL CLIMATOLOGICAL DATA (WS FORM: F-6) , PAGE 2

                                          STATION:  GULFPORT
                                          MONTH:    JULY
                                          YEAR:     2014
                                          LATITUDE:   30 23 N
                                          LONGITUDE:  89  4 W

[TEMPERATURE DATA]      [PRECIPITATION DATA]       SYMBOLS USED IN COLUMN 16

AVERAGE MONTHLY: 83.9   TOTAL FOR MONTH:   3.55    1 = FOG OR MIST
DPTR FM NORMAL:   1.8   DPTR FM NORMAL:   -2.85    2 = FOG REDUCING VISIBILITY
HIGHEST:    98 ON  2    GRTST 24HR  1.60 ON 18-19      TO 1/4 MILE OR LESS
LOWEST:     68 ON 17                               3 = THUNDER
                        SNOW, ICE PELLETS, HAIL    4 = ICE PELLETS
                        TOTAL MONTH:   0.0 INCH    5 = HAIL
                        GRTST 24HR     0.0         6 = FREEZING RAIN OR DRIZZLE
                        GRTST DEPTH:   0           7 = DUSTSTORM OR SANDSTORM:
                                                       VSBY 1/2 MILE OR LESS
                                                   8 = SMOKE OR HAZE
[NO. OF DAYS WITH]      [WEATHER - DAYS WITH]      9 = BLOWING SNOW
                                                   X = TORNADO
MAX 32 OR BELOW:   0    0.01 INCH OR MORE:   6
MAX 90 OR ABOVE:  22    0.10 INCH OR MORE:   5
MIN 32 OR BELOW:   0    0.50 INCH OR MORE:   3
MIN  0 OR BELOW:   0    1.00 INCH OR MORE:   2

[HDD (BASE 65) ]
TOTAL THIS MO.     0    CLEAR  (SCALE 0-3)  23
DPTR FM NORMAL     0    PTCLDY (SCALE 4-7)   4
TOTAL FM JUL 1     0    CLOUDY (SCALE 8-10)  0
DPTR FM NORMAL     0

[CDD (BASE 65) ]
TOTAL THIS MO.   518
DPTR FM NORMAL    53    [PRESSURE DATA]
TOTAL FM JAN 1  1557    HIGHEST SLP M ON M
DPTR FM NORMAL   196    LOWEST  SLP 29.89 ON 18

[REMARKS]




U.S. Dept. of Commerce
NOAA National Weather Service
1325 East West Highway
Silver Spring, MD 20910
E-mail: w-nws.webmaster@noaa.gov
Page last modified: May 16, 2007
NATIONAL WEATHER SERVICE: for Safety, for Work, for Fun - FOR LIFE