722
CXUS55 KLIX 230830
CF6GPT
PRELIMINARY LOCAL CLIMATOLOGICAL DATA (WS FORM: F-6)

                                          STATION:   GULFPORT
                                          MONTH:     APRIL
                                          YEAR:      2014
                                          LATITUDE:   30 23 N
                                          LONGITUDE:  89  4 W

  TEMPERATURE IN F:       :PCPN:    SNOW:  WIND      :SUNSHINE: SKY     :PK WND
================================================================================
1   2   3   4   5  6A  6B    7    8   9   10  11  12  13   14  15   16   17  18
                                     12Z  AVG MX 2MIN
DY MAX MIN AVG DEP HDD CDD  WTR  SNW DPTH SPD SPD DIR MIN PSBL S-S WX    SPD DR
================================================================================

 1  72  52  62  -1   3   0 0.00  0.0    0  8.8 18 130   M    M   1 18     23 130
 2  77  65  71   8   0   6 0.00  0.0    0 13.7 22 140   M    M   6 18     28 140
 3  78  70  74  10   0   9 0.00  0.0    0 13.6 22 150   M    M   7 18     27 140
 4  79  69  74  10   0   9 0.30  0.0    0  6.9 26 120   M    M   9 138    29 120
 5  69  59  64   0   1   0 0.07  0.0    0  9.4 17  30   M    M  10        24  30
 6  73  58  66   2   0   1 0.10  0.0    0  9.7 18 160   M    M  10 1      25 120
 7  78  59  69   4   0   4 0.35  0.0    0  8.8 20 350   M    M   4 138    25 350
 8  68  50  59  -6   6   0 0.28  0.0    0  6.9 30 290   M    M   4 38     38 290
 9  76  49  63  -2   2   0 0.00  0.0    0  7.2 16 340   M    M   0        23 350
10  73  48  61  -4   4   0 0.00  0.0    0  5.2 16 150   M    M   0        21 140
11  76  59  68   2   0   3 0.00  0.0    0  9.5 20 130   M    M   2 18     24 120
12  77  64  71   5   0   6 0.00  0.0    0 10.6 21 130   M    M   6 128    25 140
13  78  69  74   8   0   9 0.00  0.0    0 14.1 25 130   M    M   5 18     29 130
14  79  67  73   7   0   8 2.83  0.0    0  8.9 28  30   M    M   9 13     35  30
15  67  47  57 -10   8   0 0.45  0.0    0 16.1 28 340   M    M   5 1      36 350
16  62  40  51 -16  14   0 0.00  0.0    0  5.5 14  90   M    M   0        17 150
17  69  51  60  -7   5   0 0.06  0.0    0  7.1 20  80   M    M   9 1      24  80
18  72  60  66  -1   0   1 0.22  0.0    0 11.3 22 360   M    M   6 1      27 360
19  82  56  69   1   0   4 0.00  0.0    0  8.8 18 340   M    M   0        27 340
20  82  56  69   1   0   4 0.00  0.0    0  6.5 15 150   M    M   0        18  20
21  73  57  65  -3   0   0 0.00  0.0    0  4.1 14 140   M    M   3 8      17 140
22  79  57  68   0   0   3    T  0.0    0  4.1 14 310   M    M   4 8      18 310
================================================================================
SM 1639 1262        43  67  4.66     0.0 196.8          M      100
================================================================================
AV 74.5 57.4                               8.9 FASTST   M    M   5    MAX(MPH)
                                 MISC ---->  # 30 290               # 38  290
================================================================================
NOTES:
# LAST OF SEVERAL OCCURRENCES

COLUMN 17 PEAK WIND IN M.P.H.

PRELIMINARY LOCAL CLIMATOLOGICAL DATA (WS FORM: F-6) , PAGE 2

                                          STATION:  GULFPORT
                                          MONTH:    APRIL
                                          YEAR:     2014
                                          LATITUDE:   30 23 N
                                          LONGITUDE:  89  4 W

[TEMPERATURE DATA]      [PRECIPITATION DATA]       SYMBOLS USED IN COLUMN 16

AVERAGE MONTHLY: 65.9   TOTAL FOR MONTH:   4.66    1 = FOG OR MIST
DPTR FM NORMAL:   0.2   DPTR FM NORMAL:    0.96    2 = FOG REDUCING VISIBILITY
HIGHEST:    82 ON 20,19 GRTST 24HR  3.28 ON 14-15      TO 1/4 MILE OR LESS
LOWEST:     40 ON 16                               3 = THUNDER
                        SNOW, ICE PELLETS, HAIL    4 = ICE PELLETS
                        TOTAL MONTH:   0.0 INCH    5 = HAIL
                        GRTST 24HR     0.0         6 = FREEZING RAIN OR DRIZZLE
                        GRTST DEPTH:   0           7 = DUSTSTORM OR SANDSTORM:
                                                       VSBY 1/2 MILE OR LESS
                                                   8 = SMOKE OR HAZE
[NO. OF DAYS WITH]      [WEATHER - DAYS WITH]      9 = BLOWING SNOW
                                                   X = TORNADO
MAX 32 OR BELOW:   0    0.01 INCH OR MORE:   9
MAX 90 OR ABOVE:   0    0.10 INCH OR MORE:   7
MIN 32 OR BELOW:   0    0.50 INCH OR MORE:   1
MIN  0 OR BELOW:   0    1.00 INCH OR MORE:   1

[HDD (BASE 65) ]
TOTAL THIS MO.    43    CLEAR  (SCALE 0-3)   8
DPTR FM NORMAL    -9    PTCLDY (SCALE 4-7)   9
TOTAL FM JUL 1  1726    CLOUDY (SCALE 8-10)  5
DPTR FM NORMAL   106

[CDD (BASE 65) ]
TOTAL THIS MO.    67
DPTR FM NORMAL     1    [PRESSURE DATA]
TOTAL FM JAN 1    92    HIGHEST SLP M ON M
DPTR FM NORMAL   -10    LOWEST  SLP 29.62 ON  6

[REMARKS]




U.S. Dept. of Commerce
NOAA National Weather Service
1325 East West Highway
Silver Spring, MD 20910
E-mail: w-nws.webmaster@noaa.gov
Page last modified: May 16, 2007
NATIONAL WEATHER SERVICE: for Safety, for Work, for Fun - FOR LIFE