029
CXUS55 KLIX 300830
CF6GPT
PRELIMINARY LOCAL CLIMATOLOGICAL DATA (WS FORM: F-6)

                                          STATION:   GULFPORT
                                          MONTH:     JANUARY
                                          YEAR:      2015
                                          LATITUDE:   30 23 N
                                          LONGITUDE:  89  4 W

  TEMPERATURE IN F:       :PCPN:    SNOW:  WIND      :SUNSHINE: SKY     :PK WND
================================================================================
1   2   3   4   5  6A  6B    7    8   9   10  11  12  13   14  15   16   17  18
                                     12Z  AVG MX 2MIN
DY MAX MIN AVG DEP HDD CDD  WTR  SNW DPTH SPD SPD DIR MIN PSBL S-S WX    SPD DR
================================================================================

 1  59  40  50  -1  15   0 0.00  0.0    0  7.9 15  70   M    M   5 1      20  70
 2  69  54  62  11   3   0 0.12  0.0    0 10.9 21 110   M    M  10 1      25 110
 3  70  65  68  17   0   3    T  0.0    0 10.4 22 120   M    M  10 1      28 110
 4  67  47  57   6   8   0 1.00  0.0    0 11.2 21 340   M    M   2 13     27 330
 5  56  36  46  -5  19   0 0.00  0.0    0  7.6 21 350   M    M   1        25 350
 6  63  32  48  -3  17   0 0.00  0.0    0  2.4  9  10   M    M   0        16  30
 7  57  30  44  -6  21   0 0.00  0.0    0 12.5 26 360   M    M   3        34  10
 8  37  19  28 -22  37   0 0.00  0.0    0  7.3 23  20   M    M   4        31  10
 9  43  33  38 -12  27   0    T  0.0    0  8.4 17  10   M    M   9        23 350
10  52  31  42  -8  23   0 0.00  0.0    0  7.1 14  50   M    M   0 8      18  50
11  63  41  52   2  13   0 0.00  0.0    0  8.5 17 110   M    M   5        23 110
12  75  59  67  17   0   2    T  0.0    0  7.8 16 340   M    M   8 12     21 110
13  59  43  51   1  14   0 0.00  0.0    0 11.8 18 360   M    M  10 1      23 340
14  48  39  44  -6  21   0 0.00  0.0    0  9.7 16  30   M    M   9        22  10
15  44  40  42  -9  23   0 0.56  0.0    0  7.6 15 350   M    M  10 1      20 340
16  57  34  46  -5  19   0 0.00  0.0    0  4.6 14  20   M    M   0 1      17  10
17  62  32  47  -4  18   0 0.00  0.0    0  2.7 13 140   M    M   1 1      16 120
18  68  38  53   2  12   0 0.00  0.0    0  4.9 18  20   M    M   0 1      23  10
19  64  32  48  -3  17   0 0.00  0.0    0  1.7 12 150   M    M   0 1      14 150
20  67  44  56   5   9   0 0.00  0.0    0  1.9 10 140   M    M   5 18     12 140
21  71  43  57   6   8   0 0.00  0.0    0  5.1 13  20   M    M   0 1      15  20
22  67  46  57   6   8   0 1.67  0.0    0 12.9 28  30   M    M   5 1      32  30
23  49  42  46  -5  19   0 1.05  0.0    0 10.3 20 310   M    M  10 1      27 300
24  57  36  47  -4  18   0 0.00  0.0    0  7.6 21 320   M    M   2        29 310
25  64  34  49  -2  16   0 0.00  0.0    0  6.6 16 230   M    M   0 18     27 220
26  62  39  51   0  14   0 0.00  0.0    0  7.1 24 340   M    M   0        29 340
27  73  39  56   5   9   0 0.00  0.0    0  5.6 17 350   M    M   0        22 330
28  61  40  51  -1  14   0 0.00  0.0    0  4.2 13  70   M    M   0 1      16  60
29  68  39  54   2  11   0 0.00  0.0    0  4.6 14 190   M    M   0 1      18 170
================================================================================
SM 1752 1147       433   5  4.40     0.0 210.9          M      109
================================================================================
AV 60.4 39.6                               7.3 FASTST   M    M   4    MAX(MPH)
                                 MISC ---->  # 28  30               # 34   10
================================================================================
NOTES:
# LAST OF SEVERAL OCCURRENCES

COLUMN 17 PEAK WIND IN M.P.H.

PRELIMINARY LOCAL CLIMATOLOGICAL DATA (WS FORM: F-6) , PAGE 2

                                          STATION:  GULFPORT
                                          MONTH:    JANUARY
                                          YEAR:     2015
                                          LATITUDE:   30 23 N
                                          LONGITUDE:  89  4 W

[TEMPERATURE DATA]      [PRECIPITATION DATA]       SYMBOLS USED IN COLUMN 16

AVERAGE MONTHLY: 50.0   TOTAL FOR MONTH:   4.40    1 = FOG OR MIST
DPTR FM NORMAL:  -0.8   DPTR FM NORMAL:   -0.35    2 = FOG REDUCING VISIBILITY
HIGHEST:    75 ON 12    GRTST 24HR  2.72 ON 22-23      TO 1/4 MILE OR LESS
LOWEST:     19 ON  8                               3 = THUNDER
                        SNOW, ICE PELLETS, HAIL    4 = ICE PELLETS
                        TOTAL MONTH:   0.0 INCH    5 = HAIL
                        GRTST 24HR     0.0         6 = FREEZING RAIN OR DRIZZLE
                        GRTST DEPTH:   0           7 = DUSTSTORM OR SANDSTORM:
                                                       VSBY 1/2 MILE OR LESS
                                                   8 = SMOKE OR HAZE
[NO. OF DAYS WITH]      [WEATHER - DAYS WITH]      9 = BLOWING SNOW
                                                   X = TORNADO
MAX 32 OR BELOW:   0    0.01 INCH OR MORE:   5
MAX 90 OR ABOVE:   0    0.10 INCH OR MORE:   5
MIN 32 OR BELOW:   6    0.50 INCH OR MORE:   4
MIN  0 OR BELOW:   0    1.00 INCH OR MORE:   3

[HDD (BASE 65) ]
TOTAL THIS MO.   433    CLEAR  (SCALE 0-3)  16
DPTR FM NORMAL    13    PTCLDY (SCALE 4-7)   6
TOTAL FM JUL 1  1060    CLOUDY (SCALE 8-10)  7
DPTR FM NORMAL    36

[CDD (BASE 65) ]
TOTAL THIS MO.     5
DPTR FM NORMAL     5    [PRESSURE DATA]
TOTAL FM JAN 1     5    HIGHEST SLP M ON M
DPTR FM NORMAL     5    LOWEST  SLP 29.84 ON  3

[REMARKS]




U.S. Dept. of Commerce
NOAA National Weather Service
1325 East West Highway
Silver Spring, MD 20910
E-mail: w-nws.webmaster@noaa.gov
Page last modified: May 16, 2007
NATIONAL WEATHER SERVICE: for Safety, for Work, for Fun - FOR LIFE