358
CXUS55 KMSO 220800
CF6GPI
PRELIMINARY LOCAL CLIMATOLOGICAL DATA (WS FORM: F-6)

                                          STATION:   KALISPELL MT
                                          MONTH:     AUGUST
                                          YEAR:      2014
                                          LATITUDE:   48 17 N
                                          LONGITUDE: 114 16 W

  TEMPERATURE IN F:       :PCPN:    SNOW:  WIND      :SUNSHINE: SKY     :PK WND
================================================================================
1   2   3   4   5  6A  6B    7    8   9   10  11  12  13   14  15   16   17  18
                                     12Z  AVG MX 2MIN
DY MAX MIN AVG DEP HDD CDD  WTR  SNW DPTH SPD SPD DIR MIN PSBL S-S WX    SPD DR
================================================================================

 1  93  51  72   5   0   7 0.00  0.0    0  6.8 18 180   M    M   1        24 210
 2  88  59  74   8   0   9    M  0.0    0  4.0  8 340   M    M   2         M  M
 3  85  58  72   6   0   7 0.00  0.0    0  3.8 12 350   M    M   1        16  20
 4  92  59  76  10   0  11 0.00  0.0    0  5.8 14  40   M    M   0        19  40
 5  89  54  72   6   0   7 0.00  0.0    0  3.3 14  20   M    M   0 8      16  20
 6  91  51  71   5   0   6 0.00  0.0    0  4.5 14 180   M    M   0 8      17 190
 7  88  47  68   2   0   3 0.00  0.0    0  3.5 13 180   M    M   0 8      20 140
 8  86  46  66   0   0   1    T  0.0    0  4.7 15 270   M    M   1 8      20 280
 9  85  46  66   0   0   1 0.00  0.0    0  2.9 12  30   M    M   0        16  30
10  88  47  68   2   0   3 0.00  0.0    0  3.5 10  40   M    M   0        15  30
11  94  48  71   6   0   6 0.00  0.0    0  3.4 16  30   M    M   0 8      21  10
12  89  58  74   9   0   9 0.00  0.0    0  5.1 15 160   M    M   0 8      18 150
13  89  50  70   5   0   5    T  0.0    0  3.7 25 160   M    M   2 8      31 140
14  79  59  69   4   0   4 0.08  0.0    0  3.2 10 280   M    M   6 18     14 270
15  77  53  65   0   0   0 0.34  0.0    0  4.0 15 140   M    M   3 123    19 140
16  70  49  60  -4   5   0    T  0.0    0  4.1 17 190   M    M   9 12     21 170
17  81  52  67   3   0   2 0.00  0.0    0  3.8 14 160   M    M   5 1      17 140
18  85  51  68   4   0   3 0.00  0.0    0  4.6 14 160   M    M   1 18     20 160
19  82  49  66   2   0   1 0.37  0.0    0  4.3 35 360   M    M   3 18     43 350
20  72  54  63   0   2   0 0.19  0.0    0  7.4 22 140   M    M   6 1      28 150
21  67  54  61  -2   4   0 0.12  0.0    0 11.8 22  40   M    M   6 1      26  40
================================================================================
SM 1770 1095        11  85  1.10     0.0  98.2          M       46
================================================================================
AV 84.3 52.1                               4.7 FASTST   M    M   2    MAX(MPH)
                                 MISC ---->  # 35 360               # 43  350
================================================================================
NOTES:
# LAST OF SEVERAL OCCURRENCES

COLUMN 17 PEAK WIND IN M.P.H.

PRELIMINARY LOCAL CLIMATOLOGICAL DATA (WS FORM: F-6) , PAGE 2

                                          STATION:  KALISPELL MT
                                          MONTH:    AUGUST
                                          YEAR:     2014
                                          LATITUDE:   48 17 N
                                          LONGITUDE: 114 16 W

[TEMPERATURE DATA]      [PRECIPITATION DATA]       SYMBOLS USED IN COLUMN 16

AVERAGE MONTHLY: 68.2   TOTAL FOR MONTH:   1.10    1 = FOG OR MIST
DPTR FM NORMAL:   3.1   DPTR FM NORMAL:    0.47    2 = FOG REDUCING VISIBILITY
HIGHEST:    94 ON 11    GRTST 24HR  0.40 ON 19-20      TO 1/4 MILE OR LESS
LOWEST:     46 ON  9, 8                            3 = THUNDER
                        SNOW, ICE PELLETS, HAIL    4 = ICE PELLETS
                        TOTAL MONTH:   0.0 INCH    5 = HAIL
                        GRTST 24HR     0.0         6 = FREEZING RAIN OR DRIZZLE
                        GRTST DEPTH:   0           7 = DUSTSTORM OR SANDSTORM:
                                                       VSBY 1/2 MILE OR LESS
                                                   8 = SMOKE OR HAZE
[NO. OF DAYS WITH]      [WEATHER - DAYS WITH]      9 = BLOWING SNOW
                                                   X = TORNADO
MAX 32 OR BELOW:   0    0.01 INCH OR MORE:   5
MAX 90 OR ABOVE:   4    0.10 INCH OR MORE:   4
MIN 32 OR BELOW:   0    0.50 INCH OR MORE:   0
MIN  0 OR BELOW:   0    1.00 INCH OR MORE:   0

[HDD (BASE 65) ]
TOTAL THIS MO.    11    CLEAR  (SCALE 0-3)  14
DPTR FM NORMAL   -39    PTCLDY (SCALE 4-7)   6
TOTAL FM JUL 1    25    CLOUDY (SCALE 8-10)  1
DPTR FM NORMAL  -102

[CDD (BASE 65) ]
TOTAL THIS MO.    85
DPTR FM NORMAL    33    [PRESSURE DATA]
TOTAL FM JAN 1   215    HIGHEST SLP M ON M
DPTR FM NORMAL    80    LOWEST  SLP 29.63 ON 19

[REMARKS]




U.S. Dept. of Commerce
NOAA National Weather Service
1325 East West Highway
Silver Spring, MD 20910
E-mail: w-nws.webmaster@noaa.gov
Page last modified: May 16, 2007
NATIONAL WEATHER SERVICE: for Safety, for Work, for Fun - FOR LIFE