293
CXUS55 KMSO 300800
CF6GPI
PRELIMINARY LOCAL CLIMATOLOGICAL DATA (WS FORM: F-6)

                                          STATION:   KALISPELL MT
                                          MONTH:     JULY
                                          YEAR:      2014
                                          LATITUDE:   48 17 N
                                          LONGITUDE: 114 16 W

  TEMPERATURE IN F:       :PCPN:    SNOW:  WIND      :SUNSHINE: SKY     :PK WND
================================================================================
1   2   3   4   5  6A  6B    7    8   9   10  11  12  13   14  15   16   17  18
                                     12Z  AVG MX 2MIN
DY MAX MIN AVG DEP HDD CDD  WTR  SNW DPTH SPD SPD DIR MIN PSBL S-S WX    SPD DR
================================================================================

 1  83  46  65   4   0   0 0.00  0.0    0  4.3 17  50   M    M   0 8      21  50
 2  87  48  68   6   0   3 0.00  0.0    0  4.5 16  20   M    M   0        20  20
 3  86  54  70   8   0   5 0.10  0.0    0  5.3 25 240   M    M   2 3      35 240
 4  85  51  68   6   0   3 0.00  0.0    0  4.9 15 160   M    M   0        19 130
 5  83  53  68   6   0   3    T  0.0    0  4.9 16 250   M    M   2 8      22 250
 6  87  48  68   5   0   3 0.00  0.0    0  4.9 15 240   M    M   1        20 230
 7  86  56  71   8   0   6    T  0.0    0  4.5 14  40   M    M   2        19  20
 8  89  51  70   7   0   5 0.00  0.0    0  3.3 13  40   M    M   1        16  40
 9  90  52  71   7   0   6 0.00  0.0    0  5.0 17 160   M    M   0        23 160
10  89  49  69   5   0   4 0.00  0.0    0  4.4 17 260   M    M   0 12     24 270
11  86  51  69   5   0   4 0.00  0.0    0  6.0 24  30   M    M   0        33  30
12  91  50  71   7   0   6 0.00  0.0    0  3.0  9 360   M    M   0        14  20
13  94  50  72   8   0   7 0.00  0.0    0  3.1 12  20   M    M   0        15  30
14  86  58  72   7   0   7 0.03  0.0    0  5.9 25 100   M    M   1        34 100
15  82  58  70   5   0   5    T  0.0    0  4.3 10  30   M    M   2        14  30
16  87  54  71   6   0   6 0.00  0.0    0  4.4 12 150   M    M   0        16  30
17  92  53  73   8   0   8 0.00  0.0    0  5.3 17 240   M    M   1 128    25 240
18  82  51  67   1   0   2 0.00  0.0    0  8.4 23 150   M    M   3 8      29 150
19  84  51  68   2   0   3 0.00  0.0    0 10.0 26 230   M    M   7 18     31 220
20  74  59  67   1   0   2 0.13  0.0    0  9.0 21 230   M    M   5 1      26 230
21  82  52  67   1   0   2    T  0.0    0  5.8 17 200   M    M   3        21 190
22  83  47  65  -1   0   0 0.02  0.0    0  4.2 20 270   M    M   3        26 270
23  87  57  72   6   0   7 0.07  0.0    0  3.8 21 240   M    M   2 13     28 250
24  68  53  61  -5   4   0 0.04  0.0    0 10.4 25 240   M    M   8        35 230
25  75  44  60  -6   5   0 0.00  0.0    0  7.1 20 280   M    M   4        26 280
26  80  39  60  -6   5   0 0.00  0.0    0  3.5 12 150   M    M   0 1      17 150
27  88  46  67   1   0   2 0.00  0.0    0  3.9 16  50   M    M   0        19  50
28  93  51  72   5   0   7 0.00  0.0    0  5.1 17  40   M    M   0        21  40
29  94  51  73   6   0   8 0.00  0.0    0  5.1 20  40   M    M   0        24  40
================================================================================
SM 2473 1483        14 114  0.39     0.0 154.3          M       47
================================================================================
AV 85.3 51.1                               5.3 FASTST   M    M   2    MAX(MPH)
                                 MISC ---->  # 26 230               # 35  240
================================================================================
NOTES:
# LAST OF SEVERAL OCCURRENCES

COLUMN 17 PEAK WIND IN M.P.H.

PRELIMINARY LOCAL CLIMATOLOGICAL DATA (WS FORM: F-6) , PAGE 2

                                          STATION:  KALISPELL MT
                                          MONTH:    JULY
                                          YEAR:     2014
                                          LATITUDE:   48 17 N
                                          LONGITUDE: 114 16 W

[TEMPERATURE DATA]      [PRECIPITATION DATA]       SYMBOLS USED IN COLUMN 16

AVERAGE MONTHLY: 68.2   TOTAL FOR MONTH:   0.39    1 = FOG OR MIST
DPTR FM NORMAL:   3.7   DPTR FM NORMAL:   -1.00    2 = FOG REDUCING VISIBILITY
HIGHEST:    94 ON 29,13 GRTST 24HR  0.13 ON 20-20      TO 1/4 MILE OR LESS
LOWEST:     39 ON 26                               3 = THUNDER
                        SNOW, ICE PELLETS, HAIL    4 = ICE PELLETS
                        TOTAL MONTH:   0.0 INCH    5 = HAIL
                        GRTST 24HR     0.0         6 = FREEZING RAIN OR DRIZZLE
                        GRTST DEPTH:   0           7 = DUSTSTORM OR SANDSTORM:
                                                       VSBY 1/2 MILE OR LESS
                                                   8 = SMOKE OR HAZE
[NO. OF DAYS WITH]      [WEATHER - DAYS WITH]      9 = BLOWING SNOW
                                                   X = TORNADO
MAX 32 OR BELOW:   0    0.01 INCH OR MORE:   6
MAX 90 OR ABOVE:   6    0.10 INCH OR MORE:   2
MIN 32 OR BELOW:   0    0.50 INCH OR MORE:   0
MIN  0 OR BELOW:   0    1.00 INCH OR MORE:   0

[HDD (BASE 65) ]
TOTAL THIS MO.    14    CLEAR  (SCALE 0-3)  25
DPTR FM NORMAL   -61    PTCLDY (SCALE 4-7)   4
TOTAL FM JUL 1    14    CLOUDY (SCALE 8-10)  0
DPTR FM NORMAL   -61

[CDD (BASE 65) ]
TOTAL THIS MO.   114
DPTR FM NORMAL    53    [PRESSURE DATA]
TOTAL FM JAN 1   114    HIGHEST SLP M ON M
DPTR FM NORMAL    37    LOWEST  SLP 29.71 ON 17

[REMARKS]




U.S. Dept. of Commerce
NOAA National Weather Service
1325 East West Highway
Silver Spring, MD 20910
E-mail: w-nws.webmaster@noaa.gov
Page last modified: May 16, 2007
NATIONAL WEATHER SERVICE: for Safety, for Work, for Fun - FOR LIFE