956
CXUS55 KMSO 300800
CF6GPI
PRELIMINARY LOCAL CLIMATOLOGICAL DATA (WS FORM: F-6)

                                          STATION:   KALISPELL MT
                                          MONTH:     SEPTEMBER
                                          YEAR:      2014
                                          LATITUDE:   48 17 N
                                          LONGITUDE: 114 16 W

  TEMPERATURE IN F:       :PCPN:    SNOW:  WIND      :SUNSHINE: SKY     :PK WND
================================================================================
1   2   3   4   5  6A  6B    7    8   9   10  11  12  13   14  15   16   17  18
                                     12Z  AVG MX 2MIN
DY MAX MIN AVG DEP HDD CDD  WTR  SNW DPTH SPD SPD DIR MIN PSBL S-S WX    SPD DR
================================================================================

 1  70  49  60   0   5   0 0.01  0.0    0  5.1 15 140   M    M   9        22 140
 2  75  41  58  -1   7   0    T  0.0    0  4.1 16 290   M    M   2        23 150
 3  56  41  49 -10  16   0 0.44  0.0    0  3.4 16 260   M    M   8 12     21 260
 4  66  41  54  -4  11   0 0.00  0.0    0  1.4 10 180   M    M   5 1      14 180
 5  73  36  55  -3  10   0 0.00  0.0    0  4.2 13  50   M    M   0        15  50
 6  77  36  57  -1   8   0 0.00  0.0    0  3.4 13  20   M    M   0        15  20
 7  80  35  58   0   7   0 0.00  0.0    0  4.2 15 170   M    M   0        19 170
 8  75  35  55  -2  10   0 0.00  0.0    0  7.1 37  30   M    M   0 1      47  20
 9  56  43  50  -7  15   0 0.03  0.0    0 17.5 33  20   M    M   6        41  20
10  48  37  43 -13  22   0 0.24  0.0    0 14.6 28  30   M    M   9 1      34  40
11  57  29  43 -13  22   0 0.00  0.0    0  6.2 16  30   M    M   0        21  30
12  61  23  42 -14  23   0 0.00  0.0    0  4.0 13 350   M    M   0        17  10
13  66  34  50  -5  15   0 0.00  0.0    0  4.1 17  20   M    M   0        22  10
14  73  30  52  -3  13   0 0.00  0.0    0  3.2 13  40   M    M   0        16  50
15  77  34  56   2   9   0 0.00  0.0    0  4.3 16  40   M    M   0 8      19  40
16  79  36  58   4   7   0 0.00  0.0    0  3.6 10 190   M    M   0        14 180
17  81  44  63   9   2   0 0.00  0.0    0  3.3  8 180   M    M   0        13 150
18  79  46  63  10   2   0 0.00  0.0    0  4.0 17 230   M    M   4 8      23 230
19  74  45  60   7   5   0    T  0.0    0  7.5 17 260   M    M   8        23 280
20  79  38  59   7   6   0 0.00  0.0    0  2.0  8 110   M    M   0 1      11 120
21  86  42  64  12   1   0 0.00  0.0    0  3.1 14  20   M    M   0        18  40
22  82  42  62  10   3   0 0.00  0.0    0  3.3 10 170   M    M   0        14 200
23  76  44  60   9   5   0 0.03  0.0    0  2.6 13 180   M    M   5 1      16 180
24  89  45  67  16   0   2 0.00  0.0    0  5.1 20 230   M    M   0 1      32 230
25  81  40  61  11   4   0 0.00  0.0    0  2.5 12 310   M    M   0 8      21 310
26  69  41  55   5  10   0 0.03  0.0    0  5.0 17 250   M    M   6        23 250
27  61  38  50   0  15   0    T  0.0    0  9.9 21  30   M    M   5        27  30
28  69  42  56   7   9   0 0.00  0.0    0  8.9 21  30   M    M   3        29  30
29  60  45  53   4  12   0 0.00  0.0    0  7.0 16 150   M    M  10        20 150
================================================================================
SM 2075 1132       274   2  0.78     0.0 154.6          M       80
================================================================================
AV 71.6 39.0                               5.3 FASTST   M    M   3    MAX(MPH)
                                 MISC ---->  # 37  30               # 47   20
================================================================================
NOTES:
# LAST OF SEVERAL OCCURRENCES

COLUMN 17 PEAK WIND IN M.P.H.

PRELIMINARY LOCAL CLIMATOLOGICAL DATA (WS FORM: F-6) , PAGE 2

                                          STATION:  KALISPELL MT
                                          MONTH:    SEPTEMBER
                                          YEAR:     2014
                                          LATITUDE:   48 17 N
                                          LONGITUDE: 114 16 W

[TEMPERATURE DATA]      [PRECIPITATION DATA]       SYMBOLS USED IN COLUMN 16

AVERAGE MONTHLY: 55.3   TOTAL FOR MONTH:   0.78    1 = FOG OR MIST
DPTR FM NORMAL:   0.9   DPTR FM NORMAL:   -0.56    2 = FOG REDUCING VISIBILITY
HIGHEST:    89 ON 24    GRTST 24HR  0.44 ON  3- 3      TO 1/4 MILE OR LESS
LOWEST:     23 ON 12                               3 = THUNDER
                        SNOW, ICE PELLETS, HAIL    4 = ICE PELLETS
                        TOTAL MONTH:   0.0 INCH    5 = HAIL
                        GRTST 24HR     0.0         6 = FREEZING RAIN OR DRIZZLE
                        GRTST DEPTH:   0           7 = DUSTSTORM OR SANDSTORM:
                                                       VSBY 1/2 MILE OR LESS
                                                   8 = SMOKE OR HAZE
[NO. OF DAYS WITH]      [WEATHER - DAYS WITH]      9 = BLOWING SNOW
                                                   X = TORNADO
MAX 32 OR BELOW:   0    0.01 INCH OR MORE:   6
MAX 90 OR ABOVE:   0    0.10 INCH OR MORE:   2
MIN 32 OR BELOW:   3    0.50 INCH OR MORE:   0
MIN  0 OR BELOW:   0    1.00 INCH OR MORE:   0

[HDD (BASE 65) ]
TOTAL THIS MO.   274    CLEAR  (SCALE 0-3)  18
DPTR FM NORMAL   -39    PTCLDY (SCALE 4-7)   7
TOTAL FM JUL 1   351    CLOUDY (SCALE 8-10)  4
DPTR FM NORMAL  -132

[CDD (BASE 65) ]
TOTAL THIS MO.     2
DPTR FM NORMAL     1    [PRESSURE DATA]
TOTAL FM JAN 1   217    HIGHEST SLP M ON M
DPTR FM NORMAL    73    LOWEST  SLP 29.64 ON  3

[REMARKS]




U.S. Dept. of Commerce
NOAA National Weather Service
1325 East West Highway
Silver Spring, MD 20910
E-mail: w-nws.webmaster@noaa.gov
Page last modified: May 16, 2007
NATIONAL WEATHER SERVICE: for Safety, for Work, for Fun - FOR LIFE