333
CXUS55 KMSO 300800
CF6GPI
PRELIMINARY LOCAL CLIMATOLOGICAL DATA (WS FORM: F-6)

                                          STATION:   KALISPELL MT
                                          MONTH:     JANUARY
                                          YEAR:      2015
                                          LATITUDE:   48 17 N
                                          LONGITUDE: 114 16 W

  TEMPERATURE IN F:       :PCPN:    SNOW:  WIND      :SUNSHINE: SKY     :PK WND
================================================================================
1   2   3   4   5  6A  6B    7    8   9   10  11  12  13   14  15   16   17  18
                                     12Z  AVG MX 2MIN
DY MAX MIN AVG DEP HDD CDD  WTR  SNW DPTH SPD SPD DIR MIN PSBL S-S WX    SPD DR
================================================================================

 1  16   1   9 -13  56   0    T    T    4  0.6  5 240   M    M   8         6  40
 2  18  10  14  -8  51   0 0.10  2.0    6  0.5  7 350   M    M  10 1       7  10
 3  20  13  17  -5  48   0 0.04  0.7    3 14.8 29  30   M    M  10 19     35  30
 4  13  10  12 -10  53   0 0.52  6.9    8 12.5 24  20   M    M  10 1      31  10
 5  25  12  19  -3  46   0 0.93 12.3   18  0.0  5 290   M    M  10 126     5 290
 6  36  24  30   8  35   0 0.01  0.0   16  6.2 24  10   M    M   9 6      28  20
 7  29   4  17  -6  48   0 0.00  0.0   14  6.9 20  20   M    M   2 1      24  10
 8  28   4  16  -7  49   0 0.00  0.0   13 11.5 38  30   M    M   7 128    45  30
 9  19  -5   7 -16  58   0 0.00  0.0   13  3.8 13  30   M    M   2        16  10
10  22   8  15  -8  50   0 0.14  2.0   15  0.2  5 160   M    M  10 12      6 160
11  28  21  25   2  40   0 0.00  0.0   15  0.9  7  20   M    M  10 1       7  20
12  29  19  24   1  41   0 0.00  0.0   12  0.7  6  20   M    M  10 1       6 170
13  30  24  27   3  38   0 0.00  0.0   11  0.8  7 220   M    M  10 1       8 220
14  31   9  20  -4  45   0 0.00  0.0   10  0.7  5 270   M    M   9 12      6 270
15  28  15  22  -2  43   0 0.00  0.0   10  1.5  7 180   M    M  10 1       9 180
16  38  20  29   5  36   0 0.10  1.5   11  2.4 14 210   M    M   9 12     16 210
17  31   9  20  -4  45   0 0.10  0.8   10  2.6  9 220   M    M   7 12     10 230
18  45  29  37  13  28   0 0.37  4.0   15  8.4 21 220   M    M   8 1      26 220
19  40  31  36  12  29   0 0.01    T   12  7.1 16 190   M    M   9        20 190
20  39  10  25   1  40   0 0.00  0.0    9  1.0  8 170   M    M   5 12     10 180
21  30   0  15 -10  50   0 0.00  0.0    9  0.4  5 280   M    M   1 12      5 290
22  30   5  18  -7  47   0    T    T    9  0.8  7 270   M    M   9 12      9 260
23  36  28  32   7  33   0 0.02  0.2    9  3.3 13 230   M    M  10 1      16 230
24  46  32  39  14  26   0 0.07  0.0    9  5.1 14 170   M    M   7 1      23 260
25  48  26  37  12  28   0 0.00  0.0    8  4.0 10 220   M    M   4 12     13 210
26  45  19  32   7  33   0 0.00  0.0    6  0.2  7  40   M    M   5 12      8  40
27  38  16  27   2  38   0 0.00  0.0    5  0.5  9  40   M    M   3 12     10  30
28  40  10  25   0  40   0 0.00  0.0    5  0.7  8  40   M    M   5 128     9  30
29  35   8  22  -3  43   0 0.00  0.0    5  1.1  8  30   M    M   3 12      8  30
================================================================================
SM  913  412      1217   0  2.41    30.4  99.2          M      212
================================================================================
AV 31.5 14.2                               3.4 FASTST   M    M   7    MAX(MPH)
                                 MISC ---->  # 38  30               # 45   30
================================================================================
NOTES:
# LAST OF SEVERAL OCCURRENCES

COLUMN 17 PEAK WIND IN M.P.H.

PRELIMINARY LOCAL CLIMATOLOGICAL DATA (WS FORM: F-6) , PAGE 2

                                          STATION:  KALISPELL MT
                                          MONTH:    JANUARY
                                          YEAR:     2015
                                          LATITUDE:   48 17 N
                                          LONGITUDE: 114 16 W

[TEMPERATURE DATA]      [PRECIPITATION DATA]       SYMBOLS USED IN COLUMN 16

AVERAGE MONTHLY: 22.8   TOTAL FOR MONTH:   2.41    1 = FOG OR MIST
DPTR FM NORMAL:  -0.8   DPTR FM NORMAL:    1.15    2 = FOG REDUCING VISIBILITY
HIGHEST:    48 ON 25    GRTST 24HR  1.28 ON  4- 5      TO 1/4 MILE OR LESS
LOWEST:     -5 ON  9                               3 = THUNDER
                        SNOW, ICE PELLETS, HAIL    4 = ICE PELLETS
                        TOTAL MONTH:  30.4 INCHES  5 = HAIL
                        GRTST 24HR  12.3 ON   M    6 = FREEZING RAIN OR DRIZZLE
                        GRTST DEPTH:  18 ON  5     7 = DUSTSTORM OR SANDSTORM:
                                                       VSBY 1/2 MILE OR LESS
                                                   8 = SMOKE OR HAZE
[NO. OF DAYS WITH]      [WEATHER - DAYS WITH]      9 = BLOWING SNOW
                                                   X = TORNADO
MAX 32 OR BELOW:  17    0.01 INCH OR MORE:  12
MAX 90 OR ABOVE:   0    0.10 INCH OR MORE:   7
MIN 32 OR BELOW:  29    0.50 INCH OR MORE:   2
MIN  0 OR BELOW:   2    1.00 INCH OR MORE:   0

[HDD (BASE 65) ]
TOTAL THIS MO.  1217    CLEAR  (SCALE 0-3)   5
DPTR FM NORMAL    18    PTCLDY (SCALE 4-7)   9
TOTAL FM JUL 1  4444    CLOUDY (SCALE 8-10) 15
DPTR FM NORMAL  -269

[CDD (BASE 65) ]
TOTAL THIS MO.     0
DPTR FM NORMAL     0    [PRESSURE DATA]
TOTAL FM JAN 1     0    HIGHEST SLP M ON M
DPTR FM NORMAL     0    LOWEST  SLP 29.96 ON 18

[REMARKS]




U.S. Dept. of Commerce
NOAA National Weather Service
1325 East West Highway
Silver Spring, MD 20910
E-mail: w-nws.webmaster@noaa.gov
Page last modified: May 16, 2007
NATIONAL WEATHER SERVICE: for Safety, for Work, for Fun - FOR LIFE