953
CXUS55 KMSO 020740
CF6GPI
PRELIMINARY LOCAL CLIMATOLOGICAL DATA (WS FORM: F-6)

                                          STATION:   KALISPELL MT
                                          MONTH:     NOVEMBER
                                          YEAR:      2014
                                          LATITUDE:   48 17 N
                                          LONGITUDE: 114 16 W

  TEMPERATURE IN F:       :PCPN:    SNOW:  WIND      :SUNSHINE: SKY     :PK WND
================================================================================
1   2   3   4   5  6A  6B    7    8   9   10  11  12  13   14  15   16   17  18
                                     12Z  AVG MX 2MIN
DY MAX MIN AVG DEP HDD CDD  WTR  SNW DPTH SPD SPD DIR MIN PSBL S-S WX    SPD DR
================================================================================

 1  48  32  40   3  25   0 0.22  0.0    0  7.3 24  20   M    M   9 12     31  30
 2  39  34  37   1  28   0 0.38  0.0    0  7.0 16  10   M    M  10 1      22 140
 3  44  36  40   4  25   0 0.07  0.0    0  4.8 12 150   M    M  10 1      14 160
 4  48  42  45   9  20   0 0.08  0.0    0  9.5 18 190   M    M   9        35 210
 5  57  38  48  12  17   0 0.00  0.0    0  3.2 13 240   M    M   8 8      16 240
 6  59  39  49  14  16   0    T  0.0    0  3.7 23 240   M    M   8        35 290
 7  53  31  42   7  23   0    T  0.0    0  8.0 16 220   M    M   8        20 210
 8  52  24  38   4  27   0 0.00  0.0    0  2.5 14 160   M    M   4 12     16 170
 9  43  24  34   0  31   0 0.63  0.6    0 10.1 38  30   M    M  10 1      48  30
10  28  14  21 -13  44   0    T  0.1    1 15.5 28  30   M    M  10 9      34  20
11  21   4  13 -21  52   0 0.00  0.0    T 10.5 23  30   M    M   1        29  40
12  21  -1  10 -23  55   0 0.00  0.0    T  1.2  6 260   M    M   0         9 310
13  24   0  12 -21  53   0 0.00  0.0    T  2.3  8 350   M    M   0        12 350
14  28  -3  13 -19  52   0 0.00  0.0    T  6.5 20  30   M    M   0 1      23  30
15  24  -1  12 -20  53   0 0.00  0.0    T  2.3 12  30   M    M   0        12  30
16  29   4  17 -15  48   0 0.00  0.0    T  1.2  6 170   M    M   2 18     10 170
17  29   3  16 -15  49   0 0.00  0.0    T  1.3  6 180   M    M   0         8 130
18  30   9  20 -11  45   0 0.00  0.0    T  0.3  6  30   M    M   4 1       6  30
19  30   4  17 -14  48   0 0.00  0.0    T  0.9  6 160   M    M   2 1       9 180
20  28  20  24  -6  41   0 0.01  0.3    T  0.6  6  50   M    M  10 12      6 120
21  34  27  31   1  34   0 0.12    T    T  0.6  6  60   M    M  10 1       6  60
22  44  29  37   7  28   0 0.18  0.0    0  8.9 20 250   M    M   9 1      26 260
23  38  25  32   3  33   0 0.09  0.1    0  6.7 16 150   M    M   9 1      20 160
24  39  29  34   5  31   0 0.10  1.0    T  7.7 18 230   M    M   9 1      24 240
25  36  30  33   5  32   0 0.06  0.2    1  2.2 14 170   M    M  10 12     18 160
26  33  30  32   4  33   0 0.38  3.0    4  0.5  5  40   M    M  10 12      6  40
27  49  32  41  13  24   0 0.08  0.0    1  5.4 16 130   M    M  10 1      19 200
28  48  41  45  18  20   0 0.07  0.0    0 10.0 23 160   M    M  10        27 150
29  43   1  22  -5  43   0 0.07  5.0    T 24.9 40  30   M    M   9 189    51  30
30   9  -7   1 -25  64   0 0.00  0.0    5  4.5 10  20   M    M   6        13  20
================================================================================
SM 1108  590      1094   0  2.54    10.3 170.1          M      197
================================================================================
AV 36.9 19.7                               5.7 FASTST   M    M   7    MAX(MPH)
                                 MISC ---->  # 40  30               # 51   30
================================================================================
NOTES:
# LAST OF SEVERAL OCCURRENCES

COLUMN 17 PEAK WIND IN M.P.H.

PRELIMINARY LOCAL CLIMATOLOGICAL DATA (WS FORM: F-6) , PAGE 2

                                          STATION:  KALISPELL MT
                                          MONTH:    NOVEMBER
                                          YEAR:     2014
                                          LATITUDE:   48 17 N
                                          LONGITUDE: 114 16 W

[TEMPERATURE DATA]      [PRECIPITATION DATA]       SYMBOLS USED IN COLUMN 16

AVERAGE MONTHLY: 28.3   TOTAL FOR MONTH:   2.54    1 = FOG OR MIST
DPTR FM NORMAL:  -3.5   DPTR FM NORMAL:    1.11    2 = FOG REDUCING VISIBILITY
HIGHEST:    59 ON  6    GRTST 24HR  0.63 ON  9- 9      TO 1/4 MILE OR LESS
LOWEST:     -7 ON 30                               3 = THUNDER
                        SNOW, ICE PELLETS, HAIL    4 = ICE PELLETS
                        TOTAL MONTH:  10.3 INCHES  5 = HAIL
                        GRTST 24HR   5.0 ON 29-29  6 = FREEZING RAIN OR DRIZZLE
                        GRTST DEPTH:   5 ON 30     7 = DUSTSTORM OR SANDSTORM:
                                                       VSBY 1/2 MILE OR LESS
                                                   8 = SMOKE OR HAZE
[NO. OF DAYS WITH]      [WEATHER - DAYS WITH]      9 = BLOWING SNOW
                                                   X = TORNADO
MAX 32 OR BELOW:  12    0.01 INCH OR MORE:  15
MAX 90 OR ABOVE:   0    0.10 INCH OR MORE:   7
MIN 32 OR BELOW:  24    0.50 INCH OR MORE:   1
MIN  0 OR BELOW:   5    1.00 INCH OR MORE:   0

[HDD (BASE 65) ]
TOTAL THIS MO.  1094    CLEAR  (SCALE 0-3)   8
DPTR FM NORMAL    98    PTCLDY (SCALE 4-7)   5
TOTAL FM JUL 1  1998    CLOUDY (SCALE 8-10) 17
DPTR FM NORMAL  -206

[CDD (BASE 65) ]
TOTAL THIS MO.     0
DPTR FM NORMAL     0    [PRESSURE DATA]
TOTAL FM JAN 1   217    HIGHEST SLP 30.80 ON 12
DPTR FM NORMAL    70    LOWEST  SLP 29.19 ON 28

[REMARKS]
#FINAL-11-14#




U.S. Dept. of Commerce
NOAA National Weather Service
1325 East West Highway
Silver Spring, MD 20910
E-mail: w-nws.webmaster@noaa.gov
Page last modified: May 16, 2007
NATIONAL WEATHER SERVICE: for Safety, for Work, for Fun - FOR LIFE