079
CXUS54 KFWD 022025
CF6GOP
PRELIMINARY LOCAL CLIMATOLOGICAL DATA (WS FORM: F-6)

                                          STATION:   GATESVILLE
                                          MONTH:     NOVEMBER
                                          YEAR:      2014
                                          LATITUDE:   31 25 N
                                          LONGITUDE:  97 48 W

  TEMPERATURE IN F:       :PCPN:    SNOW:  WIND      :SUNSHINE: SKY     :PK WND
================================================================================
1   2   3   4   5  6A  6B    7    8   9   10  11  12  13   14  15   16   17  18
                                     12Z  AVG MX 2MIN
DY MAX MIN AVG DEP HDD CDD  WTR  SNW DPTH SPD SPD DIR MIN PSBL S-S WX    SPD DR
================================================================================

 1  64  39  52  -9  13   0 0.00  0.0    0  2.1  9 150   M    M   0         M  M
 2  72  45  59  -2   6   0 0.00  0.0    0  7.2 15 160   M    M   2        22 170
 3  73  57  65   5   0   0 0.00  0.0    0  9.8 22 160   M    M   7        28 160
 4  72  57  65   5   0   0 0.34  0.0    0  8.1 14  30   M    M   7 1      23  30
 5  57  54  56  -4   9   0 0.09  0.0    0  6.3  9  20   M    M   9 1       M  M
 6  68  48  58  -1   7   0 0.00  0.0    0  4.6 10  10   M    M   1         M  M
 7  70  41  56  -3   9   0 0.00  0.0    0  0.5  7 170   M    M   0         M  M
 8  68  45  57  -2   8   0 0.00  0.0    0  3.1 16  20   M    M   0        23  20
 9  75  39  57  -1   8   0 0.00  0.0    0  3.8 14 210   M    M   0         M  M
10  79  52  66   8   0   1 0.00  0.0    0 13.1 22 200   M    M   0        31 200
11  64  37  51  -7  14   0 0.00  0.0    0 10.9 18 350   M    M   1        29 350
12  43  32  38 -19  27   0    M    M    0 11.9 16  10   M    M   2        23  10
13   M  32   M   M   M   M 0.00  0.0    0 13.1 17 360   M    M   6        23 360
14   M   M   M   M   M   M    M    M    M   M   M   M   M    M   M         M  M
15   M   M   M   M   M   M    M    M    M   M   M   M   M    M   M         M  M
16   M   M   M   M   M   M    M    M    M   M   M   M   M    M   M         M  M
17  46  28  37 -18  28   0 0.00  0.0    0  4.2 12 350   M    M   0        18 360
18  55  25  40 -15  25   0 0.00  0.0    0  4.2 12 210   M    M   0        17 210
19  68  32  50  -4  15   0 0.00  0.0    0  4.6 15 220   M    M   0        21 230
20  73  39  56   2   9   0 0.00  0.0    0  6.0 16 200   M    M   2        24 210
21  75  61  68  14   0   3 0.00  0.0    0  5.9 13 160   M    M   9        21 160
22  66  55  61   8   4   0 0.83  0.0    0  8.7 16 350   M    M   8 3      28 350
23  77  52  65  12   0   0 0.00  0.0    0 10.6 22 250   M    M   0        29 250
24  61  36  49  -3  16   0 0.00  0.0    0  3.0 12 350   M    M   0         M  M
25  64  32  48  -4  17   0 0.00  0.0    0  2.7 10 230   M    M   0        16 310
26  68  37  53   1  12   0 0.00  0.0    0  6.2 16 270   M    M   0        25 270
27  61  39  50  -1  15   0 0.00  0.0    0  0.3  5  70   M    M   0         M  M
28  72  37  55   4  10   0 0.00  0.0    0  6.2 18 200   M    M   1        25 190
29  75  52  64  13   1   0 0.00  0.0    0 12.7 23 200   M    M   0        32 200
30  79  61  70  20   0   5 0.00  0.0    0  9.6 23 200   M    M   3        29 200
================================================================================
SM 1745 1164       253   9  1.26     0.0 179.4          M       58
================================================================================
AV 67.1 43.1                               6.6 FASTST   M    M   2    MAX(MPH)
                                 MISC ---->  # 23 200                 32    M
================================================================================
NOTES:
# LAST OF SEVERAL OCCURRENCES

COLUMN 17 PEAK WIND IN M.P.H.

PRELIMINARY LOCAL CLIMATOLOGICAL DATA (WS FORM: F-6) , PAGE 2

                                          STATION:  GATESVILLE
                                          MONTH:    NOVEMBER
                                          YEAR:     2014
                                          LATITUDE:   31 25 N
                                          LONGITUDE:  97 48 W

[TEMPERATURE DATA]      [PRECIPITATION DATA]       SYMBOLS USED IN COLUMN 16

AVERAGE MONTHLY: 55.1   TOTAL FOR MONTH:   1.26    1 = FOG OR MIST
DPTR FM NORMAL:  -0.6   DPTR FM NORMAL:       M    2 = FOG REDUCING VISIBILITY
HIGHEST:    79 ON 30,10 GRTST 24HR  0.83 ON 22-22      TO 1/4 MILE OR LESS
LOWEST:     25 ON 18                               3 = THUNDER
                        SNOW, ICE PELLETS, HAIL    4 = ICE PELLETS
                        TOTAL MONTH:   0.0 INCH    5 = HAIL
                        GRTST 24HR     0.0         6 = FREEZING RAIN OR DRIZZLE
                        GRTST DEPTH:   0           7 = DUSTSTORM OR SANDSTORM:
                                                       VSBY 1/2 MILE OR LESS
                                                   8 = SMOKE OR HAZE
[NO. OF DAYS WITH]      [WEATHER - DAYS WITH]      9 = BLOWING SNOW
                                                   X = TORNADO
MAX 32 OR BELOW:   0    0.01 INCH OR MORE:   3
MAX 90 OR ABOVE:   0    0.10 INCH OR MORE:   2
MIN 32 OR BELOW:   6    0.50 INCH OR MORE:   1
MIN  0 OR BELOW:   0    1.00 INCH OR MORE:   0

[HDD (BASE 65) ]
TOTAL THIS MO.   253    CLEAR  (SCALE 0-3)  21
DPTR FM NORMAL   -48    PTCLDY (SCALE 4-7)   3
TOTAL FM JUL 1   265    CLOUDY (SCALE 8-10)  3
DPTR FM NORMAL  -128

[CDD (BASE 65) ]
TOTAL THIS MO.     9
DPTR FM NORMAL   -15    [PRESSURE DATA]
TOTAL FM JAN 1  2664    HIGHEST SLP M ON M
DPTR FM NORMAL   350    LOWEST  SLP M ON M

[REMARKS]
#FINAL-11-14#




U.S. Dept. of Commerce
NOAA National Weather Service
1325 East West Highway
Silver Spring, MD 20910
E-mail: w-nws.webmaster@noaa.gov
Page last modified: May 16, 2007
NATIONAL WEATHER SERVICE: for Safety, for Work, for Fun - FOR LIFE