557
CXUS54 KOUN 300800
CF6GOK
PRELIMINARY LOCAL CLIMATOLOGICAL DATA (WS FORM: F-6)

                                          STATION:   GUTHRIE MUNICIPAL
                                          MONTH:     JULY
                                          YEAR:      2014
                                          LATITUDE:   35 50 N
                                          LONGITUDE:  97 25 W

  TEMPERATURE IN F:       :PCPN:    SNOW:  WIND      :SUNSHINE: SKY     :PK WND
================================================================================
1   2   3   4   5  6A  6B    7    8   9   10  11  12  13   14  15   16   17  18
                                     12Z  AVG MX 2MIN
DY MAX MIN AVG DEP HDD CDD  WTR  SNW DPTH SPD SPD DIR MIN PSBL S-S WX    SPD DR
================================================================================

 1  85  72  79  -2   0  14 0.00  0.0    0  6.6 22 290   M    M   1 8      27 290
 2  84  68  76  -5   0  11 0.03  0.0    0  6.8 14  50   M    M   2 8      19  50
 3  87  62  75  -6   0  10 0.00  0.0    0  6.1 14 100   M    M   1        18  90
 4  92  65  79  -3   0  14 0.00  0.0    0  9.6 16 160   M    M   1        20 140
 5  95  74  85   3   0  20 0.00  0.0    0 13.1 20 180   M    M   0 8      27 200
 6  99  77  88   6   0  23 0.00  0.0    0 12.7 21 200   M    M   1 8      28 230
 7 102  78  90   8   0  25 0.00  0.0    0 11.6 17 190   M    M   0        26 210
 8  97  75  86   4   0  21 0.00  0.0    0  7.8 18 190   M    M   1        25 340
 9  91  68  80  -2   0  15    T  0.0    0  7.2 15 180   M    M   4 13     19 180
10  92  69  81  -1   0  16    T  0.0    0 12.5 23  50   M    M   1 3      35  60
11  97  75  86   3   0  21 0.00  0.0    0 11.8 20 180   M    M   0        29 150
12 100  77  89   6   0  24 0.00  0.0    0 11.5 21 230   M    M   1 8      28 220
13 104  75  90   7   0  25 0.00  0.0    0  7.9 17 300   M    M   1 8      34 210
14  95  74  85   2   0  20    T  0.0    0  6.0 18  40   M    M   1        27  60
15  82  65  74  -9   0   9 0.00  0.0    0  6.8 17  50   M    M   2        23  50
16  70  59  65 -18   0   0 0.66  0.0    0  6.9 17 140   M    M   9 18     23  90
17  67  60  64 -19   1   0 1.83  0.0    0  7.8 13 110   M    M   9 1      27  50
18  70  62  66 -17   0   1    T  0.0    0  4.0  9  80   M    M  10 18     14  10
19  81  62  72 -11   0   7 0.00  0.0    0  6.9 14 140   M    M   5 1      18 150
20  90  65  78  -5   0  13 0.00  0.0    0 11.0 17 190   M    M   0 8      22 190
21  94  73  84   0   0  19 0.00  0.0    0  9.5 16 180   M    M   0 18     21 190
22  97   M   M   M   M   M 0.00  0.0    M  6.0 10 180   M    M   0 8       M  M
23  99   M   M   M   M   M 0.00  0.0    M  6.3 17  70   M    M   0 18     22  70
24  94  69  82  -2   0  17 0.00  0.0    0  5.8 12 160   M    M   1 18     23 130
25 101  74  88   4   0  23 0.00  0.0    0 11.5 21 190   M    M   0        30 100
26 102  80  91   7   0  26 0.00  0.0    0 11.7 17 200   M    M   0        31 130
27  96  73  85   1   0  20 0.00  0.0    0  7.2 21  50   M    M   0        28  30
28  88  69  79  -5   0  14 0.00  0.0    0  5.0 10  40   M    M   2        24  90
29  92  68  80  -4   0  15    T  0.0    0  3.8 15 280   M    M   3        19 280
================================================================================
SM 2643 1888         1 423  2.52     0.0 241.4          M       56
================================================================================
AV 91.1 69.9                               8.3 FASTST   M    M   2    MAX(MPH)
                                 MISC ---->  # 23  50               # 35   60
================================================================================
NOTES:
# LAST OF SEVERAL OCCURRENCES

COLUMN 17 PEAK WIND IN M.P.H.

PRELIMINARY LOCAL CLIMATOLOGICAL DATA (WS FORM: F-6) , PAGE 2

                                          STATION:  GUTHRIE MUNICIPAL
                                          MONTH:    JULY
                                          YEAR:     2014
                                          LATITUDE:   35 50 N
                                          LONGITUDE:  97 25 W

[TEMPERATURE DATA]      [PRECIPITATION DATA]       SYMBOLS USED IN COLUMN 16

AVERAGE MONTHLY: 80.5   TOTAL FOR MONTH:   2.52    1 = FOG OR MIST
DPTR FM NORMAL:  -2.3   DPTR FM NORMAL:    0.34    2 = FOG REDUCING VISIBILITY
HIGHEST:   104 ON 13    GRTST 24HR  2.22 ON 16-17      TO 1/4 MILE OR LESS
LOWEST:     59 ON 16                               3 = THUNDER
                        SNOW, ICE PELLETS, HAIL    4 = ICE PELLETS
                        TOTAL MONTH:   0.0 INCH    5 = HAIL
                        GRTST 24HR     0.0         6 = FREEZING RAIN OR DRIZZLE
                        GRTST DEPTH:   0           7 = DUSTSTORM OR SANDSTORM:
                                                       VSBY 1/2 MILE OR LESS
                                                   8 = SMOKE OR HAZE
[NO. OF DAYS WITH]      [WEATHER - DAYS WITH]      9 = BLOWING SNOW
                                                   X = TORNADO
MAX 32 OR BELOW:   0    0.01 INCH OR MORE:   3
MAX 90 OR ABOVE:  20    0.10 INCH OR MORE:   2
MIN 32 OR BELOW:   0    0.50 INCH OR MORE:   2
MIN  0 OR BELOW:   0    1.00 INCH OR MORE:   1

[HDD (BASE 65) ]
TOTAL THIS MO.     1    CLEAR  (SCALE 0-3)  24
DPTR FM NORMAL     1    PTCLDY (SCALE 4-7)   2
TOTAL FM JUL 1     1    CLOUDY (SCALE 8-10)  3
DPTR FM NORMAL     1

[CDD (BASE 65) ]
TOTAL THIS MO.   423
DPTR FM NORMAL   -94    [PRESSURE DATA]
TOTAL FM JAN 1  1217    HIGHEST SLP M ON M
DPTR FM NORMAL    75    LOWEST  SLP 29.78 ON  1

[REMARKS]




U.S. Dept. of Commerce
NOAA National Weather Service
1325 East West Highway
Silver Spring, MD 20910
E-mail: w-nws.webmaster@noaa.gov
Page last modified: May 16, 2007
NATIONAL WEATHER SERVICE: for Safety, for Work, for Fun - FOR LIFE