950
CXUS54 KOUN 010800
CF6GOK
PRELIMINARY LOCAL CLIMATOLOGICAL DATA (WS FORM: F-6)

                                          STATION:   GUTHRIE MUNICIPAL
                                          MONTH:     NOVEMBER
                                          YEAR:      2014
                                          LATITUDE:   35 50 N
                                          LONGITUDE:  97 25 W

  TEMPERATURE IN F:       :PCPN:    SNOW:  WIND      :SUNSHINE: SKY     :PK WND
================================================================================
1   2   3   4   5  6A  6B    7    8   9   10  11  12  13   14  15   16   17  18
                                     12Z  AVG MX 2MIN
DY MAX MIN AVG DEP HDD CDD  WTR  SNW DPTH SPD SPD DIR MIN PSBL S-S WX    SPD DR
================================================================================

 1  61  32  47  -9  18   0 0.00  0.0    0 10.5 18 170   M    M   2        24 170
 2  64  45  55   0  10   0 0.00  0.0    0 16.7 29 190   M    M   0        39 190
 3  67  53  60   5   5   0 0.82  0.0    0 12.2 21 300   M    M   8 13     29 320
 4  56  46  51  -4  14   0 0.62  0.0    0  3.9 15 360   M    M   5 13     28 350
 5  61  43  52  -2  13   0 0.00  0.0    0  3.9  9 210   M    M   0 18     12 250
 6  65  38  52  -2  13   0 0.00  0.0    0  2.8 12 360   M    M   0        17  10
 7  70  37  54   0  11   0 0.00  0.0    0 12.2 24 190   M    M   0        32 240
 8  60  37  49  -4  16   0 0.00  0.0    0  6.6 17  20   M    M   0        26  10
 9  74  37  56   3   9   0 0.00  0.0    0 12.2 23 210   M    M   0        31 210
10  78  36  57   5   8   0 0.00  0.0    0 16.8 28 210   M    M   0        40 190
11  39  27  33 -19  32   0 0.00  0.0    0 10.5 20  10   M    M   3        34 350
12  29  21  25 -27  40   0 0.00  0.0    0 10.0 15 360   M    M   6        25 360
13  33  19  26 -25  39   0 0.00  0.0    0  5.2 14 360   M    M   3        24 350
14  38  20  29 -22  36   0 0.00  0.0    0  4.7 12 180   M    M   2        16 130
15  50  28  39 -11  26   0    T  0.0    0  9.9 21 150   M    M   4        28 160
16  36  20  28 -22  37   0 0.02    M    0  6.9 15 360   M    M  10 18     27  10
17  34  18  26 -24  39   0 0.00  0.0    0  6.4 16 310   M    M   0        24 330
18  54  18  36 -13  29   0 0.00  0.0    0  8.3 21 240   M    M   0        26 220
19  60  33  47  -2  18   0 0.00  0.0    0  6.8 15 200   M    M   0        22 220
20  61  31  46  -2  19   0 0.00  0.0    0  8.5 14 140   M    M   0        19 110
21  59  40  50   2  15   0 0.00  0.0    0  4.0 10 120   M    M   9 18     15  80
22  62  52  57  10   8   0 0.05  0.0    0  9.3 25 170   M    M   7 138    35 170
23  62  41  52   5  13   0    T  0.0    0 11.3 21 350   M    M   8 1      39 340
24  57  30  44  -3  21   0 0.00  0.0    0  7.2 20 300   M    M   0        30 310
25  53  24  39  -7  26   0 0.00  0.0    0  4.5 14 270   M    M   1        19 230
26  56  34  45  -1  20   0 0.00  0.0    0  7.8 18 310   M    M   3        28 350
27  53  25  39  -6  26   0 0.00  0.0    0  6.1 16 190   M    M   0 1      20 180
28  68  43  56  11   9   0 0.00  0.0    0 13.8 23 190   M    M   0        35 200
29  75  55  65  20   0   0 0.00  0.0    0 17.7 26 200   M    M   0        40 200
30  66  28  47   3  18   0 0.00  0.0    0 13.4 32 200   M    M   1        42 200
================================================================================
SM 1701 1011       588   0  1.51     0.0 270.1          M       72
================================================================================
AV 56.7 33.7                               9.0 FASTST   M    M   2    MAX(MPH)
                                 MISC ---->  # 32 200               # 42  200
================================================================================
NOTES:
# LAST OF SEVERAL OCCURRENCES

COLUMN 17 PEAK WIND IN M.P.H.

PRELIMINARY LOCAL CLIMATOLOGICAL DATA (WS FORM: F-6) , PAGE 2

                                          STATION:  GUTHRIE MUNICIPAL
                                          MONTH:    NOVEMBER
                                          YEAR:     2014
                                          LATITUDE:   35 50 N
                                          LONGITUDE:  97 25 W

[TEMPERATURE DATA]      [PRECIPITATION DATA]       SYMBOLS USED IN COLUMN 16

AVERAGE MONTHLY: 45.2   TOTAL FOR MONTH:   1.51    1 = FOG OR MIST
DPTR FM NORMAL:  -4.9   DPTR FM NORMAL:   -0.41    2 = FOG REDUCING VISIBILITY
HIGHEST:    78 ON 10    GRTST 24HR  1.44 ON  3- 4      TO 1/4 MILE OR LESS
LOWEST:     18 ON 18,17                            3 = THUNDER
                        SNOW, ICE PELLETS, HAIL    4 = ICE PELLETS
                        TOTAL MONTH:   0.0 INCH    5 = HAIL
                        GRTST 24HR     0.0         6 = FREEZING RAIN OR DRIZZLE
                        GRTST DEPTH:   0           7 = DUSTSTORM OR SANDSTORM:
                                                       VSBY 1/2 MILE OR LESS
                                                   8 = SMOKE OR HAZE
[NO. OF DAYS WITH]      [WEATHER - DAYS WITH]      9 = BLOWING SNOW
                                                   X = TORNADO
MAX 32 OR BELOW:   1    0.01 INCH OR MORE:   4
MAX 90 OR ABOVE:   0    0.10 INCH OR MORE:   2
MIN 32 OR BELOW:  14    0.50 INCH OR MORE:   2
MIN  0 OR BELOW:   0    1.00 INCH OR MORE:   0

[HDD (BASE 65) ]
TOTAL THIS MO.   588    CLEAR  (SCALE 0-3)  21
DPTR FM NORMAL   134    PTCLDY (SCALE 4-7)   7
TOTAL FM JUL 1   707    CLOUDY (SCALE 8-10)  2
DPTR FM NORMAL    63

[CDD (BASE 65) ]
TOTAL THIS MO.     0
DPTR FM NORMAL    -5    [PRESSURE DATA]
TOTAL FM JAN 1  2225    HIGHEST SLP M ON M
DPTR FM NORMAL   153    LOWEST  SLP 29.31 ON 23

[REMARKS]
#FINAL-11-14#




U.S. Dept. of Commerce
NOAA National Weather Service
1325 East West Highway
Silver Spring, MD 20910
E-mail: w-nws.webmaster@noaa.gov
Page last modified: May 16, 2007
NATIONAL WEATHER SERVICE: for Safety, for Work, for Fun - FOR LIFE