575
CXUS52 KJAX 230800
CF6GNV
PRELIMINARY LOCAL CLIMATOLOGICAL DATA (WS FORM: F-6)

                                          STATION:   GAINESVILLE
                                          MONTH:     APRIL
                                          YEAR:      2014
                                          LATITUDE:   29 40 N
                                          LONGITUDE:  82 16 W

  TEMPERATURE IN F:       :PCPN:    SNOW:  WIND      :SUNSHINE: SKY     :PK WND
================================================================================
1   2   3   4   5  6A  6B    7    8   9   10  11  12  13   14  15   16   17  18
                                     12Z  AVG MX 2MIN
DY MAX MIN AVG DEP HDD CDD  WTR  SNW DPTH SPD SPD DIR MIN PSBL S-S WX    SPD DR
================================================================================

 1  82  43  63  -2   2   0 0.00  0.0    0  2.2 12 140   M    M   0        15 150
 2  84  46  65   0   0   0 0.00  0.0    0  3.0 12 220   M    M   0        18 230
 3  85  53  69   4   0   4 0.00  0.0    0  5.8 14 240   M    M   0        19 190
 4  83  54  69   4   0   4 0.00  0.0    0  4.7 16 270   M    M   2 1      23 220
 5  82  63  73   7   0   8    T  0.0    0  4.8 14 200   M    M   6 1      19 210
 6  85  63  74   8   0   9    T  0.0    0  5.8 15 230   M    M   3 1      21 240
 7  87  64  76  10   0  11    T  0.0    0  9.0 23 210   M    M   2 1      35 220
 8  77  56  67   1   0   2 1.08  0.0    0 10.5 24 250   M    M   4 1      31 250
 9  75  52  64  -2   1   0 0.00  0.0    0  6.9 15 280   M    M   1        21 320
10  78  48  63  -3   2   0 0.00  0.0    0  2.7 13 160   M    M   1        18 130
11  81  51  66  -1   0   1 0.00  0.0    0  4.1 13 130   M    M   2 1      18 130
12  83  57  70   3   0   5 0.00  0.0    0  4.5 15 110   M    M   2 1      19 100
13  84  55  70   3   0   5 0.00  0.0    0  5.9 16 100   M    M   2 1      21 130
14  86  63  75   8   0  10 0.00  0.0    0  7.2 18 240   M    M   4        23 240
15  80  50  65  -2   0   0 0.15  0.0    0 11.1 24 260   M    M   8 1      32 260
16  69  42  56 -12   9   0 0.00  0.0    0 11.5 21  60   M    M   6        28  50
17  75  53  64  -4   1   0 0.00  0.0    0 10.9 21  70   M    M   9 1      28  60
18  73  62  68   0   0   3 0.14  0.0    0  7.5 17 160   M    M   8 1      23 150
19  73  59  66  -2   0   1    T  0.0    0  7.1 16 260   M    M  10 1      21 230
20  65  56  61  -7   4   0 0.00  0.0    0  7.5 16  30   M    M  10 1      19  30
21  73  54  64  -5   1   0 0.00  0.0    0  4.5 14  60   M    M   6 1      18  70
22  82  52  67  -2   0   2 0.00  0.0    0  6.7 16 260   M    M   3 12     22 260
================================================================================
SM 1742 1196        20  65  1.37     0.0 143.9          M       89
================================================================================
AV 79.2 54.4                               6.5 FASTST   M    M   4    MAX(MPH)
                                 MISC ---->  # 24 250               # 35  220
================================================================================
NOTES:
# LAST OF SEVERAL OCCURRENCES

COLUMN 17 PEAK WIND IN M.P.H.

PRELIMINARY LOCAL CLIMATOLOGICAL DATA (WS FORM: F-6) , PAGE 2

                                          STATION:  GAINESVILLE
                                          MONTH:    APRIL
                                          YEAR:     2014
                                          LATITUDE:   29 40 N
                                          LONGITUDE:  82 16 W

[TEMPERATURE DATA]      [PRECIPITATION DATA]       SYMBOLS USED IN COLUMN 16

AVERAGE MONTHLY: 66.8   TOTAL FOR MONTH:   1.37    1 = FOG OR MIST
DPTR FM NORMAL:   0.0   DPTR FM NORMAL:   -0.69    2 = FOG REDUCING VISIBILITY
HIGHEST:    87 ON  7    GRTST 24HR  1.08 ON  8- 8      TO 1/4 MILE OR LESS
LOWEST:     42 ON 16                               3 = THUNDER
                        SNOW, ICE PELLETS, HAIL    4 = ICE PELLETS
                        TOTAL MONTH:   0.0 INCH    5 = HAIL
                        GRTST 24HR     0.0         6 = FREEZING RAIN OR DRIZZLE
                        GRTST DEPTH:   0           7 = DUSTSTORM OR SANDSTORM:
                                                       VSBY 1/2 MILE OR LESS
                                                   8 = SMOKE OR HAZE
[NO. OF DAYS WITH]      [WEATHER - DAYS WITH]      9 = BLOWING SNOW
                                                   X = TORNADO
MAX 32 OR BELOW:   0    0.01 INCH OR MORE:   3
MAX 90 OR ABOVE:   0    0.10 INCH OR MORE:   3
MIN 32 OR BELOW:   0    0.50 INCH OR MORE:   1
MIN  0 OR BELOW:   0    1.00 INCH OR MORE:   1

[HDD (BASE 65) ]
TOTAL THIS MO.    20    CLEAR  (SCALE 0-3)  12
DPTR FM NORMAL   -17    PTCLDY (SCALE 4-7)   7
TOTAL FM JUL 1  1093    CLOUDY (SCALE 8-10)  3
DPTR FM NORMAL  -115

[CDD (BASE 65) ]
TOTAL THIS MO.    65
DPTR FM NORMAL   -12    [PRESSURE DATA]
TOTAL FM JAN 1   127    HIGHEST SLP M ON M
DPTR FM NORMAL   -36    LOWEST  SLP 29.66 ON  8

[REMARKS]




U.S. Dept. of Commerce
NOAA National Weather Service
1325 East West Highway
Silver Spring, MD 20910
E-mail: w-nws.webmaster@noaa.gov
Page last modified: May 16, 2007
NATIONAL WEATHER SERVICE: for Safety, for Work, for Fun - FOR LIFE