273
CXUS52 KJAX 300800
CF6GNV
PRELIMINARY LOCAL CLIMATOLOGICAL DATA (WS FORM: F-6)

                                          STATION:   GAINESVILLE FL
                                          MONTH:     JULY
                                          YEAR:      2014
                                          LATITUDE:   29 40 N
                                          LONGITUDE:  82 16 W

  TEMPERATURE IN F:       :PCPN:    SNOW:  WIND      :SUNSHINE: SKY     :PK WND
================================================================================
1   2   3   4   5  6A  6B    7    8   9   10  11  12  13   14  15   16   17  18
                                     12Z  AVG MX 2MIN
DY MAX MIN AVG DEP HDD CDD  WTR  SNW DPTH SPD SPD DIR MIN PSBL S-S WX    SPD DR
================================================================================

 1  93  71  82   1   0  17 0.00  0.0    0  6.6 21 350   M    M   2 12     24 350
 2  92  71  82   1   0  17 0.00  0.0    0  6.7 17 340   M    M   2        22 360
 3  93  71  82   1   0  17 1.09  0.0    0  8.0 29 270   M    M   3 13     40 270
 4  90  70  80  -1   0  15 0.03  0.0    0  5.7 16 340   M    M   4 138    26 340
 5  92  69  81   0   0  16 0.38  0.0    0  4.0 22 120   M    M   3 13     32 120
 6  88  69  79  -2   0  14 0.37  0.0    0  4.7 24 150   M    M   6 123    33 140
 7  89  69  79  -2   0  14    T  0.0    0  4.7 17 130   M    M   3 3      21 130
 8  87  71  79  -2   0  14 0.04  0.0    0  3.9 12 230   M    M   2 3      24 230
 9  90  69  80  -1   0  15 0.00  0.0    0  5.6 16 250   M    M   1 3      21 260
10  88  72  80  -1   0  15 0.00  0.0    0  5.4 20 270   M    M   2 123    29 270
11  92  70  81   0   0  16 1.07  0.0    0  4.9 25 250   M    M   1 13     35 250
12  85  71  78  -3   0  13 0.20  0.0    0  3.4 20  30   M    M   3 13     24  20
13  90  70  80  -1   0  15 0.00  0.0    0  4.5 15 130   M    M   5 123    17 130
14  90  71  81   0   0  16 0.13  0.0    0  5.0 16 360   M    M   2 13     25 270
15  88  71  80  -1   0  15 1.07  0.0    0  5.0 25 260   M    M   4 13     31 250
16  86  71  79  -2   0  14 0.31  0.0    0  6.9 18 250   M    M   2 13     25 270
17  90  69  80  -1   0  15 0.00  0.0    0  5.0 15 340   M    M   5 12     19 340
18  92  71  82   1   0  17 0.00  0.0    0  4.6 13 260   M    M   1 1      17 260
19  90  72  81   0   0  16 0.02  0.0    0  5.1 21 270   M    M   2 13     29 270
20  91  71  81   0   0  16 0.09  0.0    0  5.4 23 220   M    M   3 13     28 230
21  89  71  80  -1   0  15    T  0.0    0  4.5 15 310   M    M   2 1      23 330
22  91  70  81   0   0  16 1.99  0.0    0  4.6 33 270   M    M   3 13     42 270
23  92  71  82   1   0  17    T  0.0    0  4.7 14 260   M    M   2        18 250
24  93  71  82   1   0  17 0.00  0.0    0  8.1 21 250   M    M   1        25 260
25  92  73  83   2   0  18    T  0.0    0  7.5 20 260   M    M   1 3      25 260
26  91  72  82   1   0  17    T  0.0    0  7.9 22 270   M    M   1 3      25 260
27  92  75  84   3   0  19    T  0.0    0 11.0 23 250   M    M   2 1      27 240
28  93  77  85   4   0  20 0.00  0.0    0 13.0 25 260   M    M   2 3      30 270
29  93  73  83   2   0  18 0.00  0.0    0  7.6 18 260   M    M   2        26 270
================================================================================
SM 2622 2062         0 464  6.79     0.0 174.0          M       72
================================================================================
AV 90.4 71.1                               6.0 FASTST   M    M   2    MAX(MPH)
                                 MISC ---->  # 33 270               # 42  270
================================================================================
NOTES:
# LAST OF SEVERAL OCCURRENCES

COLUMN 17 PEAK WIND IN M.P.H.

PRELIMINARY LOCAL CLIMATOLOGICAL DATA (WS FORM: F-6) , PAGE 2

                                          STATION:  GAINESVILLE FL
                                          MONTH:    JULY
                                          YEAR:     2014
                                          LATITUDE:   29 40 N
                                          LONGITUDE:  82 16 W

[TEMPERATURE DATA]      [PRECIPITATION DATA]       SYMBOLS USED IN COLUMN 16

AVERAGE MONTHLY: 80.8   TOTAL FOR MONTH:   6.79    1 = FOG OR MIST
DPTR FM NORMAL:  -0.2   DPTR FM NORMAL:    1.09    2 = FOG REDUCING VISIBILITY
HIGHEST:    93 ON 29,28 GRTST 24HR  1.99 ON 22-22      TO 1/4 MILE OR LESS
LOWEST:     69 ON 17, 9                            3 = THUNDER
                        SNOW, ICE PELLETS, HAIL    4 = ICE PELLETS
                        TOTAL MONTH:   0.0 INCH    5 = HAIL
                        GRTST 24HR     0.0         6 = FREEZING RAIN OR DRIZZLE
                        GRTST DEPTH:   0           7 = DUSTSTORM OR SANDSTORM:
                                                       VSBY 1/2 MILE OR LESS
                                                   8 = SMOKE OR HAZE
[NO. OF DAYS WITH]      [WEATHER - DAYS WITH]      9 = BLOWING SNOW
                                                   X = TORNADO
MAX 32 OR BELOW:   0    0.01 INCH OR MORE:  13
MAX 90 OR ABOVE:  21    0.10 INCH OR MORE:   9
MIN 32 OR BELOW:   0    0.50 INCH OR MORE:   4
MIN  0 OR BELOW:   0    1.00 INCH OR MORE:   4

[HDD (BASE 65) ]
TOTAL THIS MO.     0    CLEAR  (SCALE 0-3)  23
DPTR FM NORMAL     0    PTCLDY (SCALE 4-7)   6
TOTAL FM JUL 1     0    CLOUDY (SCALE 8-10)  0
DPTR FM NORMAL     0

[CDD (BASE 65) ]
TOTAL THIS MO.   464
DPTR FM NORMAL     0    [PRESSURE DATA]
TOTAL FM JAN 1  1393    HIGHEST SLP M ON M
DPTR FM NORMAL   -20    LOWEST  SLP 29.85 ON 16

[REMARKS]




U.S. Dept. of Commerce
NOAA National Weather Service
1325 East West Highway
Silver Spring, MD 20910
E-mail: w-nws.webmaster@noaa.gov
Page last modified: May 16, 2007
NATIONAL WEATHER SERVICE: for Safety, for Work, for Fun - FOR LIFE