142
CXUS52 KJAX 270800
CF6GNV
PRELIMINARY LOCAL CLIMATOLOGICAL DATA (WS FORM: F-6)

                                          STATION:   GAINESVILLE FL
                                          MONTH:     AUGUST
                                          YEAR:      2014
                                          LATITUDE:   29 40 N
                                          LONGITUDE:  82 16 W

  TEMPERATURE IN F:       :PCPN:    SNOW:  WIND      :SUNSHINE: SKY     :PK WND
================================================================================
1   2   3   4   5  6A  6B    7    8   9   10  11  12  13   14  15   16   17  18
                                     12Z  AVG MX 2MIN
DY MAX MIN AVG DEP HDD CDD  WTR  SNW DPTH SPD SPD DIR MIN PSBL S-S WX    SPD DR
================================================================================

 1  91  72  82   1   0  17 0.00  0.0    0  5.5 18 270   M    M   3 12     23 270
 2  93  69  81   0   0  16 0.20  0.0    0  4.1 17 130   M    M   2 13     21 130
 3  92  74  83   2   0  18    T  0.0    0  7.3 21  20   M    M   5 123    25  10
 4  89  74  82   1   0  17 0.10  0.0    0  6.9 22 350   M    M   5 13     27 340
 5  92  74  83   2   0  18 0.00  0.0    0  6.1 15 340   M    M   4 1      20 330
 6  94  72  83   2   0  18 0.51  0.0    0  5.3 24 220   M    M   2 13     28 200
 7  95  72  84   3   0  19 0.00  0.0    0  5.4 20 250   M    M   1 1      24 270
 8  91  72  82   1   0  17 0.13  0.0    0  4.8 29 240   M    M   2 13     37 250
 9  90  71  81   0   0  16 0.17  0.0    0  7.1 32 250   M    M   2 13     36 260
10  91  72  82   1   0  17 0.01  0.0    0  6.7 20 260   M    M   2 13     31 290
11  87  73  80  -1   0  15 0.12  0.0    0  6.6 30 260   M    M   2 13     39 250
12  84  73  79  -2   0  14 0.16  0.0    0  9.0 16 250   M    M   3 1      26 250
13  90  74  82   1   0  17 0.70  0.0    0  6.6 22 250   M    M   3 13     34 270
14  88  73  81   0   0  16 0.26  0.0    0  5.1 17 260   M    M   4 13     23 250
15  85  71  78  -3   0  13 0.00  0.0    0  6.9 18 310   M    M   3 3      23 300
16  92  70  81   0   0  16 0.00  0.0    0  7.7 20 260   M    M   3 1      25 250
17  93  73  83   2   0  18 0.00  0.0    0  8.9 22 260   M    M   2 1      27 260
18  90  72  81   0   0  16 0.22  0.0    0  7.6 31 270   M    M   1 138    38 270
19  92  73  83   2   0  18 0.17  0.0    0  8.8 20 260   M    M   1 13     25 270
20  92  73  83   2   0  18 0.00  0.0    0  7.2 18 270   M    M   1 3      22 330
21  96  74  85   4   0  20 0.06  0.0    0  4.8 22  90   M    M   1 138    29  80
22  97  72  85   4   0  20 0.04  0.0    0  2.9 30 340   M    M   1 3      39 340
23  97  73  85   4   0  20 0.12  0.0    0  5.8 18 230   M    M   2 138    26 220
24  96  73  85   4   0  20 0.00  0.0    0  6.9 24  40   M    M   1 3      32  40
25  87  74  81   0   0  16    T  0.0    0 11.2 23  60   M    M   7 1      29  60
26  91  71  81   0   0  16 0.01  0.0    0  8.0 21  40   M    M   6 1      25  40
================================================================================
SM 2375 1884         0 446  2.98     0.0 173.2          M       69
================================================================================
AV 91.3 72.5                               6.7 FASTST   M    M   3    MAX(MPH)
                                 MISC ---->  # 32 250               # 39  250
================================================================================
NOTES:
# LAST OF SEVERAL OCCURRENCES

COLUMN 17 PEAK WIND IN M.P.H.

PRELIMINARY LOCAL CLIMATOLOGICAL DATA (WS FORM: F-6) , PAGE 2

                                          STATION:  GAINESVILLE FL
                                          MONTH:    AUGUST
                                          YEAR:     2014
                                          LATITUDE:   29 40 N
                                          LONGITUDE:  82 16 W

[TEMPERATURE DATA]      [PRECIPITATION DATA]       SYMBOLS USED IN COLUMN 16

AVERAGE MONTHLY: 81.9   TOTAL FOR MONTH:   2.98    1 = FOG OR MIST
DPTR FM NORMAL:   0.9   DPTR FM NORMAL:   -2.39    2 = FOG REDUCING VISIBILITY
HIGHEST:    97 ON 23,22 GRTST 24HR  0.73 ON 13-14      TO 1/4 MILE OR LESS
LOWEST:     69 ON  2                               3 = THUNDER
                        SNOW, ICE PELLETS, HAIL    4 = ICE PELLETS
                        TOTAL MONTH:   0.0 INCH    5 = HAIL
                        GRTST 24HR     0.0         6 = FREEZING RAIN OR DRIZZLE
                        GRTST DEPTH:   0           7 = DUSTSTORM OR SANDSTORM:
                                                       VSBY 1/2 MILE OR LESS
                                                   8 = SMOKE OR HAZE
[NO. OF DAYS WITH]      [WEATHER - DAYS WITH]      9 = BLOWING SNOW
                                                   X = TORNADO
MAX 32 OR BELOW:   0    0.01 INCH OR MORE:  16
MAX 90 OR ABOVE:  20    0.10 INCH OR MORE:  12
MIN 32 OR BELOW:   0    0.50 INCH OR MORE:   2
MIN  0 OR BELOW:   0    1.00 INCH OR MORE:   0

[HDD (BASE 65) ]
TOTAL THIS MO.     0    CLEAR  (SCALE 0-3)  19
DPTR FM NORMAL     0    PTCLDY (SCALE 4-7)   7
TOTAL FM JUL 1     0    CLOUDY (SCALE 8-10)  0
DPTR FM NORMAL     0

[CDD (BASE 65) ]
TOTAL THIS MO.   446
DPTR FM NORMAL    30    [PRESSURE DATA]
TOTAL FM JAN 1  1867    HIGHEST SLP M ON M
DPTR FM NORMAL     0    LOWEST  SLP 29.81 ON 24

[REMARKS]




U.S. Dept. of Commerce
NOAA National Weather Service
1325 East West Highway
Silver Spring, MD 20910
E-mail: w-nws.webmaster@noaa.gov
Page last modified: May 16, 2007
NATIONAL WEATHER SERVICE: for Safety, for Work, for Fun - FOR LIFE