856
CXUS54 KMAF 011100
CF6GNC
PRELIMINARY LOCAL CLIMATOLOGICAL DATA (WS FORM: F-6)

                                          STATION:   Gaines County Airport
                                          MONTH:     JULY
                                          YEAR:      2014
                                          LATITUDE:   32 40 N
                                          LONGITUDE: 102 39 W

  TEMPERATURE IN F:       :PCPN:    SNOW:  WIND      :SUNSHINE: SKY     :PK WND
================================================================================
1   2   3   4   5  6A  6B    7    8   9   10  11  12  13   14  15   16   17  18
                                     12Z  AVG MX 2MIN
DY MAX MIN AVG DEP HDD CDD  WTR  SNW DPTH SPD SPD DIR MIN PSBL S-S WX    SPD DR
================================================================================

 1  91  73  82   M   0  17 0.00  0.0    0 13.1 27 120   M    M   3 8      35 120
 2  88  67  78   M   0  13 0.04  0.0    0  8.8 18 120   M    M   4        25  50
 3  89  65  77   M   0  12 0.13  0.0    0  8.8 17 120   M    M   3        29 120
 4  93  64  79   M   0  14 0.00  0.0    0  9.1 17 140   M    M   0        24 150
 5  94  64  79   M   0  14 0.00  0.0    0  9.0 14 160   M    M   1        21 140
 6  92  66  79   M   0  14 0.00  0.0    0  4.3 10 140   M    M   2        17 140
 7  94  65  80   M   0  15 0.00  0.0    0  6.7 14 140   M    M   1        18 200
 8  96  66  81   M   0  16 0.00  0.0    0  5.7 15 140   M    M   0        21 100
 9  94  68  81   M   0  16 0.00  0.0    0  8.8 15 130   M    M   1        24 130
10  92  65  79   M   0  14 0.00  0.0    0  8.1 17 170   M    M   0        25 170
11  88  64  76   M   0  11 0.00  0.0    0 10.6 21 150   M    M   3        23 140
12  92  68  80   M   0  15 0.00  0.0    0 10.6 16 150   M    M   4        25 150
13  96  65  81   M   0  16 0.00  0.0    0  5.5 13 150   M    M   1 8      23 150
14  98  69  84   M   0  19 0.00  0.0    0  6.7 18  90   M    M   2 8      30  90
15  86  67  77   M   0  12 0.24  0.0    0  7.0 18  20   M    M   6 18     25  20
16  91  67  79   M   0  14 0.00  0.0    0  5.6 12 150   M    M   2 8      23 200
17  82  68  75   M   0  10 0.00  0.0    0  9.5 15  60   M    M   6        25  60
18  88  64  76   M   0  11 0.00  0.0    0  6.9 12 130   M    M   5         M  M
19  96  65  81   M   0  16 0.00  0.0    0  9.6 14 140   M    M   3 8      20 140
20 100  73  87   M   0  22 0.00  0.0    0  9.2 16 230   M    M   0        21 230
21 100  73  87   M   0  22 0.00  0.0    0  8.1 13 170   M    M   1        21 160
22  98  75  87   M   0  22 0.00  0.0    0  7.8 16 110   M    M   1        23 110
23  98  71  85   M   0  20 0.00  0.0    0  5.3 13  90   M    M   1        21  80
24  99  68  84   M   0  19 0.00  0.0    0  5.2 10 150   M    M   0 8      18 150
25  99  69  84   M   0  19 0.00  0.0    0  7.0 13 190   M    M   0 8      20 190
26 100  69  85   M   0  20 0.00  0.0    0  8.9 14 140   M    M   0        22 170
27  99  69  84   M   0  19 0.00  0.0    0  8.7 14 110   M    M   1 8      18 120
28  91  70  81   M   0  16 0.00  0.0    0  9.0 18  80   M    M   1 8      23 100
29  91  69  80   M   0  15 0.00  0.0    0  8.6 16 110   M    M   2        22 110
30 101  67  84   M   0  19 0.00  0.0    0  8.5 17  30   M    M   1 8      29  30
31  85  67  76   M   0  11 0.00  0.0    0  8.9 17  30   M    M   5 8      27  30
================================================================================
SM 2901 2100         0 493  0.41     0.0 249.6          M       60
================================================================================
AV 93.6 67.7                               8.1 FASTST   M    M   2    MAX(MPH)
                                 MISC ---->  # 27 120               # 35  120
================================================================================
NOTES:
# LAST OF SEVERAL OCCURRENCES

COLUMN 17 PEAK WIND IN M.P.H.

PRELIMINARY LOCAL CLIMATOLOGICAL DATA (WS FORM: F-6) , PAGE 2

                                          STATION:  Gaines County Airport
                                          MONTH:    JULY
                                          YEAR:     2014
                                          LATITUDE:   32 40 N
                                          LONGITUDE: 102 39 W

[TEMPERATURE DATA]      [PRECIPITATION DATA]       SYMBOLS USED IN COLUMN 16

AVERAGE MONTHLY: 80.7   TOTAL FOR MONTH:   0.41    1 = FOG OR MIST
DPTR FM NORMAL:     M   DPTR FM NORMAL:       M    2 = FOG REDUCING VISIBILITY
HIGHEST:   101 ON 30    GRTST 24HR  0.24 ON 15-15      TO 1/4 MILE OR LESS
LOWEST:     64 ON 18,11                            3 = THUNDER
                        SNOW, ICE PELLETS, HAIL    4 = ICE PELLETS
                        TOTAL MONTH:   0.0 INCH    5 = HAIL
                        GRTST 24HR     0.0         6 = FREEZING RAIN OR DRIZZLE
                        GRTST DEPTH:   0           7 = DUSTSTORM OR SANDSTORM:
                                                       VSBY 1/2 MILE OR LESS
                                                   8 = SMOKE OR HAZE
[NO. OF DAYS WITH]      [WEATHER - DAYS WITH]      9 = BLOWING SNOW
                                                   X = TORNADO
MAX 32 OR BELOW:   0    0.01 INCH OR MORE:   3
MAX 90 OR ABOVE:  24    0.10 INCH OR MORE:   2
MIN 32 OR BELOW:   0    0.50 INCH OR MORE:   0
MIN  0 OR BELOW:   0    1.00 INCH OR MORE:   0

[HDD (BASE 65) ]
TOTAL THIS MO.     0    CLEAR  (SCALE 0-3)  25
DPTR FM NORMAL     M    PTCLDY (SCALE 4-7)   6
TOTAL FM JUL 1     0    CLOUDY (SCALE 8-10)  0
DPTR FM NORMAL     M

[CDD (BASE 65) ]
TOTAL THIS MO.   493
DPTR FM NORMAL     M    [PRESSURE DATA]
TOTAL FM JAN 1  1225    HIGHEST SLP M ON M
DPTR FM NORMAL     M    LOWEST  SLP M ON M

[REMARKS]
#FINAL-07-14#




U.S. Dept. of Commerce
NOAA National Weather Service
1325 East West Highway
Silver Spring, MD 20910
E-mail: w-nws.webmaster@noaa.gov
Page last modified: May 16, 2007
NATIONAL WEATHER SERVICE: for Safety, for Work, for Fun - FOR LIFE