513
CXUS54 KMAF 231100
CF6GNC
PRELIMINARY LOCAL CLIMATOLOGICAL DATA (WS FORM: F-6)

                                          STATION:   Gaines County Airport
                                          MONTH:     NOVEMBER
                                          YEAR:      2014
                                          LATITUDE:   32 40 N
                                          LONGITUDE: 102 39 W

  TEMPERATURE IN F:       :PCPN:    SNOW:  WIND      :SUNSHINE: SKY     :PK WND
================================================================================
1   2   3   4   5  6A  6B    7    8   9   10  11  12  13   14  15   16   17  18
                                     12Z  AVG MX 2MIN
DY MAX MIN AVG DEP HDD CDD  WTR  SNW DPTH SPD SPD DIR MIN PSBL S-S WX    SPD DR
================================================================================

 1  68  38  53   M  12   0 0.00  0.0    0 10.0 16 160   M    M   0        22 160
 2  68  54  61   M   4   0 0.00  0.0    0 13.2 17 160   M    M   0        23 160
 3  71  55  63   M   2   0 0.56  0.0    0  9.4 15 180   M    M   6        20 180
 4  56  43  50   M  15   0 0.91    M    0 11.6 20  40   M    M  10        28  30
 5  56  43  50   M  15   0 0.00  0.0    0  2.1  6  20   M    M   4 1       M  M
 6  66  40  53   M  12   0 0.00  0.0    0  4.4  8 100   M    M   0         M  M
 7  65  39  52   M  13   0 0.00  0.0    0  7.5 18 220   M    M   0        22 220
 8  64  42  53   M  12   0 0.00  0.0    0  9.1 20  50   M    M   0        25  10
 9  73  40  57   M   8   0 0.00  0.0    0 10.6 20 240   M    M   0        27 240
10  78  47  63   M   2   0 0.00  0.0    0 11.8 22 270   M    M   0 8      32 270
11  46  28  37   M  28   0 0.00  0.0    0  8.5 18  30   M    M   0        28  20
12  34  24  29   M  36   0 0.00  0.0    0 10.6 14  40   M    M   6        21  50
13  27  21  24   M  41   0 0.00  0.0    0  3.6 13  50   M    M  10        17  50
14  47  22  35   M  30   0 0.00  0.0    0  5.8 12 140   M    M   1         M  M
15  71  32  52   M  13   0 0.00  0.0    0  7.0 21 290   M    M   0        28 290
16  48  22  35   M  30   0 0.00  0.0    0 12.0 17  20   M    M   5 1      24  20
17  42  19  31   M  34   0 0.00  0.0    0  5.3 10 320   M    M   0         M  M
18  53  20  37   M  28   0 0.00  0.0    0  4.2 13 220   M    M   0        16 210
19  68  27  48   M  17   0 0.00  0.0    0  5.7 16 320   M    M   0        22 320
20  71  32  52   M  13   0 0.00  0.0    0  4.2 12 250   M    M   0         M  M
21  70  32  51   M  14   0 0.00  0.0    0  3.2 10 160   M    M   1         M  M
22  70  48  59   M   6   0 0.00  0.0    0  3.8  9 270   M    M   5 1       M  M
================================================================================
SM 1312  768       385   0  1.47     0.0 163.6          M       48
================================================================================
AV 59.6 34.9                               7.4 FASTST   M    M   2    MAX(MPH)
                                 MISC ---->    22   M                 32    M
================================================================================
NOTES:
# LAST OF SEVERAL OCCURRENCES

COLUMN 17 PEAK WIND IN M.P.H.

PRELIMINARY LOCAL CLIMATOLOGICAL DATA (WS FORM: F-6) , PAGE 2

                                          STATION:  Gaines County Airport
                                          MONTH:    NOVEMBER
                                          YEAR:     2014
                                          LATITUDE:   32 40 N
                                          LONGITUDE: 102 39 W

[TEMPERATURE DATA]      [PRECIPITATION DATA]       SYMBOLS USED IN COLUMN 16

AVERAGE MONTHLY: 47.3   TOTAL FOR MONTH:   1.47    1 = FOG OR MIST
DPTR FM NORMAL:     M   DPTR FM NORMAL:       M    2 = FOG REDUCING VISIBILITY
HIGHEST:    78 ON 10    GRTST 24HR  0.91 ON  4- 4      TO 1/4 MILE OR LESS
LOWEST:     19 ON 17                               3 = THUNDER
                        SNOW, ICE PELLETS, HAIL    4 = ICE PELLETS
                        TOTAL MONTH:   0.0 INCH    5 = HAIL
                        GRTST 24HR     0.0         6 = FREEZING RAIN OR DRIZZLE
                        GRTST DEPTH:   0           7 = DUSTSTORM OR SANDSTORM:
                                                       VSBY 1/2 MILE OR LESS
                                                   8 = SMOKE OR HAZE
[NO. OF DAYS WITH]      [WEATHER - DAYS WITH]      9 = BLOWING SNOW
                                                   X = TORNADO
MAX 32 OR BELOW:   1    0.01 INCH OR MORE:   2
MAX 90 OR ABOVE:   0    0.10 INCH OR MORE:   2
MIN 32 OR BELOW:  11    0.50 INCH OR MORE:   2
MIN  0 OR BELOW:   0    1.00 INCH OR MORE:   0

[HDD (BASE 65) ]
TOTAL THIS MO.   385    CLEAR  (SCALE 0-3)  15
DPTR FM NORMAL     M    PTCLDY (SCALE 4-7)   5
TOTAL FM JUL 1   477    CLOUDY (SCALE 8-10)  2
DPTR FM NORMAL     M

[CDD (BASE 65) ]
TOTAL THIS MO.     0
DPTR FM NORMAL     M    [PRESSURE DATA]
TOTAL FM JAN 1  2019    HIGHEST SLP M ON M
DPTR FM NORMAL     M    LOWEST  SLP M ON M

[REMARKS]




U.S. Dept. of Commerce
NOAA National Weather Service
1325 East West Highway
Silver Spring, MD 20910
E-mail: w-nws.webmaster@noaa.gov
Page last modified: May 16, 2007
NATIONAL WEATHER SERVICE: for Safety, for Work, for Fun - FOR LIFE