525
CXUS54 KHGX 261318
CF6GLS
PRELIMINARY LOCAL CLIMATOLOGICAL DATA (WS FORM: F-6)

                                          STATION:   GALVESTON
                                          MONTH:     JULY
                                          YEAR:      2014
                                          LATITUDE:   29 16 N
                                          LONGITUDE:  94 52 W

  TEMPERATURE IN F:       :PCPN:    SNOW:  WIND      :SUNSHINE: SKY     :PK WND
================================================================================
1   2   3   4   5  6A  6B    7    8   9   10  11  12  13   14  15   16   17  18
                                     12Z  AVG MX 2MIN
DY MAX MIN AVG DEP HDD CDD  WTR  SNW DPTH SPD SPD DIR MIN PSBL S-S WX    SPD DR
================================================================================

 1  88  81  85   1   0  20 0.00  0.0    0 12.0 20 190   M    M   2        24 200
 2  89  79  84   0   0  19 0.00  0.0    0  5.7 14 160   M    M   2        18 140
 3  92  78  85   1   0  20 0.00  0.0    0  6.6 18  40   M    M   1        24  30
 4  89  77  83  -1   0  18 0.00  0.0    0  9.7 15 100   M    M   0        21 110
 5  88  79  84   0   0  19 0.00  0.0    0  8.5 21 130   M    M   1 3      24 130
 6  89  79  84   0   0  19 0.02  0.0    0  7.6 16 180   M    M   1 3      22 200
 7  90  80  85   1   0  20 0.00  0.0    0 10.5 18 170   M    M   2 3      22 200
 8  91  80  86   2   0  21 0.00  0.0    0 10.9 17 180   M    M   2 3      21 180
 9  90  78  84   0   0  19 0.00  0.0    0  9.3 16 180   M    M   1        20 180
10  90  78  84   0   0  19 0.00  0.0    0  9.6 25 220   M    M   2        36 210
11  90  81  86   2   0  21    T  0.0    0  8.1 14 160   M    M   2        23  50
12  91  80  86   2   0  21 0.00  0.0    0  4.8 12 130   M    M   2        15 130
13  91  80  86   2   0  21 0.05  0.0    0  5.8 14 200   M    M   1 138    17 210
14  91  81  86   2   0  21 0.00  0.0    0 10.0 18 200   M    M   1 3      23 180
15  93  80  87   3   0  22    T  0.0    0  8.4 26 350   M    M   3 3      32 350
16  88  79  84   0   0  19 0.06  0.0    0  6.4 14 150   M    M   3 3      22 190
17  89  76  83  -1   0  18 0.10  0.0    0 15.4 22 180   M    M   7 138    27 180
18  85  76  81  -4   0  16 0.70  0.0    0  8.8 30 230   M    M   8 13     40 230
19  86  75  81  -4   0  16    T  0.0    0  8.6 15  30   M    M   8 18     18  10
20  90  78  84  -1   0  19 0.06  0.0    0  7.9 15 150   M    M   4 13     17 150
21  91  81  86   1   0  21 0.00  0.0    0  9.6 16 180   M    M   2        18 170
22  91  81  86   1   0  21 0.00  0.0    0  5.6 13 190   M    M   2 3      16 170
23  91  79  85   0   0  20    T  0.0    0  6.8 23 360   M    M   3 3      27 350
24  90  77  84  -1   0  19 0.09  0.0    0  5.9 18  30   M    M   4 13     22 280
25  92  81  87   2   0  22    T  0.0    0  8.9 16 180   M    M   2        20 200
================================================================================
SM 2245 1974         0 491  1.08     0.0 211.4          M       66
================================================================================
AV 89.8 79.0                               8.5 FASTST   M    M   3    MAX(MPH)
                                 MISC ---->  # 30 230               # 40  230
================================================================================
NOTES:
# LAST OF SEVERAL OCCURRENCES

COLUMN 17 PEAK WIND IN M.P.H.

PRELIMINARY LOCAL CLIMATOLOGICAL DATA (WS FORM: F-6) , PAGE 2

                                          STATION:  GALVESTON
                                          MONTH:    JULY
                                          YEAR:     2014
                                          LATITUDE:   29 16 N
                                          LONGITUDE:  94 52 W

[TEMPERATURE DATA]      [PRECIPITATION DATA]       SYMBOLS USED IN COLUMN 16

AVERAGE MONTHLY: 84.4   TOTAL FOR MONTH:   1.08    1 = FOG OR MIST
DPTR FM NORMAL:   0.1   DPTR FM NORMAL:   -2.21    2 = FOG REDUCING VISIBILITY
HIGHEST:    93 ON 15    GRTST 24HR  0.70 ON 18-18      TO 1/4 MILE OR LESS
LOWEST:     75 ON 19                               3 = THUNDER
                        SNOW, ICE PELLETS, HAIL    4 = ICE PELLETS
                        TOTAL MONTH:   0.0 INCH    5 = HAIL
                        GRTST 24HR     0.0         6 = FREEZING RAIN OR DRIZZLE
                        GRTST DEPTH:   0           7 = DUSTSTORM OR SANDSTORM:
                                                       VSBY 1/2 MILE OR LESS
                                                   8 = SMOKE OR HAZE
[NO. OF DAYS WITH]      [WEATHER - DAYS WITH]      9 = BLOWING SNOW
                                                   X = TORNADO
MAX 32 OR BELOW:   0    0.01 INCH OR MORE:   7
MAX 90 OR ABOVE:  16    0.10 INCH OR MORE:   2
MIN 32 OR BELOW:   0    0.50 INCH OR MORE:   1
MIN  0 OR BELOW:   0    1.00 INCH OR MORE:   0

[HDD (BASE 65) ]
TOTAL THIS MO.     0    CLEAR  (SCALE 0-3)  19
DPTR FM NORMAL     0    PTCLDY (SCALE 4-7)   6
TOTAL FM JUL 1     0    CLOUDY (SCALE 8-10)  0
DPTR FM NORMAL     0

[CDD (BASE 65) ]
TOTAL THIS MO.   491
DPTR FM NORMAL     7    [PRESSURE DATA]
TOTAL FM JAN 1  1557    HIGHEST SLP M ON M
DPTR FM NORMAL   -97    LOWEST  SLP 29.83 ON M

[REMARKS]




U.S. Dept. of Commerce
NOAA National Weather Service
1325 East West Highway
Silver Spring, MD 20910
E-mail: w-nws.webmaster@noaa.gov
Page last modified: May 16, 2007
NATIONAL WEATHER SERVICE: for Safety, for Work, for Fun - FOR LIFE