656
CXUS54 KHGX 011433
CF6GLS
PRELIMINARY LOCAL CLIMATOLOGICAL DATA (WS FORM: F-6)

                                          STATION:   GALVESTON
                                          MONTH:     NOVEMBER
                                          YEAR:      2014
                                          LATITUDE:   29 16 N
                                          LONGITUDE:  94 52 W

  TEMPERATURE IN F:       :PCPN:    SNOW:  WIND      :SUNSHINE: SKY     :PK WND
================================================================================
1   2   3   4   5  6A  6B    7    8   9   10  11  12  13   14  15   16   17  18
                                     12Z  AVG MX 2MIN
DY MAX MIN AVG DEP HDD CDD  WTR  SNW DPTH SPD SPD DIR MIN PSBL S-S WX    SPD DR
================================================================================

 1  64  54  59 -11   6   0 0.00  0.0    0 12.7 22  40   M    M   0        28  30
 2  72  56  64  -6   1   0 0.00  0.0    0 11.4 18 160   M    M   3        24 140
 3  80  71  76   7   0  11 0.00  0.0    0 14.0 20 160   M    M   7        24 150
 4  82  73  78   9   0  13    T  0.0    0 13.4 18 150   M    M   5        23 170
 5  80  69  75   7   0  10 0.04  0.0    0 10.7 18 200   M    M   7        23 220
 6  69  64  67  -1   0   2 0.18  0.0    0 14.8 23 360   M    M   6        27 350
 7  67  56  62  -6   3   0 0.00  0.0    0 11.5 21  30   M    M   0        27  20
 8  70  59  65  -3   0   0    T  0.0    0  7.2 22 350   M    M   5        27 350
 9  69  58  64  -3   1   0 0.00  0.0    0  8.7 16 350   M    M   0        21 350
10  78  61  70   3   0   5 0.00  0.0    0 12.6 20 190   M    M   1 8      25 190
11  79  53  66  -1   0   1 0.16  0.0    0 15.4 29 340   M    M   6 1      33 340
12  55  49  52 -14  13   0 0.05    M    0 19.5 29  10   M    M  10 1      36  10
13  50  40  45 -21  20   0 0.47  0.0    0 21.9 32 350   M    M  10 1      39 350
14  48  39  44 -22  21   0    T  0.0    0 12.7 22  20   M    M  10        27 350
15  68  47  58  -7   7   0 0.25  0.0    0 14.6 22  30   M    M  10 1      27  80
16  69  47  58  -7   7   0 0.59    M    0 12.1 33 330   M    M   9 1      40 340
17  50  41  46 -19  19   0 0.00  0.0    0 23.8 33 350   M    M   4        43 340
18  50  38  44 -20  21   0 0.00  0.0    0 10.2 24  10   M    M   1 8      30  10
19  68  45  57  -7   8   0 0.00  0.0    0  9.6 16 160   M    M   2        20 160
20  72  58  65   1   0   0    T  0.0    0 10.4 18 160   M    M   5        23 150
21  68  64  66   3   0   1 0.11  0.0    0 11.6 20 120   M    M   9 1      24 130
22  69  63  66   3   0   1 1.73  0.0    0 13.8 30 130   M    M   7 13     35 130
23  71  61  66   3   0   1 0.33  0.0    0 13.8 23 200   M    M   0 13     30 200
24  68  54  61  -1   4   0 0.00  0.0    0 16.4 30 350   M    M   1        37 350
25  63  52  58  -4   7   0 0.00  0.0    0  9.6 18  10   M    M   1        22  20
26  71  53  62   0   3   0 0.00  0.0    0 10.5 24 210   M    M   0        30 220
27  64  53  59  -2   6   0 0.00  0.0    0  8.7 21  30   M    M   0        26  20
28  69  53  61   0   4   0 0.00  0.0    0  9.4 15 120   M    M   3        20 130
29  74  63  69   8   0   4 0.00  0.0    0 13.3 20 180   M    M   0        26 180
30  74  63  69   9   0   4 0.00  0.0    0 10.7 16 160   M    M   3        20 160
================================================================================
SM 2031 1657       151  53  3.91     0.0 385.0          M      125
================================================================================
AV 67.7 55.2                              12.8 FASTST   M    M   4    MAX(MPH)
                                 MISC ---->  # 33 330               # 43  340
================================================================================
NOTES:
# LAST OF SEVERAL OCCURRENCES

COLUMN 17 PEAK WIND IN M.P.H.

PRELIMINARY LOCAL CLIMATOLOGICAL DATA (WS FORM: F-6) , PAGE 2

                                          STATION:  GALVESTON
                                          MONTH:    NOVEMBER
                                          YEAR:     2014
                                          LATITUDE:   29 16 N
                                          LONGITUDE:  94 52 W

[TEMPERATURE DATA]      [PRECIPITATION DATA]       SYMBOLS USED IN COLUMN 16

AVERAGE MONTHLY: 61.5   TOTAL FOR MONTH:   3.91    1 = FOG OR MIST
DPTR FM NORMAL:  -3.6   DPTR FM NORMAL:   -0.60    2 = FOG REDUCING VISIBILITY
HIGHEST:    82 ON  4    GRTST 24HR  2.06 ON 22-23      TO 1/4 MILE OR LESS
LOWEST:     38 ON 18                               3 = THUNDER
                        SNOW, ICE PELLETS, HAIL    4 = ICE PELLETS
                        TOTAL MONTH:   0.0 INCH    5 = HAIL
                        GRTST 24HR     0.0         6 = FREEZING RAIN OR DRIZZLE
                        GRTST DEPTH:   0           7 = DUSTSTORM OR SANDSTORM:
                                                       VSBY 1/2 MILE OR LESS
                                                   8 = SMOKE OR HAZE
[NO. OF DAYS WITH]      [WEATHER - DAYS WITH]      9 = BLOWING SNOW
                                                   X = TORNADO
MAX 32 OR BELOW:   0    0.01 INCH OR MORE:  10
MAX 90 OR ABOVE:   0    0.10 INCH OR MORE:   8
MIN 32 OR BELOW:   0    0.50 INCH OR MORE:   2
MIN  0 OR BELOW:   0    1.00 INCH OR MORE:   1

[HDD (BASE 65) ]
TOTAL THIS MO.   151    CLEAR  (SCALE 0-3)  15
DPTR FM NORMAL    57    PTCLDY (SCALE 4-7)   9
TOTAL FM JUL 1   151    CLOUDY (SCALE 8-10)  6
DPTR FM NORMAL    48

[CDD (BASE 65) ]
TOTAL THIS MO.    53
DPTR FM NORMAL   -44    [PRESSURE DATA]
TOTAL FM JAN 1  3238    HIGHEST SLP 30.55 ON 18
DPTR FM NORMAL   -51    LOWEST  SLP 29.57 ON 23

[REMARKS]
#FINAL-11-14#




U.S. Dept. of Commerce
NOAA National Weather Service
1325 East West Highway
Silver Spring, MD 20910
E-mail: w-nws.webmaster@noaa.gov
Page last modified: May 16, 2007
NATIONAL WEATHER SERVICE: for Safety, for Work, for Fun - FOR LIFE