314
CXUS53 KAPX 210631
CF6GLR
PRELIMINARY LOCAL CLIMATOLOGICAL DATA (WS FORM: F-6)

                                          STATION:   GAYLORD
                                          MONTH:     APRIL
                                          YEAR:      2014
                                          LATITUDE:   45  0 N
                                          LONGITUDE:  84 42 W

  TEMPERATURE IN F:       :PCPN:    SNOW:  WIND      :SUNSHINE: SKY     :PK WND
================================================================================
1   2   3   4   5  6A  6B    7    8   9   10  11  12  13   14  15   16   17  18
                                     12Z  AVG MX 2MIN
DY MAX MIN AVG DEP HDD CDD  WTR  SNW DPTH SPD SPD DIR MIN PSBL S-S WX    SPD DR
================================================================================

 1  43  25  34  -1  31   0 0.03    M    M 16.1 28 240   M    M  10 18     36 270
 2  36  21  29  -6  36   0 0.00    M    M  6.9 20 270   M    M   4        30 290
 3  34  19  27  -9  38   0    T    M    M  7.3 14  60   M    M   6        22  70
 4  34  22  28  -8  37   0 0.66    M    M  8.2 18 300   M    M  10 16     33 310
 5  35  19  27 -10  38   0    T    M    M  9.0 18 250   M    M   4 1      29 310
 6  49  27  38   1  27   0 0.00    M    M  9.8 18 230   M    M   1        23 230
 7  55  29  42   4  23   0 0.00    M    M  2.8 10  60   M    M   1        13  50
 8  48  32  40   2  25   0    T    M    M  6.4 14 270   M    M   5        23 280
 9  49  23  36  -3  29   0 0.00    M    M  9.6 22 250   M    M   2        26 250
10  53  34  44   5  21   0 0.08    M    M 14.6 28 220   M    M   2 1      35 200
11  55  28  42   2  23   0    T    M    M  5.9 21 240   M    M   5        27 250
12  44  29  37  -3  28   0 0.17    M    M  5.2 14 120   M    M   7 1      22 140
13  52  36  44   3  21   0 0.79    M    M  5.2 15  40   M    M  10 128    20  40
14  39  21  30 -11  35   0 0.93    M    M 10.1 17 280   M    M  10 1      28 300
15  25  16  21 -21  44   0 0.01    M    M  6.9 17 310   M    M   8 1      29 320
16  39  16  28 -14  37   0 0.01    M    M  7.6 20 150   M    M   7 1      25 160
17  54  31  43   1  22   0 0.00    M    M 10.4 20 130   M    M   7        27 140
18  37  28  33 -10  32   0 0.00    M    M  5.2 15 270   M    M   7 1      22 270
19  55  27  41  -2  24   0 0.00    M    M  8.1 18 150   M    M   1 1      24 150
20  63  37  50   6  15   0    T    M    M  7.9 15 190   M    M   9        22 180
================================================================================
SM  899  520       586   0  2.68    M    163.2          M      116
================================================================================
AV 45.0 26.0                               8.2 FASTST   M    M   6    MAX(MPH)
                                 MISC ---->  # 28 240               # 36  270
================================================================================
NOTES:
# LAST OF SEVERAL OCCURRENCES

COLUMN 17 PEAK WIND IN M.P.H.

PRELIMINARY LOCAL CLIMATOLOGICAL DATA (WS FORM: F-6) , PAGE 2

                                          STATION:  GAYLORD
                                          MONTH:    APRIL
                                          YEAR:     2014
                                          LATITUDE:   45  0 N
                                          LONGITUDE:  84 42 W

[TEMPERATURE DATA]      [PRECIPITATION DATA]       SYMBOLS USED IN COLUMN 16

AVERAGE MONTHLY: 35.5   TOTAL FOR MONTH:   2.68    1 = FOG OR MIST
DPTR FM NORMAL:  -3.9   DPTR FM NORMAL:    1.08    2 = FOG REDUCING VISIBILITY
HIGHEST:    63 ON 20    GRTST 24HR  1.51 ON 13-14      TO 1/4 MILE OR LESS
LOWEST:     16 ON 16,15                            3 = THUNDER
                        SNOW, ICE PELLETS, HAIL    4 = ICE PELLETS
                        TOTAL MONTH:    M          5 = HAIL
                        GRTST 24HR    M  ON   M    6 = FREEZING RAIN OR DRIZZLE
                        GRTST DEPTH:  M  ON   M    7 = DUSTSTORM OR SANDSTORM:
                                                       VSBY 1/2 MILE OR LESS
                                                   8 = SMOKE OR HAZE
[NO. OF DAYS WITH]      [WEATHER - DAYS WITH]      9 = BLOWING SNOW
                                                   X = TORNADO
MAX 32 OR BELOW:   1    0.01 INCH OR MORE:   8
MAX 90 OR ABOVE:   0    0.10 INCH OR MORE:   4
MIN 32 OR BELOW:  17    0.50 INCH OR MORE:   3
MIN  0 OR BELOW:   0    1.00 INCH OR MORE:   0

[HDD (BASE 65) ]
TOTAL THIS MO.   586    CLEAR  (SCALE 0-3)   5
DPTR FM NORMAL    73    PTCLDY (SCALE 4-7)   9
TOTAL FM JUL 1  8764    CLOUDY (SCALE 8-10)  6
DPTR FM NORMAL  1031

[CDD (BASE 65) ]
TOTAL THIS MO.     0
DPTR FM NORMAL     0    [PRESSURE DATA]
TOTAL FM JAN 1     0    HIGHEST SLP M ON M
DPTR FM NORMAL     0    LOWEST  SLP 29.31 ON M

[REMARKS]




U.S. Dept. of Commerce
NOAA National Weather Service
1325 East West Highway
Silver Spring, MD 20910
E-mail: w-nws.webmaster@noaa.gov
Page last modified: May 16, 2007
NATIONAL WEATHER SERVICE: for Safety, for Work, for Fun - FOR LIFE