974
CXUS53 KAPX 010631
CF6GLR
PRELIMINARY LOCAL CLIMATOLOGICAL DATA (WS FORM: F-6)

                                          STATION:   GAYLORD
                                          MONTH:     NOVEMBER
                                          YEAR:      2014
                                          LATITUDE:   45  0 N
                                          LONGITUDE:  84 42 W

  TEMPERATURE IN F:       :PCPN:    SNOW:  WIND      :SUNSHINE: SKY     :PK WND
================================================================================
1   2   3   4   5  6A  6B    7    8   9   10  11  12  13   14  15   16   17  18
                                     12Z  AVG MX 2MIN
DY MAX MIN AVG DEP HDD CDD  WTR  SNW DPTH SPD SPD DIR MIN PSBL S-S WX    SPD DR
================================================================================

 1  35  20  28 -11  37   0 0.00    M    M  4.5 10  30   M    M   3        17  99
 2  47  19  33  -6  32   0 0.00    M    M  7.3 15 220   M    M   3         M  M
 3  53  39  46   8  19   0    T    M    M  9.7 14 230   M    M   5         M  M
 4  52  35  44   6  21   0 0.30    M    M 13.1 18 260   M    M   9 1      32 260
 5  41  33  37  -1  28   0 0.07    M    M  9.0 18 230   M    M  10        27 230
 6  36  32  34  -3  31   0 0.33    M    M  7.1 12  50   M    M  10 1      18  99
 7  37  29  33  -4  32   0 0.01    M    M  5.6  9 190   M    M   8 1       M  M
 8  36  28  32  -4  33   0 0.14    M    M  8.9 13 210   M    M  10 1      24 310
 9  33  25  29  -7  36   0 0.12    M    M  8.6 16 230   M    M   9 1      30 230
10  38  25  32  -4  33   0 0.23    M    M  4.5  9 100   M    M   8 12     17 100
11  41  28  35   0  30   0 0.41    M    M  5.4 12 290   M    M  10 12     31 290
12  29  23  26  -9  39   0 0.15    M    M 12.6 20 250   M    M   9 12     31 290
13  28  19  24 -10  41   0 0.17    M    M  7.0 14 260   M    M   7 128    21 260
14  29  14  22 -12  43   0 0.05    M    M  2.6  7 300   M    M   9 1       M  M
15  25  21  23 -11  42   0    T    M    M 10.9 15 250   M    M  10 1       M  M
16  26  18  22 -11  43   0    T    M    M  9.8 15 230   M    M  10 1       M  M
17  26  12  19 -14  46   0 0.01    M    M 12.0 16 250   M    M  10         M  M
18  23  11  17 -15  48   0 0.12    M    M 15.2 21 250   M    M  10 128   176 280
19  20  11  16 -16  49   0 0.05    M    M 11.9 15 280   M    M   9        23 280
20  21  14  18 -13  47   0 0.21    M    M  9.8 16 270   M    M  10 12     30 260
21  24  11  18 -13  47   0    T    M    M 11.8 20 210   M    M   9 1      32 220
22  37  24  31   0  34   0 0.00    M    M 15.3 20 230   M    M   9 128    30 210
23  45  36  41  11  24   0 0.33    M    M  9.2 15 200   M    M  10 12     22 200
24  44  30  37   7  28   0 0.60    M    M  8.2 15 260   M    M  10 12     20 260
25  29  24  27  -2  38   0 0.14    M    M 10.6 17 260   M    M  10 1      22 280
26  25  22  24  -5  41   0    T    M    M  3.7 13 140   M    M  10 18     18 140
27  24  14  19 -10  46   0 0.02    M    M  4.4  9 320   M    M  10 1      17 330
28  21  11  16 -12  49   0    T    M    M  6.9 12 160   M    M   9 1       M  M
29  39  21  30   2  35   0 0.00    M    M 11.9 17 200   M    M   7 1      24 200
30  44  23  34   6  31   0    T    M    M 10.3 20 250   M    M  10 1      18  99
================================================================================
SM 1008  672      1103   0  3.46    M    267.8          M      263
================================================================================
AV 33.6 22.4                               8.9 FASTST   M    M   9    MAX(MPH)
                                 MISC ---->    21   M                176    M
================================================================================
NOTES:
# LAST OF SEVERAL OCCURRENCES

COLUMN 17 PEAK WIND IN M.P.H.

PRELIMINARY LOCAL CLIMATOLOGICAL DATA (WS FORM: F-6) , PAGE 2

                                          STATION:  GAYLORD
                                          MONTH:    NOVEMBER
                                          YEAR:     2014
                                          LATITUDE:   45  0 N
                                          LONGITUDE:  84 42 W

[TEMPERATURE DATA]      [PRECIPITATION DATA]       SYMBOLS USED IN COLUMN 16

AVERAGE MONTHLY: 28.0   TOTAL FOR MONTH:   3.46    1 = FOG OR MIST
DPTR FM NORMAL:  -5.3   DPTR FM NORMAL:    0.94    2 = FOG REDUCING VISIBILITY
HIGHEST:    53 ON  3    GRTST 24HR  0.60 ON 24-24      TO 1/4 MILE OR LESS
LOWEST:     11 ON 28,21                            3 = THUNDER
                        SNOW, ICE PELLETS, HAIL    4 = ICE PELLETS
                        TOTAL MONTH:    M          5 = HAIL
                        GRTST 24HR    M  ON   M    6 = FREEZING RAIN OR DRIZZLE
                        GRTST DEPTH:  M  ON   M    7 = DUSTSTORM OR SANDSTORM:
                                                       VSBY 1/2 MILE OR LESS
                                                   8 = SMOKE OR HAZE
[NO. OF DAYS WITH]      [WEATHER - DAYS WITH]      9 = BLOWING SNOW
                                                   X = TORNADO
MAX 32 OR BELOW:  14    0.01 INCH OR MORE:  19
MAX 90 OR ABOVE:   0    0.10 INCH OR MORE:  13
MIN 32 OR BELOW:  26    0.50 INCH OR MORE:   1
MIN  0 OR BELOW:   0    1.00 INCH OR MORE:   0

[HDD (BASE 65) ]
TOTAL THIS MO.  1103    CLEAR  (SCALE 0-3)   2
DPTR FM NORMAL   154    PTCLDY (SCALE 4-7)   3
TOTAL FM JUL 1  2161    CLOUDY (SCALE 8-10) 25
DPTR FM NORMAL   188

[CDD (BASE 65) ]
TOTAL THIS MO.     0
DPTR FM NORMAL     0    [PRESSURE DATA]
TOTAL FM JAN 1   175    HIGHEST SLP M ON M
DPTR FM NORMAL   -66    LOWEST  SLP M ON M

[REMARKS]
#FINAL-11-14#




U.S. Dept. of Commerce
NOAA National Weather Service
1325 East West Highway
Silver Spring, MD 20910
E-mail: w-nws.webmaster@noaa.gov
Page last modified: May 16, 2007
NATIONAL WEATHER SERVICE: for Safety, for Work, for Fun - FOR LIFE