489
CXUS53 KAPX 310631
CF6GLR
PRELIMINARY LOCAL CLIMATOLOGICAL DATA (WS FORM: F-6)

                                          STATION:   GAYLORD
                                          MONTH:     JULY
                                          YEAR:      2014
                                          LATITUDE:   45  0 N
                                          LONGITUDE:  84 42 W

  TEMPERATURE IN F:       :PCPN:    SNOW:  WIND      :SUNSHINE: SKY     :PK WND
================================================================================
1   2   3   4   5  6A  6B    7    8   9   10  11  12  13   14  15   16   17  18
                                     12Z  AVG MX 2MIN
DY MAX MIN AVG DEP HDD CDD  WTR  SNW DPTH SPD SPD DIR MIN PSBL S-S WX    SPD DR
================================================================================

 1  77  64  71   6   0   6 0.02    M    M 16.6 23 250   M    M   5        39 230
 2  67  48  58  -7   7   0 0.74    M    M  5.3 13 310   M    M   7 1      17 310
 3  70  44  57  -9   8   0    T    M    M  4.2 16  90   M    M   3        25 110
 4  73  44  59  -7   6   0 0.00    M    M  3.8 14 300   M    M   0        19 270
 5  78  47  63  -3   2   0 0.00    M    M  9.7 23 240   M    M   0        29 250
 6  75  58  67   1   0   2 0.08    M    M 11.2 21 210   M    M   6 138    27 210
 7  79  65  72   6   0   7    T    M    M 12.3 25 260   M    M   5 1      34 250
 8  67  51  59  -7   6   0 0.18    M    M  9.5 14 270   M    M  10 12     21 290
 9  66  50  58  -8   7   0 0.00    M    M  6.8 17 270   M    M   7        23 270
10  72  40  56 -10   9   0 0.00    M    M  2.6  8 280   M    M   0        12  50
11  77  50  64  -2   1   0    T    M    M  5.3 14 230   M    M   4        19 250
12  77  60  69   3   0   4 0.70    M    M  9.0 18 220   M    M   7 1      24 210
13  71  53  62  -4   3   0 0.01    M    M  7.8 21 250   M    M   5 12     28 270
14  74  50  62  -4   3   0 0.17    M    M  5.0 15 250   M    M   6 1      19 220
15  57  52  55 -11  10   0 0.53    M    M  6.8 13 280   M    M  10 1      22 310
16  68  50  59  -7   6   0 0.02    M    M  6.3 16 280   M    M   5 1      22 270
17  73  43  58  -8   7   0 0.00    M    M  3.3 13 230   M    M   1 12     18 240
18  76  49  63  -3   2   0 0.00    M    M  5.4 13 180   M    M   0        16 190
19  77  51  64  -2   1   0 0.00    M    M  4.8 13 180   M    M   2        20 220
20  79  56  68   2   0   3 0.00    M    M  4.0 13 240   M    M   2 1      16 240
21  84  57  71   5   0   6 0.00    M    M  7.6 18 250   M    M   1 18     25 260
22  86  60  73   7   0   8 0.07    M    M 11.4 26 210   M    M   4 13     35 200
23  68  49  59  -7   6   0 0.00    M    M  5.3 12 320   M    M   7        20 350
24  71  42  57  -9   8   0 0.00    M    M  2.9 10 260   M    M   0        17 330
25  76  45  61  -5   4   0 0.00    M    M  7.6 18 250   M    M   4        23 260
26  77  58  68   2   0   3 0.05    M    M  8.2 22 210   M    M   7 1      29 230
27  73  56  65  -1   0   0 1.24    M    M  5.2 31  50   M    M   5 123    45  40
28  62  51  57  -9   8   0 0.00    M    M  5.9 14  40   M    M   9        21  30
29  68  50  59  -7   6   0 0.00    M    M  6.2 14 270   M    M   5        24 230
30  68  47  58  -8   7   0 0.04    M    M  4.3 13 270   M    M   4 1      17 280
================================================================================
SM 2186 1540       117  39  3.85    M    204.3          M      131
================================================================================
AV 72.9 51.3                               6.8 FASTST   M    M   4    MAX(MPH)
                                 MISC ---->  # 31  50               # 45   40
================================================================================
NOTES:
# LAST OF SEVERAL OCCURRENCES

COLUMN 17 PEAK WIND IN M.P.H.

PRELIMINARY LOCAL CLIMATOLOGICAL DATA (WS FORM: F-6) , PAGE 2

                                          STATION:  GAYLORD
                                          MONTH:    JULY
                                          YEAR:     2014
                                          LATITUDE:   45  0 N
                                          LONGITUDE:  84 42 W

[TEMPERATURE DATA]      [PRECIPITATION DATA]       SYMBOLS USED IN COLUMN 16

AVERAGE MONTHLY: 62.1   TOTAL FOR MONTH:   3.85    1 = FOG OR MIST
DPTR FM NORMAL:  -3.8   DPTR FM NORMAL:    0.90    2 = FOG REDUCING VISIBILITY
HIGHEST:    86 ON 22    GRTST 24HR  1.24 ON 27-27      TO 1/4 MILE OR LESS
LOWEST:     40 ON 10                               3 = THUNDER
                        SNOW, ICE PELLETS, HAIL    4 = ICE PELLETS
                        TOTAL MONTH:    M          5 = HAIL
                        GRTST 24HR    M  ON   M    6 = FREEZING RAIN OR DRIZZLE
                        GRTST DEPTH:  M  ON   M    7 = DUSTSTORM OR SANDSTORM:
                                                       VSBY 1/2 MILE OR LESS
                                                   8 = SMOKE OR HAZE
[NO. OF DAYS WITH]      [WEATHER - DAYS WITH]      9 = BLOWING SNOW
                                                   X = TORNADO
MAX 32 OR BELOW:   0    0.01 INCH OR MORE:  13
MAX 90 OR ABOVE:   0    0.10 INCH OR MORE:   6
MIN 32 OR BELOW:   0    0.50 INCH OR MORE:   4
MIN  0 OR BELOW:   0    1.00 INCH OR MORE:   1

[HDD (BASE 65) ]
TOTAL THIS MO.   117    CLEAR  (SCALE 0-3)  10
DPTR FM NORMAL    55    PTCLDY (SCALE 4-7)  17
TOTAL FM JUL 1   117    CLOUDY (SCALE 8-10)  3
DPTR FM NORMAL    55

[CDD (BASE 65) ]
TOTAL THIS MO.    39
DPTR FM NORMAL   -51    [PRESSURE DATA]
TOTAL FM JAN 1   117    HIGHEST SLP M ON M
DPTR FM NORMAL   -41    LOWEST  SLP 29.47 ON  8

[REMARKS]




U.S. Dept. of Commerce
NOAA National Weather Service
1325 East West Highway
Silver Spring, MD 20910
E-mail: w-nws.webmaster@noaa.gov
Page last modified: May 16, 2007
NATIONAL WEATHER SERVICE: for Safety, for Work, for Fun - FOR LIFE