128
CXUS53 KAPX 300631
CF6GLR
PRELIMINARY LOCAL CLIMATOLOGICAL DATA (WS FORM: F-6)

                                          STATION:   GAYLORD
                                          MONTH:     JANUARY
                                          YEAR:      2015
                                          LATITUDE:   45  0 N
                                          LONGITUDE:  84 42 W

  TEMPERATURE IN F:       :PCPN:    SNOW:  WIND      :SUNSHINE: SKY     :PK WND
================================================================================
1   2   3   4   5  6A  6B    7    8   9   10  11  12  13   14  15   16   17  18
                                     12Z  AVG MX 2MIN
DY MAX MIN AVG DEP HDD CDD  WTR  SNW DPTH SPD SPD DIR MIN PSBL S-S WX    SPD DR
================================================================================

 1  23  15  19   0  46   0 0.01    M    M 16.6 28 250   M    M  10 12     35 250
 2  22   2  12  -7  53   0 0.00    M    M  4.4 16 250   M    M   4        23 270
 3  29   6  18   0  47   0    T    M    M  4.9 14 160   M    M   8 18     19 140
 4  29   4  17  -1  48   0 0.02    M    M  8.1 20 300   M    M  10 128    33 300
 5   4   1   3 -15  62   0 0.01    M    M 11.1 25 250   M    M  10 12     31 270
 6  12   2   7 -11  58   0    T    M    M 13.7 30 250   M    M  10 1289   36 250
 7   7  -6   1 -17  64   0    T    M    M  9.0 22 270   M    M   7 128    32 270
 8  12   3   8 -10  57   0    T    M    M 16.4 29 240   M    M  10 18     36 240
 9  13   2   8 -10  57   0    T    M    M 13.0 25 250   M    M  10 128    30 250
10  16   2   9  -8  56   0    T    M    M 15.9 30 250   M    M   8 1289   37 250
11  22  15  19   2  46   0    T    M    M  7.2 16 210   M    M  10 1      21 200
12  19  -6   7 -10  58   0    T    M    M  4.6 13 320   M    M   7        21 330
13  13 -21  -4 -21  69   0 0.00    M    M  3.1 10 180   M    M   0 18     13 190
14  20  -8   6 -11  59   0    T    M    M  8.4 20 250   M    M   8        26 250
15  29  19  24   7  41   0 0.01    M    M 14.5 24 240   M    M  10 1      31 220
16  22   2  12  -5  53   0 0.01    M    M  5.4 17 310   M    M   3 1      27 310
17  36   7  22   5  43   0    T    M    M 14.3 23 170   M    M   8 1      32 150
18  34  23  29  12  36   0 0.09    M    M  7.2 23 250   M    M  10 6      29 230
19  23   9  16  -1  49   0    T    M    M  3.6  9 320   M    M   9 18     16 320
20  23   2  13  -4  52   0 0.00    M    M  1.5  7  60   M    M   4 1      11 120
21  23  -3  10  -7  55   0 0.00    M    M  0.7  7 130   M    M   3 1       8 130
22  28   3  16  -1  49   0    T    M    M  5.6 20 230   M    M   7 1      25 230
23  31  21  26   9  39   0    T    M    M 17.6 25 240   M    M   9 1      32 240
24  33  16  25   8  40   0 0.01    M    M  8.9 18 250   M    M  10 1      22 310
25  16  -5   6 -11  59   0 0.00    M    M  4.7 10  40   M    M   1        15  30
26  20 -15   3 -14  62   0 0.00  0.0    M  2.7 10 170   M    M   3 1      15 150
27  23  -2  11  -6  54   0    T    M    M  4.2 10  50   M    M   5 1      14  50
28  28  -8  10  -7  55   0 0.00    M    M  5.6 17 170   M    M   2        25 170
29  28  11  20   3  45   0 0.27    M    M  9.9 22 310   M    M  10 1269   35 330
================================================================================
SM  638   91      1512   0  0.43     0.0 242.8          M      206
================================================================================
AV 22.0  3.1                               8.4 FASTST   M    M   7    MAX(MPH)
                                 MISC ---->  # 30 250               # 37  250
================================================================================
NOTES:
# LAST OF SEVERAL OCCURRENCES

COLUMN 17 PEAK WIND IN M.P.H.

PRELIMINARY LOCAL CLIMATOLOGICAL DATA (WS FORM: F-6) , PAGE 2

                                          STATION:  GAYLORD
                                          MONTH:    JANUARY
                                          YEAR:     2015
                                          LATITUDE:   45  0 N
                                          LONGITUDE:  84 42 W

[TEMPERATURE DATA]      [PRECIPITATION DATA]       SYMBOLS USED IN COLUMN 16

AVERAGE MONTHLY: 12.6   TOTAL FOR MONTH:   0.43    1 = FOG OR MIST
DPTR FM NORMAL:  -4.8   DPTR FM NORMAL:   -1.31    2 = FOG REDUCING VISIBILITY
HIGHEST:    36 ON 17    GRTST 24HR  0.27 ON 29-29      TO 1/4 MILE OR LESS
LOWEST:    -21 ON 13                               3 = THUNDER
                        SNOW, ICE PELLETS, HAIL    4 = ICE PELLETS
                        TOTAL MONTH:   0.0 INCH    5 = HAIL
                        GRTST 24HR     0.0         6 = FREEZING RAIN OR DRIZZLE
                        GRTST DEPTH:  M  ON   M    7 = DUSTSTORM OR SANDSTORM:
                                                       VSBY 1/2 MILE OR LESS
                                                   8 = SMOKE OR HAZE
[NO. OF DAYS WITH]      [WEATHER - DAYS WITH]      9 = BLOWING SNOW
                                                   X = TORNADO
MAX 32 OR BELOW:  26    0.01 INCH OR MORE:   8
MAX 90 OR ABOVE:   0    0.10 INCH OR MORE:   1
MIN 32 OR BELOW:  29    0.50 INCH OR MORE:   0
MIN  0 OR BELOW:   9    1.00 INCH OR MORE:   0

[HDD (BASE 65) ]
TOTAL THIS MO.  1512    CLEAR  (SCALE 0-3)   5
DPTR FM NORMAL   131    PTCLDY (SCALE 4-7)   8
TOTAL FM JUL 1  4900    CLOUDY (SCALE 8-10) 16
DPTR FM NORMAL   232

[CDD (BASE 65) ]
TOTAL THIS MO.     0
DPTR FM NORMAL     0    [PRESSURE DATA]
TOTAL FM JAN 1     0    HIGHEST SLP M ON M
DPTR FM NORMAL     0    LOWEST  SLP 29.46 ON M

[REMARKS]




U.S. Dept. of Commerce
NOAA National Weather Service
1325 East West Highway
Silver Spring, MD 20910
E-mail: w-nws.webmaster@noaa.gov
Page last modified: May 16, 2007
NATIONAL WEATHER SERVICE: for Safety, for Work, for Fun - FOR LIFE