690
CXUS54 KJAN 012246
CF6GLH
PRELIMINARY LOCAL CLIMATOLOGICAL DATA (WS FORM: F-6)

                                          STATION:   GREENVILLE
                                          MONTH:     NOVEMBER
                                          YEAR:      2014
                                          LATITUDE:   33 29 N
                                          LONGITUDE:  90 59 W

  TEMPERATURE IN F:       :PCPN:    SNOW:  WIND      :SUNSHINE: SKY     :PK WND
================================================================================
1   2   3   4   5  6A  6B    7    8   9   10  11  12  13   14  15   16   17  18
                                     12Z  AVG MX 2MIN
DY MAX MIN AVG DEP HDD CDD  WTR  SNW DPTH SPD SPD DIR MIN PSBL S-S WX    SPD DR
================================================================================

 1  55  32  44 -15  21   0 0.00  0.0    0  8.9 21  10   M    M   0        26  20
 2  63  30  47 -12  18   0 0.00  0.0    0  5.0 15 120   M    M   0        18 130
 3  72  42  57  -2   8   0 0.00  0.0    0  9.1 15 160   M    M   0        19 180
 4  79  51  65   7   0   0 0.00  0.0    0 11.7 23 190   M    M   3        29 170
 5  63  58  61   3   4   0 0.16  0.0    0  6.4 10  10   M    M  10 1      12  20
 6  69  47  58   0   7   0 0.00  0.0    0 10.1 20 330   M    M   4 1      24 320
 7  58  36  47 -10  18   0 0.00  0.0    0  2.8 10  80   M    M   0 8      13  70
 8  63  35  49  -8  16   0 0.00  0.0    0  5.7 15 220   M    M   0 1      18 270
 9  65  36  51  -5  14   0 0.00  0.0    0  4.2 10 220   M    M   3 128    13 230
10  75  42  59   3   6   0 0.00  0.0    0 11.6 25 190   M    M   0        32 180
11  75  45  60   4   5   0 0.00  0.0    0 14.1 24 330   M    M   7        30 310
12  45  33  39 -16  26   0 0.00  0.0    0 14.2 22 350   M    M   6        27  10
13  42  25  34 -21  31   0 0.00  0.0    0 12.1 25 360   M    M   4        31 350
14  42  25  34 -20  31   0 0.00  0.0    0  7.9 15  10   M    M   0        19  40
15  47  23  35 -19  30   0 0.01  0.0    0  5.7 13 170   M    M   5 8      20 160
16  46  39  43 -11  22   0 1.71  0.0    0 12.3 23 360   M    M  10 18     28 350
17  42  31  37 -16  28   0 0.00  0.0    0 14.0 23 330   M    M   3        29 330
18  42  22  32 -21  33   0 0.00  0.0    0  5.2 16 350   M    M   0        21 350
19  58  27  43  -9  22   0 0.00  0.0    0 12.9 25 220   M    M   0        31 240
20  59  39  49  -3  16   0 0.00  0.0    0  4.6 10 220   M    M   6        13 220
21  71  50  61   9   4   0 0.00  0.0    0  7.6 16 160   M    M  10        21 160
22  71  53  62  11   3   0 0.00  0.0    0  9.4 18 170   M    M   5 8      23 180
23  66  55  61  10   4   0 0.51  0.0    0 14.5 36 270   M    M   7 18     50 260
24  63  43  53   2  12   0 0.00  0.0    0 11.9 28 270   M    M   1 8      35 250
25  51  33  42  -8  23   0 0.00  0.0    0  5.5 15 330   M    M   0 8      17 330
26  65  32  49  -1  16   0 0.00  0.0    0  9.5 25 260   M    M   0        36 250
27  48  31  40 -10  25   0 0.00  0.0    0  7.0 17 360   M    M   2        22 360
28  59  29  44  -5  21   0 0.00  0.0    0  9.3 18 190   M    M   0 1      21 190
29  72  43  58   9   7   0 0.00  0.0    0 14.4 31 210   M    M   6        37 200
30  78  57  68  19   0   3 0.00  0.0    0 15.4 31 200   M    M   3        39 200
================================================================================
SM 1804 1144       471   3  2.39     0.0 283.0          M       95
================================================================================
AV 60.1 38.1                               9.4 FASTST   M    M   3    MAX(MPH)
                                 MISC ---->  # 36 270               # 50  260
================================================================================
NOTES:
# LAST OF SEVERAL OCCURRENCES

COLUMN 17 PEAK WIND IN M.P.H.

PRELIMINARY LOCAL CLIMATOLOGICAL DATA (WS FORM: F-6) , PAGE 2

                                          STATION:  GREENVILLE
                                          MONTH:    NOVEMBER
                                          YEAR:     2014
                                          LATITUDE:   33 29 N
                                          LONGITUDE:  90 59 W

[TEMPERATURE DATA]      [PRECIPITATION DATA]       SYMBOLS USED IN COLUMN 16

AVERAGE MONTHLY: 49.1   TOTAL FOR MONTH:   2.39    1 = FOG OR MIST
DPTR FM NORMAL:  -4.7   DPTR FM NORMAL:   -2.67    2 = FOG REDUCING VISIBILITY
HIGHEST:    79 ON  4    GRTST 24HR  1.72 ON 15-16      TO 1/4 MILE OR LESS
LOWEST:     22 ON 18                               3 = THUNDER
                        SNOW, ICE PELLETS, HAIL    4 = ICE PELLETS
                        TOTAL MONTH:   0.0 INCH    5 = HAIL
                        GRTST 24HR     0.0         6 = FREEZING RAIN OR DRIZZLE
                        GRTST DEPTH:   0           7 = DUSTSTORM OR SANDSTORM:
                                                       VSBY 1/2 MILE OR LESS
                                                   8 = SMOKE OR HAZE
[NO. OF DAYS WITH]      [WEATHER - DAYS WITH]      9 = BLOWING SNOW
                                                   X = TORNADO
MAX 32 OR BELOW:   0    0.01 INCH OR MORE:   4
MAX 90 OR ABOVE:   0    0.10 INCH OR MORE:   3
MIN 32 OR BELOW:  11    0.50 INCH OR MORE:   2
MIN  0 OR BELOW:   0    1.00 INCH OR MORE:   1

[HDD (BASE 65) ]
TOTAL THIS MO.   471    CLEAR  (SCALE 0-3)  17
DPTR FM NORMAL   123    PTCLDY (SCALE 4-7)  10
TOTAL FM JUL 1   540    CLOUDY (SCALE 8-10)  3
DPTR FM NORMAL    78

[CDD (BASE 65) ]
TOTAL THIS MO.     3
DPTR FM NORMAL    -9    [PRESSURE DATA]
TOTAL FM JAN 1  2177    HIGHEST SLP 30.58 ON 27
DPTR FM NORMAL    -9    LOWEST  SLP 29.32 ON 23

[REMARKS]
#FINAL-11-14#




U.S. Dept. of Commerce
NOAA National Weather Service
1325 East West Highway
Silver Spring, MD 20910
E-mail: w-nws.webmaster@noaa.gov
Page last modified: May 16, 2007
NATIONAL WEATHER SERVICE: for Safety, for Work, for Fun - FOR LIFE