936
CXUS54 KJAN 011000
CF6GLH
PRELIMINARY LOCAL CLIMATOLOGICAL DATA (WS FORM: F-6)

                                          STATION:   GREENVILLE
                                          MONTH:     JULY
                                          YEAR:      2014
                                          LATITUDE:   33 29 N
                                          LONGITUDE:  90 59 W

  TEMPERATURE IN F:       :PCPN:    SNOW:  WIND      :SUNSHINE: SKY     :PK WND
================================================================================
1   2   3   4   5  6A  6B    7    8   9   10  11  12  13   14  15   16   17  18
                                     12Z  AVG MX 2MIN
DY MAX MIN AVG DEP HDD CDD  WTR  SNW DPTH SPD SPD DIR MIN PSBL S-S WX    SPD DR
================================================================================

 1  92  76  84   3   0  19 0.00  0.0    0  7.6 14 220   M    M   0        18 240
 2  91  71  81  -1   0  16 0.00  0.0    0  3.4 35 340   M    M   0 3      45 350
 3  85  66  76  -6   0  11 0.00  0.0    0  6.0 15  10   M    M   2 1      20  10
 4  83  62  73  -9   0   8 0.00  0.0    0  5.6 14  40   M    M   0        21  30
 5  87  60  74  -8   0   9 0.00  0.0    0  1.3  9 360   M    M   1 1      12 360
 6  90  62  76  -6   0  11 0.00  0.0    0  3.1  8 220   M    M   2        14 220
 7  93  70  82   0   0  17 0.00  0.0    0  7.9 15 200   M    M   1        20 200
 8  91  73  82   0   0  17 0.00  0.0    0  9.2 16 190   M    M   1        21 200
 9  87  71  79  -3   0  14 0.00  0.0    0  3.7 13 220   M    M   2        15 300
10  90  73  82   0   0  17 0.03  0.0    0  2.5 15  10   M    M   5 3      20 360
11  90  72  81  -1   0  16    T  0.0    0  2.8 20 360   M    M   2 1       M  M
12  94  70  82   0   0  17 0.00  0.0    0  1.0  8  40   M    M   0 1      10  60
13  93  71  82   0   0  17 0.00  0.0    0  1.8  8 150   M    M   1 12     12 160
14  94  74  84   2   0  19 0.72  0.0    0  8.7 28 260   M    M   0 13     36 260
15  83  73  78  -4   0  13 0.03  0.0    0  7.6 14 360   M    M   7        17 360
16  81  60  71 -11   0   6 0.00  0.0    0   M   M   M   M    M   1         M  M
17  80  67  74  -8   0   9 0.09  0.0    0  5.0 12  50   M    M   2        15  70
18  71  64  68 -14   0   3 4.28  0.0    0  9.2 23  50   M    M  10 1      31  40
19  77  66  72 -10   0   7 0.00  0.0    0  1.7  8 330   M    M   9 1      12 320
20  81  67  74  -8   0   9 0.00  0.0    0  1.2  7 110   M    M   8 1      14 130
21  89  65  77  -5   0  12 0.00  0.0    0  2.5  8  20   M    M   2 1      10  40
22  91  68  80  -2   0  15 0.00  0.0    0  3.5 10 330   M    M   1 1      13 330
23  92  72  82   0   0  17 0.05  0.0    0  3.3 20 310   M    M   2 13     25 310
24  89  67  78  -4   0  13 0.00  0.0    0  5.3 14 360   M    M   4        16  20
25  89  61  75  -7   0  10 0.00  0.0    0  2.6 10 340   M    M   0 12     14 340
26  94  70  82   0   0  17 0.00  0.0    0  5.5 13 230   M    M   0 1       M 280
27  95  75  85   3   0  20 0.00  0.0    0  7.6 14 260   M    M   0 18      M  M
28  90  68  79  -3   0  14 0.00  0.0    0  6.8 15 330   M    M   3        18 320
29  86  63  75  -7   0  10 0.00  0.0    0  5.1 14  20   M    M   0 1      17  20
30  85  61  73  -9   0   8    T  0.0    0  2.3  7 320   M    M   1         9  30
31  81  70  76  -6   0  11 0.12  0.0    0  3.0  9  20   M    M   7 1      12  20
================================================================================
SM 2714 2108         0 402  5.32     0.0 136.8          M       74
================================================================================
AV 87.5 68.0                               4.6 FASTST   M    M   2    MAX(MPH)
                                 MISC ---->  # 35 340               # 45  350
================================================================================
NOTES:
# LAST OF SEVERAL OCCURRENCES

COLUMN 17 PEAK WIND IN M.P.H.

PRELIMINARY LOCAL CLIMATOLOGICAL DATA (WS FORM: F-6) , PAGE 2

                                          STATION:  GREENVILLE
                                          MONTH:    JULY
                                          YEAR:     2014
                                          LATITUDE:   33 29 N
                                          LONGITUDE:  90 59 W

[TEMPERATURE DATA]      [PRECIPITATION DATA]       SYMBOLS USED IN COLUMN 16

AVERAGE MONTHLY: 77.8   TOTAL FOR MONTH:   5.32    1 = FOG OR MIST
DPTR FM NORMAL:  -4.2   DPTR FM NORMAL:    1.52    2 = FOG REDUCING VISIBILITY
HIGHEST:    95 ON 27    GRTST 24HR  4.37 ON 17-18      TO 1/4 MILE OR LESS
LOWEST:     60 ON 16, 5                            3 = THUNDER
                        SNOW, ICE PELLETS, HAIL    4 = ICE PELLETS
                        TOTAL MONTH:   0.0 INCH    5 = HAIL
                        GRTST 24HR     0.0         6 = FREEZING RAIN OR DRIZZLE
                        GRTST DEPTH:   0           7 = DUSTSTORM OR SANDSTORM:
                                                       VSBY 1/2 MILE OR LESS
                                                   8 = SMOKE OR HAZE
[NO. OF DAYS WITH]      [WEATHER - DAYS WITH]      9 = BLOWING SNOW
                                                   X = TORNADO
MAX 32 OR BELOW:   0    0.01 INCH OR MORE:   7
MAX 90 OR ABOVE:  15    0.10 INCH OR MORE:   3
MIN 32 OR BELOW:   0    0.50 INCH OR MORE:   2
MIN  0 OR BELOW:   0    1.00 INCH OR MORE:   1

[HDD (BASE 65) ]
TOTAL THIS MO.     0    CLEAR  (SCALE 0-3)  24
DPTR FM NORMAL     0    PTCLDY (SCALE 4-7)   5
TOTAL FM JUL 1     0    CLOUDY (SCALE 8-10)  2
DPTR FM NORMAL     0

[CDD (BASE 65) ]
TOTAL THIS MO.   402
DPTR FM NORMAL  -125    [PRESSURE DATA]
TOTAL FM JAN 1  1179    HIGHEST SLP 30.28 ON  4
DPTR FM NORMAL   -90    LOWEST  SLP 29.88 ON 14

[REMARKS]
#FINAL-07-14#




U.S. Dept. of Commerce
NOAA National Weather Service
1325 East West Highway
Silver Spring, MD 20910
E-mail: w-nws.webmaster@noaa.gov
Page last modified: May 16, 2007
NATIONAL WEATHER SERVICE: for Safety, for Work, for Fun - FOR LIFE