823
CXUS54 KFWD 240730
CF6GLE
PRELIMINARY LOCAL CLIMATOLOGICAL DATA (WS FORM: F-6)

                                          STATION:   GAINESVILLE
                                          MONTH:     APRIL
                                          YEAR:      2014
                                          LATITUDE:   33 39 N
                                          LONGITUDE:  97 12 W

  TEMPERATURE IN F:       :PCPN:    SNOW:  WIND      :SUNSHINE: SKY     :PK WND
================================================================================
1   2   3   4   5  6A  6B    7    8   9   10  11  12  13   14  15   16   17  18
                                     12Z  AVG MX 2MIN
DY MAX MIN AVG DEP HDD CDD  WTR  SNW DPTH SPD SPD DIR MIN PSBL S-S WX    SPD DR
================================================================================

 1  80  58  69  11   0   4 0.00  0.0    0 11.8 20 130   M    M   4        27 130
 2  81  67  74  15   0   9 0.00  0.0    0 15.2 23 170   M    M   6        30 170
 3  83  54  69  10   0   4 0.24  0.0    0 12.6 27 320   M    M   6 1      38 320
 4  64  39  52  -7  13   0 0.00  0.0    0 10.2 24 340   M    M   0        32 330
 5  59  44  52  -8  13   0 0.00  0.0    0  8.1 14 100   M    M   5        17 100
 6  50  45  48 -12  17   0 0.47  0.0    0  6.9 12  60   M    M   9        16  60
 7  67  46  57  -3   8   0 0.07  0.0    0  6.9 23 320   M    M   7 1      28 320
 8  68  45  57  -3   8   0 0.00  0.0    0 14.5 25 330   M    M   0        33 310
 9  78  40  59  -2   6   0 0.00  0.0    0  9.4 18 160   M    M   0        25 170
10  84  56  70   9   0   5 0.00  0.0    0 15.0 24 180   M    M   0        33 170
11  78  57  68   7   0   3 0.00  0.0    0 10.6 15 130   M    M   2        25 130
12  80  61  71   9   0   6 0.00  0.0    0 16.8 24 160   M    M   2        31 160
13  76  50  63   1   2   0 0.14  0.0    0 19.6 28 170   M    M   5        36 170
14  53  37  45 -17  20   0 0.00  0.0    0 18.6 28 330   M    M   7        36 340
15  61  28  45 -17  20   0 0.00  0.0    0  4.6 12 290   M    M   0        18 290
16  66  40  53  -9  12   0 0.00  0.0    0 14.0 28 150   M    M   0        33 150
17  60  44  52 -11  13   0 0.00  0.0    0  5.8  8  90   M    M   7 1       M  M
18  73  51  62  -1   3   0 0.00  0.0    0  4.9  9 100   M    M   4         M  M
19  76  48  62  -1   3   0 0.00  0.0    0  5.8 15 180   M    M   0        20 160
20  77  58  68   4   0   3 0.52  0.0    0  8.0 20 180   M    M   6        23 140
21  78  60  69   5   0   4 0.13  0.0    0  7.9 15 210   M    M   5         M  M
22  79  57  68   4   0   3 0.00  0.0    0  4.8  9 340   M    M   0         M  M
23  83  55  69   5   0   4 0.00  0.0    0  9.3 20 140   M    M   1        25 140
================================================================================
SM 1654 1140       138  45  1.57     0.0 241.3          M       76
================================================================================
AV 71.9 49.6                              10.5 FASTST   M    M   3    MAX(MPH)
                                 MISC ---->    28   M               # 38  320
================================================================================
NOTES:
# LAST OF SEVERAL OCCURRENCES

COLUMN 17 PEAK WIND IN M.P.H.

PRELIMINARY LOCAL CLIMATOLOGICAL DATA (WS FORM: F-6) , PAGE 2

                                          STATION:  GAINESVILLE
                                          MONTH:    APRIL
                                          YEAR:     2014
                                          LATITUDE:   33 39 N
                                          LONGITUDE:  97 12 W

[TEMPERATURE DATA]      [PRECIPITATION DATA]       SYMBOLS USED IN COLUMN 16

AVERAGE MONTHLY: 60.7   TOTAL FOR MONTH:   1.57    1 = FOG OR MIST
DPTR FM NORMAL:  -0.7   DPTR FM NORMAL:   -1.19    2 = FOG REDUCING VISIBILITY
HIGHEST:    84 ON 10    GRTST 24HR  0.52 ON 20-20      TO 1/4 MILE OR LESS
LOWEST:     28 ON 15                               3 = THUNDER
                        SNOW, ICE PELLETS, HAIL    4 = ICE PELLETS
                        TOTAL MONTH:   0.0 INCH    5 = HAIL
                        GRTST 24HR     0.0         6 = FREEZING RAIN OR DRIZZLE
                        GRTST DEPTH:   0           7 = DUSTSTORM OR SANDSTORM:
                                                       VSBY 1/2 MILE OR LESS
                                                   8 = SMOKE OR HAZE
[NO. OF DAYS WITH]      [WEATHER - DAYS WITH]      9 = BLOWING SNOW
                                                   X = TORNADO
MAX 32 OR BELOW:   0    0.01 INCH OR MORE:   6
MAX 90 OR ABOVE:   0    0.10 INCH OR MORE:   5
MIN 32 OR BELOW:   1    0.50 INCH OR MORE:   1
MIN  0 OR BELOW:   0    1.00 INCH OR MORE:   0

[HDD (BASE 65) ]
TOTAL THIS MO.   138    CLEAR  (SCALE 0-3)  11
DPTR FM NORMAL    18    PTCLDY (SCALE 4-7)  11
TOTAL FM JUL 1  3233    CLOUDY (SCALE 8-10)  1
DPTR FM NORMAL   375

[CDD (BASE 65) ]
TOTAL THIS MO.    45
DPTR FM NORMAL     9    [PRESSURE DATA]
TOTAL FM JAN 1    53    HIGHEST SLP M ON M
DPTR FM NORMAL     3    LOWEST  SLP M ON M

[REMARKS]




U.S. Dept. of Commerce
NOAA National Weather Service
1325 East West Highway
Silver Spring, MD 20910
E-mail: w-nws.webmaster@noaa.gov
Page last modified: May 16, 2007
NATIONAL WEATHER SERVICE: for Safety, for Work, for Fun - FOR LIFE