064
CXUS54 KFWD 300730
CF6GLE
PRELIMINARY LOCAL CLIMATOLOGICAL DATA (WS FORM: F-6)

                                          STATION:   GAINESVILLE
                                          MONTH:     SEPTEMBER
                                          YEAR:      2014
                                          LATITUDE:   33 39 N
                                          LONGITUDE:  97 12 W

  TEMPERATURE IN F:       :PCPN:    SNOW:  WIND      :SUNSHINE: SKY     :PK WND
================================================================================
1   2   3   4   5  6A  6B    7    8   9   10  11  12  13   14  15   16   17  18
                                     12Z  AVG MX 2MIN
DY MAX MIN AVG DEP HDD CDD  WTR  SNW DPTH SPD SPD DIR MIN PSBL S-S WX    SPD DR
================================================================================

 1  92  74  83   3   0  18 0.00  0.0    0 14.0 18 130   M    M   1        25 170
 2  92  73  83   3   0  18 0.00  0.0    0 10.9 16 140   M    M   0        20 160
 3  94  74  84   4   0  19 0.00  0.0    0 10.9 22 160   M    M   1        28 160
 4  94  71  83   4   0  18 0.00  0.0    0  9.7 18 150   M    M   0        24 150
 5  93  72  83   4   0  18 0.00  0.0    0  5.6 13 170   M    M   1         M  M
 6  88  67  78  -1   0  13 0.00  0.0    0  9.3 18 330   M    M   3        22 330
 7  77  65  71  -7   0   6 0.01  0.0    0  5.1  9 340   M    M   6 1       M  M
 8  92  67  80   2   0  15 0.00  0.0    0  4.3 12 130   M    M   2 1       M  M
 9  96  73  85   7   0  20 0.00  0.0    0 10.5 20 150   M    M   1        25 150
10  99  75  87  10   0  22 0.06  0.0    0 14.0 22 180   M    M   3        28 200
11  75  68  72  -5   0   7 0.00  0.0    0  9.3 13 360   M    M   9        17 360
12  68  56  62 -15   3   0 1.08  0.0    0 11.9 20 350   M    M  10 1      25 350
13  67  54  61 -15   4   0 0.00  0.0    0  7.2 16 350   M    M   9        22 350
14  74  60  67  -9   0   2 0.00  0.0    0  3.4  7 140   M    M   5         M  M
15  83  66  75  -1   0  10 0.00  0.0    0  3.3  7 160   M    M   3         M  M
16  87  71  79   4   0  14 0.00  0.0    0  2.5  6  90   M    M   3 1       M  M
17  91  70  81   6   0  16 0.00  0.0    0  3.1  8 120   M    M   1 1       M  M
18  82  70  76   1   0  11 0.00  0.0    0  4.5 14  30   M    M   1         M  M
19  87  66  77   3   0  12 0.00  0.0    0  5.8 12 120   M    M   3        17 110
20  88  69  79   5   0  14 0.00  0.0    0  5.3 14 140   M    M   2 1      22 140
21  90  65  78   4   0  13 0.00  0.0    0  3.4 10  40   M    M   1         M  M
22  82  62  72  -1   0   7 0.00  0.0    0  6.4 13  50   M    M   3 8       M  M
23  82  55  69  -4   0   4 0.00  0.0    0  5.3  9 120   M    M   0 8       M  M
24  83  55  69  -3   0   4 0.00  0.0    0  4.7 14 150   M    M   0 8      17 150
25  84  53  69  -3   0   4 0.00  0.0    0  2.6 10 110   M    M   0 8       M  M
26  84  58  71  -1   0   6 0.00  0.0    0  3.3  8 130   M    M   1         M  M
27  85  60  73   1   0   8 0.00  0.0    0  4.7 12  90   M    M   1        12 120
28  86  60  73   2   0   8 0.00  0.0    0  4.1 10  70   M    M   1        16 100
29  86  61  74   3   0   9 0.00  0.0    0  4.0 10  50   M    M   1         M  M
================================================================================
SM 2481 1890         7 316  1.15     0.0 189.1          M       72
================================================================================
AV 85.6 65.2                               6.5 FASTST   M    M   2    MAX(MPH)
                                 MISC ---->    22   M                 28    M
================================================================================
NOTES:
# LAST OF SEVERAL OCCURRENCES

COLUMN 17 PEAK WIND IN M.P.H.

PRELIMINARY LOCAL CLIMATOLOGICAL DATA (WS FORM: F-6) , PAGE 2

                                          STATION:  GAINESVILLE
                                          MONTH:    SEPTEMBER
                                          YEAR:     2014
                                          LATITUDE:   33 39 N
                                          LONGITUDE:  97 12 W

[TEMPERATURE DATA]      [PRECIPITATION DATA]       SYMBOLS USED IN COLUMN 16

AVERAGE MONTHLY: 75.4   TOTAL FOR MONTH:   1.15    1 = FOG OR MIST
DPTR FM NORMAL:  -0.3   DPTR FM NORMAL:   -2.78    2 = FOG REDUCING VISIBILITY
HIGHEST:    99 ON 10    GRTST 24HR  1.08 ON 12-12      TO 1/4 MILE OR LESS
LOWEST:     53 ON 25                               3 = THUNDER
                        SNOW, ICE PELLETS, HAIL    4 = ICE PELLETS
                        TOTAL MONTH:   0.0 INCH    5 = HAIL
                        GRTST 24HR     0.0         6 = FREEZING RAIN OR DRIZZLE
                        GRTST DEPTH:   0           7 = DUSTSTORM OR SANDSTORM:
                                                       VSBY 1/2 MILE OR LESS
                                                   8 = SMOKE OR HAZE
[NO. OF DAYS WITH]      [WEATHER - DAYS WITH]      9 = BLOWING SNOW
                                                   X = TORNADO
MAX 32 OR BELOW:   0    0.01 INCH OR MORE:   3
MAX 90 OR ABOVE:  10    0.10 INCH OR MORE:   1
MIN 32 OR BELOW:   0    0.50 INCH OR MORE:   1
MIN  0 OR BELOW:   0    1.00 INCH OR MORE:   1

[HDD (BASE 65) ]
TOTAL THIS MO.     7    CLEAR  (SCALE 0-3)  21
DPTR FM NORMAL    -4    PTCLDY (SCALE 4-7)   5
TOTAL FM JUL 1     7    CLOUDY (SCALE 8-10)  3
DPTR FM NORMAL    -4

[CDD (BASE 65) ]
TOTAL THIS MO.   316
DPTR FM NORMAL     0    [PRESSURE DATA]
TOTAL FM JAN 1  1890    HIGHEST SLP M ON M
DPTR FM NORMAL  -198    LOWEST  SLP M ON M

[REMARKS]




U.S. Dept. of Commerce
NOAA National Weather Service
1325 East West Highway
Silver Spring, MD 20910
E-mail: w-nws.webmaster@noaa.gov
Page last modified: May 16, 2007
NATIONAL WEATHER SERVICE: for Safety, for Work, for Fun - FOR LIFE