715
CXUS53 KGLD 081428
CF6GLD
PRELIMINARY LOCAL CLIMATOLOGICAL DATA (WS FORM: F-6)

                                          STATION:   GOODLAND KS
                                          MONTH:     NOVEMBER
                                          YEAR:      2014
                                          LATITUDE:   39 22 N
                                          LONGITUDE: 101 42 W

  TEMPERATURE IN F:       :PCPN:    SNOW:  WIND      :SUNSHINE: SKY     :PK WND
================================================================================
1   2   3   4   5  6A  6B    7    8   9   10  11  12  13   14  15   16   17  18
                                     12Z  AVG MX 2MIN
DY MAX MIN AVG DEP HDD CDD  WTR  SNW DPTH SPD SPD DIR MIN PSBL S-S WX    SPD DR
================================================================================

 1  68  31  50   4  15   0 0.00  0.0    0 20.4 28 170   M    M   0        35 170
 2  76  43  60  15   5   0    T  0.0    0 12.5 21 190   M    M   1        26 190
 3  57  31  44  -1  21   0 0.00  0.0    0 16.1 36 320   M    M   2        43 320
 4  61  29  45   1  20   0 0.00  0.0    0 11.2 18 220   M    M   0        24 220
 5  67  30  49   5  16   0 0.00  0.0    0 11.6 24 360   M    M   0        30 350
 6  64  27  46   2  19   0 0.00  0.0    0 10.2 20 180   M    M   0        24 190
 7  75  40  58  15   7   0 0.00  0.0    0 15.5 37 330   M    M   1        44 330
 8  63  33  48   5  17   0 0.00  0.0    0 11.1 18 230   M    M   0        24 240
 9  73  35  54  12  11   0 0.00  0.0    0  9.8 20 210   M    M   0        26 210
10  66  14  40  -2  25   0    T    T    0 22.5 38 350   M    M   3 18     49 350
11  21   6  14 -27  51   0 0.00  0.0    0 13.2 20  20   M    M   6        26 350
12  14   0   7 -34  58   0    T  0.1    T 15.0 24 340   M    M   8 8      30 350
13  20  -6   7 -33  58   0 0.00  0.0    0  7.4 15 160   M    M   2        19 170
14  34  11  23 -17  42   0 0.00  0.0    0 16.7 29 180   M    M   3        36 180
15  32  12  22 -17  43   0    T  0.1    0 15.6 30 350   M    M   7 1      38 340
16  37   7  22 -17  43   0 0.00  0.0    0 16.3 31 340   M    M   1        40 340
17  35   3  19 -19  46   0 0.00  0.0    0 11.2 20 340   M    M   0        26 330
18  56  13  35  -3  30   0 0.00  0.0    0 10.7 22 290   M    M   0        27 290
19  50  23  37   0  28   0 0.00  0.0    0 10.0 17 200   M    M   0        22 210
20  55  13  34  -3  31   0 0.00  0.0    0  6.6 10 180   M    M   0        12 200
21  55  25  40   4  25   0 0.00  0.0    0 11.9 23 190   M    M   2 1      27 190
22  68  32  50  14  15   0 0.00  0.0    0 12.5 23 230   M    M   0        29 220
23  50  25  38   3  27   0 0.00  0.0    0 21.4 39 360   M    M   3 8      50 350
24  48  22  35   0  30   0    T    T    0 17.4 32 330   M    M   3        42 340
25  51  20  36   1  29   0 0.02    T    0 13.9 26 220   M    M   5        38 210
26  39  21  30  -4  35   0    T    T    0 12.7 25 320   M    M   9 1      33 320
27  65  23  44  10  21   0 0.00  0.0    0 13.1 26 190   M    M   0        31 190
28  80  31  56  23   9   0 0.00  0.0    0  8.2 14 200   M    M   0        17 290
29  73  37  55  22  10   0 0.00  0.0    0  8.7 18 270   M    M   0        22 270
30  41   8  25  -8  40   0    T    T    0 13.2 24  10   M    M   3 1      30  10
================================================================================
SM 1594  639       827   0  0.02     0.2 396.6          M       59
================================================================================
AV 53.1 21.3                              13.2 FASTST   M    M   2    MAX(MPH)
                                 MISC ---->  # 39 360               # 50  350
================================================================================
NOTES:
# LAST OF SEVERAL OCCURRENCES

COLUMN 17 PEAK WIND IN M.P.H.

PRELIMINARY LOCAL CLIMATOLOGICAL DATA (WS FORM: F-6) , PAGE 2

                                          STATION:  GOODLAND KS
                                          MONTH:    NOVEMBER
                                          YEAR:     2014
                                          LATITUDE:   39 22 N
                                          LONGITUDE: 101 42 W

[TEMPERATURE DATA]      [PRECIPITATION DATA]       SYMBOLS USED IN COLUMN 16

AVERAGE MONTHLY: 37.2   TOTAL FOR MONTH:   0.02    1 = FOG OR MIST
DPTR FM NORMAL:  -1.8   DPTR FM NORMAL:   -0.69    2 = FOG REDUCING VISIBILITY
HIGHEST:    80 ON 28    GRTST 24HR  0.98 ON 11-12      TO 1/4 MILE OR LESS
LOWEST:     -6 ON 13                               3 = THUNDER
                        SNOW, ICE PELLETS, HAIL    4 = ICE PELLETS
                        TOTAL MONTH:   0.2 INCH    5 = HAIL
                        GRTST 24HR   0.1 ON   M    6 = FREEZING RAIN OR DRIZZLE
                        GRTST DEPTH:   T           7 = DUSTSTORM OR SANDSTORM:
                                                       VSBY 1/2 MILE OR LESS
                                                   8 = SMOKE OR HAZE
[NO. OF DAYS WITH]      [WEATHER - DAYS WITH]      9 = BLOWING SNOW
                                                   X = TORNADO
MAX 32 OR BELOW:   4    0.01 INCH OR MORE:   1
MAX 90 OR ABOVE:   0    0.10 INCH OR MORE:   0
MIN 32 OR BELOW:  25    0.50 INCH OR MORE:   0
MIN  0 OR BELOW:   2    1.00 INCH OR MORE:   0

[HDD (BASE 65) ]
TOTAL THIS MO.   827    CLEAR  (SCALE 0-3)  23
DPTR FM NORMAL    48    PTCLDY (SCALE 4-7)   5
TOTAL FM JUL 1  1255    CLOUDY (SCALE 8-10)  2
DPTR FM NORMAL   -64

[CDD (BASE 65) ]
TOTAL THIS MO.     0
DPTR FM NORMAL     0    [PRESSURE DATA]
TOTAL FM JAN 1   920    HIGHEST SLP 30.77 ON 13
DPTR FM NORMAL   -21    LOWEST  SLP 29.32 ON 10

[REMARKS]
#FINAL-11-14#




U.S. Dept. of Commerce
NOAA National Weather Service
1325 East West Highway
Silver Spring, MD 20910
E-mail: w-nws.webmaster@noaa.gov
Page last modified: May 16, 2007
NATIONAL WEATHER SERVICE: for Safety, for Work, for Fun - FOR LIFE