421
CXUS53 KGLD 300800
CF6GLD
PRELIMINARY LOCAL CLIMATOLOGICAL DATA (WS FORM: F-6)

                                          STATION:   GOODLAND KS
                                          MONTH:     JANUARY
                                          YEAR:      2015
                                          LATITUDE:   39 22 N
                                          LONGITUDE: 101 42 W

  TEMPERATURE IN F:       :PCPN:    SNOW:  WIND      :SUNSHINE: SKY     :PK WND
================================================================================
1   2   3   4   5  6A  6B    7    8   9   10  11  12  13   14  15   16   17  18
                                     12Z  AVG MX 2MIN
DY MAX MIN AVG DEP HDD CDD  WTR  SNW DPTH SPD SPD DIR MIN PSBL S-S WX    SPD DR
================================================================================

 1  25   2  14 -16  51   0    T    T    4 10.2 15 300   M    M   3        18 300
 2  29   8  19 -11  46   0 0.00  0.0    4  9.7 17 230   M    M   1        22 230
 3  31   3  17 -13  48   0 0.03  0.6    4 18.3 38 350   M    M   5 129    47 350
 4  19  -4   8 -22  57   0 0.00  0.0    4  8.6 21 330   M    M   1        26 330
 5  39   0  20 -10  45   0 0.00  0.0    3  8.0 22 200   M    M   0        26 190
 6  41  14  28  -2  37   0    T    T    3 11.1 30  40   M    M   1        37  40
 7  18  11  15 -15  50   0    T    T    2 14.1 29 200   M    M   6 1      35 220
 8  47  18  33   3  32   0 0.00  0.0    1 18.6 30 210   M    M   3        39 210
 9  27  10  19 -11  46   0    T    T    1  9.4 20 180   M    M   6        23  10
10  50  19  35   5  30   0 0.00  0.0    T  7.3 16 200   M    M   0        21 190
11  47  16  32   2  33   0 0.00  0.0    T  9.5 21  20   M    M   4        25  30
12  23  16  20 -10  45   0 0.03  0.3    T  9.6 18 360   M    M  10 18     22  10
13  27  15  21  -9  44   0 0.01  0.1    T 10.6 21 170   M    M   8 1      24 190
14  41  13  27  -3  38   0 0.00  0.0    T  6.9 13 340   M    M   1 1      15 290
15  51  23  37   7  28   0 0.00  0.0    0 11.2 17 300   M    M   0        21 240
16  60  31  46  16  19   0 0.00  0.0    0  8.3 17 330   M    M   0        22 250
17  48  29  39   9  26   0 0.00  0.0    0 16.6 29 340   M    M   0        39 330
18  59  33  46  16  19   0 0.00  0.0    0  9.4 18 250   M    M   0        21 250
19  54  31  43  13  22   0 0.00  0.0    0  8.2 17 360   M    M   1        21 360
20  46  26  36   6  29   0 0.14  1.0    T  9.1 20 290   M    M   6 1      23 290
21  37  18  28  -2  37   0 0.00  0.0    0  6.2 10 350   M    M   8        13 340
22  40  17  29  -1  36   0 0.00  0.0    0 10.1 17 240   M    M   0        21 240
23  51  18  35   5  30   0 0.00  0.0    0 14.7 26 340   M    M   2        33 340
24  58  28  43  13  22   0    T  0.0    0 16.0 33 310   M    M   3        47 330
25  56  33  45  15  20   0 0.00  0.0    0 17.0 32 330   M    M   1        41 330
26  68  37  53  23  12   0 0.00  0.0    0 13.9 23 340   M    M   0        27 320
27  79  34  57  27   8   0 0.00  0.0    0 11.3 20 250   M    M   0        25 220
28  66  30  48  18  17   0 0.00  0.0    0 18.1 40 320   M    M   0        49 320
29  48  26  37   7  28   0 0.00  0.0    0 12.4 21 350   M    M   0        25 350
================================================================================
SM 1285  555       955   0  0.21     2.0 334.4          M       70
================================================================================
AV 44.3 19.1                              11.5 FASTST   M    M   2    MAX(MPH)
                                 MISC ---->  # 40 320               # 49  320
================================================================================
NOTES:
# LAST OF SEVERAL OCCURRENCES

COLUMN 17 PEAK WIND IN M.P.H.

PRELIMINARY LOCAL CLIMATOLOGICAL DATA (WS FORM: F-6) , PAGE 2

                                          STATION:  GOODLAND KS
                                          MONTH:    JANUARY
                                          YEAR:     2015
                                          LATITUDE:   39 22 N
                                          LONGITUDE: 101 42 W

[TEMPERATURE DATA]      [PRECIPITATION DATA]       SYMBOLS USED IN COLUMN 16

AVERAGE MONTHLY: 31.7   TOTAL FOR MONTH:   0.21    1 = FOG OR MIST
DPTR FM NORMAL:   1.7   DPTR FM NORMAL:   -0.14    2 = FOG REDUCING VISIBILITY
HIGHEST:    79 ON 27    GRTST 24HR  0.14 ON 20-20      TO 1/4 MILE OR LESS
LOWEST:     -4 ON  4                               3 = THUNDER
                        SNOW, ICE PELLETS, HAIL    4 = ICE PELLETS
                        TOTAL MONTH:   2.0 INCHES  5 = HAIL
                        GRTST 24HR   1.0 ON 20-20  6 = FREEZING RAIN OR DRIZZLE
                        GRTST DEPTH:   4 ON  4, 3  7 = DUSTSTORM OR SANDSTORM:
                                                       VSBY 1/2 MILE OR LESS
                                                   8 = SMOKE OR HAZE
[NO. OF DAYS WITH]      [WEATHER - DAYS WITH]      9 = BLOWING SNOW
                                                   X = TORNADO
MAX 32 OR BELOW:   8    0.01 INCH OR MORE:   4
MAX 90 OR ABOVE:   0    0.10 INCH OR MORE:   1
MIN 32 OR BELOW:  25    0.50 INCH OR MORE:   0
MIN  0 OR BELOW:   2    1.00 INCH OR MORE:   0

[HDD (BASE 65) ]
TOTAL THIS MO.   955    CLEAR  (SCALE 0-3)  21
DPTR FM NORMAL   -62    PTCLDY (SCALE 4-7)   5
TOTAL FM JUL 1  3269    CLOUDY (SCALE 8-10)  3
DPTR FM NORMAL  -155

[CDD (BASE 65) ]
TOTAL THIS MO.     0
DPTR FM NORMAL     0    [PRESSURE DATA]
TOTAL FM JAN 1     0    HIGHEST SLP M ON M
DPTR FM NORMAL     0    LOWEST  SLP 29.79 ON M

[REMARKS]




U.S. Dept. of Commerce
NOAA National Weather Service
1325 East West Highway
Silver Spring, MD 20910
E-mail: w-nws.webmaster@noaa.gov
Page last modified: May 16, 2007
NATIONAL WEATHER SERVICE: for Safety, for Work, for Fun - FOR LIFE