540
CXUS54 KFWD 010730
CF6GKY
PRELIMINARY LOCAL CLIMATOLOGICAL DATA (WS FORM: F-6)

                                          STATION:   ARLINGTON
                                          MONTH:     JANUARY
                                          YEAR:      2015
                                          LATITUDE:   32 39 N
                                          LONGITUDE:  97  6 W

  TEMPERATURE IN F:       :PCPN:    SNOW:  WIND      :SUNSHINE: SKY     :PK WND
================================================================================
1   2   3   4   5  6A  6B    7    8   9   10  11  12  13   14  15   16   17  18
                                     12Z  AVG MX 2MIN
DY MAX MIN AVG DEP HDD CDD  WTR  SNW DPTH SPD SPD DIR MIN PSBL S-S WX    SPD DR
================================================================================

 1  38  33  36 -10  29   0 0.44    M    0  5.8 10 350   M    M  10 18     13 350
 2  42  38  40  -6  25   0 0.49    M    0  8.3 14 290   M    M   9 13     19 290
 3  59  40  50   4  15   0 0.31    M    0  6.8 15 210   M    M   4 13     17 300
 4  52  30  41  -5  24   0 0.00  0.0    0 13.0 25 320   M    M   1        32 330
 5  62  27  45  -1  20   0 0.00  0.0    0  6.1 15 160   M    M   0        20 180
 6  60  29  45  -1  20   0 0.00  0.0    0  5.4 13 160   M    M   0        17 160
 7  43  24  34 -12  31   0 0.00  0.0    0 18.1 33 360   M    M   0        40  20
 8  39  18  29 -17  36   0 0.00  0.0    0  8.5 20 150   M    M   0        24 160
 9  40  30  35 -11  30   0 0.00  0.0    0 10.4 22 360   M    M   9        26  10
10  39  33  36 -10  29   0 0.12  0.0    0  6.6 12 150   M    M  10 18     14 150
11  44  35  40  -6  25   0 0.48  0.0    0  6.0 13 130   M    M  10 18     16 130
12  46  37  42  -4  23   0 0.00  0.0    0 13.8 22 350   M    M  10 18     27  20
13  41  33  37  -9  28   0 0.00  0.0    0  9.6 17 360   M    M  10 8      21 360
14  43  38  41  -5  24   0 0.00  0.0    0  7.4 13 350   M    M  10        15 350
15  57  29  43  -3  22   0 0.00  0.0    0  6.8 13 320   M    M   3        22 320
16  65   M   M   M   M   M 0.00  0.0    0  7.4 13 160   M    M   1        19 200
17  71  41  56  10   9   0 0.00  0.0    0 10.3 25 330   M    M   0        33 310
18  71  29  50   4  15   0 0.00  0.0    0  6.2 15 190   M    M   0        20 200
19  71  37  54   7  11   0 0.00  0.0    0  4.2 12 140   M    M   0        17 170
20  69  36  53   6  12   0 0.00  0.0    0  5.1 20 360   M    M   0 1      23 360
21  63  41  52   5  13   0 0.22  0.0    0  8.9 16  80   M    M   5 1      21  60
22  49  40  45  -2  20   0 0.97  0.0    0 15.7 25  40   M    M  10 18     33  30
23  53  35  44  -3  21   0 0.00  0.0    0  9.2 22 310   M    M   4        27 320
24  61  32  47   0  18   0 0.00  0.0    0  4.9 12 300   M    M   0        14 300
25  67  35  51   4  14   0 0.00  0.0    0 11.2 29 310   M    M   0        38 310
26  75  33  54   7  11   0 0.00  0.0    0  5.0 14 270   M    M   0        20 260
27  79  39  59  12   6   0 0.00  0.0    0  1.9  8 150   M    M   0        14  50
28  81  43  62  15   3   0 0.00  0.0    0  8.3 20 170   M    M   0        29 160
29  70  46  58  10   7   0 0.00  0.0    0 13.1 25 340   M    M   1        30 350
30  58  44  51   3  14   0 0.00  0.0    0  8.6 17  10   M    M   1        20  10
31  55  47  51   3  14   0 0.41    M    0 10.0 17 140   M    M   7 1      23 160
================================================================================
SM 1763 1052       569   0  3.44     0.0 262.6          M      115
================================================================================
AV 56.9 35.1                               8.5 FASTST   M    M   4    MAX(MPH)
                                 MISC ---->  # 33 360               # 40   20
================================================================================
NOTES:
# LAST OF SEVERAL OCCURRENCES

COLUMN 17 PEAK WIND IN M.P.H.

PRELIMINARY LOCAL CLIMATOLOGICAL DATA (WS FORM: F-6) , PAGE 2

                                          STATION:  ARLINGTON
                                          MONTH:    JANUARY
                                          YEAR:     2015
                                          LATITUDE:   32 39 N
                                          LONGITUDE:  97  6 W

[TEMPERATURE DATA]      [PRECIPITATION DATA]       SYMBOLS USED IN COLUMN 16

AVERAGE MONTHLY: 46.0   TOTAL FOR MONTH:   3.44    1 = FOG OR MIST
DPTR FM NORMAL:  -0.5   DPTR FM NORMAL:    1.39    2 = FOG REDUCING VISIBILITY
HIGHEST:    81 ON 28    GRTST 24HR  1.18 ON 21-22      TO 1/4 MILE OR LESS
LOWEST:     18 ON  8                               3 = THUNDER
                        SNOW, ICE PELLETS, HAIL    4 = ICE PELLETS
                        TOTAL MONTH:   0.0 INCH    5 = HAIL
                        GRTST 24HR     0.0         6 = FREEZING RAIN OR DRIZZLE
                        GRTST DEPTH:   0           7 = DUSTSTORM OR SANDSTORM:
                                                       VSBY 1/2 MILE OR LESS
                                                   8 = SMOKE OR HAZE
[NO. OF DAYS WITH]      [WEATHER - DAYS WITH]      9 = BLOWING SNOW
                                                   X = TORNADO
MAX 32 OR BELOW:   0    0.01 INCH OR MORE:   8
MAX 90 OR ABOVE:   0    0.10 INCH OR MORE:   8
MIN 32 OR BELOW:   9    0.50 INCH OR MORE:   1
MIN  0 OR BELOW:   0    1.00 INCH OR MORE:   0

[HDD (BASE 65) ]
TOTAL THIS MO.   569    CLEAR  (SCALE 0-3)  18
DPTR FM NORMAL    -6    PTCLDY (SCALE 4-7)   4
TOTAL FM JUL 1  1319    CLOUDY (SCALE 8-10)  9
DPTR FM NORMAL  -159

[CDD (BASE 65) ]
TOTAL THIS MO.     0
DPTR FM NORMAL    -2    [PRESSURE DATA]
TOTAL FM JAN 1     0    HIGHEST SLP M ON M
DPTR FM NORMAL     0    LOWEST  SLP 29.40 ON 31

[REMARKS]
#FINAL-01-15#




U.S. Dept. of Commerce
NOAA National Weather Service
1325 East West Highway
Silver Spring, MD 20910
E-mail: w-nws.webmaster@noaa.gov
Page last modified: May 16, 2007
NATIONAL WEATHER SERVICE: for Safety, for Work, for Fun - FOR LIFE