825
CXUS54 KFWD 240730
CF6GKY
PRELIMINARY LOCAL CLIMATOLOGICAL DATA (WS FORM: F-6)

                                          STATION:   ARLINGTON
                                          MONTH:     APRIL
                                          YEAR:      2014
                                          LATITUDE:   32 39 N
                                          LONGITUDE:  97  6 W

  TEMPERATURE IN F:       :PCPN:    SNOW:  WIND      :SUNSHINE: SKY     :PK WND
================================================================================
1   2   3   4   5  6A  6B    7    8   9   10  11  12  13   14  15   16   17  18
                                     12Z  AVG MX 2MIN
DY MAX MIN AVG DEP HDD CDD  WTR  SNW DPTH SPD SPD DIR MIN PSBL S-S WX    SPD DR
================================================================================

 1  84  65  75  13   0  10 0.00  0.0    0 12.1 23 140   M    M   6        31 130
 2  83  71  77  15   0  12    T  0.0    0 12.8 24 150   M    M   8 1      32 170
 3  84  61  73  10   0   8    T  0.0    0 15.5 35 310   M    M   6 3      45 320
 4  68  44  56  -7   9   0 0.00  0.0    0 11.8 35 330   M    M   0        43 330
 5  56  43  50 -13  15   0 0.02  0.0    0  8.1 18 130   M    M   5        23 120
 6  53  47  50 -13  15   0 0.49  0.0    0 10.1 18 340   M    M  10 13     22 350
 7  69  48  59  -5   6   0 0.02  0.0    0  5.2 32 340   M    M   6 13     40 330
 8  72  44  58  -6   7   0 0.00  0.0    0 13.4 33 320   M    M   0        41 350
 9  81  39  60  -4   5   0 0.00  0.0    0  9.4 21 160   M    M   0        28 150
10  86  58  72   8   0   7 0.00  0.0    0 16.9 28 160   M    M   0 8      41 170
11  83  61  72   8   0   7 0.00  0.0    0 14.2 22 160   M    M   2        29 160
12  84  66  75  11   0  10 0.00  0.0    0 17.7 30 150   M    M   3        38 150
13  78  65  72   7   0   7 0.27  0.0    0 13.9 26 160   M    M   6 13     39 170
14  65  43  54 -11  11   0 0.01  0.0    0 20.4 32 320   M    M   7        43 330
15  64  32  48 -17  17   0 0.00  0.0    0  6.2 14  70   M    M   0        23 120
16  69  40  55 -10  10   0 0.00  0.0    0 13.4 26 150   M    M   0        33 150
17  63  51  57  -9   8   0 0.02  0.0    0  6.9 15 140   M    M   8 18     18 130
18  78  49  64  -2   1   0 0.00  0.0    0  3.9 12  90   M    M   4 1      16  60
19  79  47  63  -3   2   0 0.00  0.0    0  6.0 17 130   M    M   1        23 130
20  78  57  68   2   0   3 0.38  0.0    0  8.7 20 140   M    M   6 13     28 160
21  83  62  73   6   0   8 0.02  0.0    0  7.3 15 160   M    M   7 13     18 160
22  84  56  70   3   0   5 0.00  0.0    0  4.2 15  30   M    M   1 12     20 360
23  87  53  70   3   0   5 0.00  0.0    0 10.5 24 140   M    M   0 1      32 140
================================================================================
SM 1731 1202       106  82  1.23     0.0 248.6          M       86
================================================================================
AV 75.3 52.3                              10.8 FASTST   M    M   4    MAX(MPH)
                                 MISC ---->  # 35 310               # 45  320
================================================================================
NOTES:
# LAST OF SEVERAL OCCURRENCES

COLUMN 17 PEAK WIND IN M.P.H.

PRELIMINARY LOCAL CLIMATOLOGICAL DATA (WS FORM: F-6) , PAGE 2

                                          STATION:  ARLINGTON
                                          MONTH:    APRIL
                                          YEAR:     2014
                                          LATITUDE:   32 39 N
                                          LONGITUDE:  97  6 W

[TEMPERATURE DATA]      [PRECIPITATION DATA]       SYMBOLS USED IN COLUMN 16

AVERAGE MONTHLY: 63.8   TOTAL FOR MONTH:   1.23    1 = FOG OR MIST
DPTR FM NORMAL:  -0.8   DPTR FM NORMAL:   -1.03    2 = FOG REDUCING VISIBILITY
HIGHEST:    87 ON 23    GRTST 24HR  0.50 ON  5- 6      TO 1/4 MILE OR LESS
LOWEST:     32 ON 15                               3 = THUNDER
                        SNOW, ICE PELLETS, HAIL    4 = ICE PELLETS
                        TOTAL MONTH:   0.0 INCH    5 = HAIL
                        GRTST 24HR     0.0         6 = FREEZING RAIN OR DRIZZLE
                        GRTST DEPTH:   0           7 = DUSTSTORM OR SANDSTORM:
                                                       VSBY 1/2 MILE OR LESS
                                                   8 = SMOKE OR HAZE
[NO. OF DAYS WITH]      [WEATHER - DAYS WITH]      9 = BLOWING SNOW
                                                   X = TORNADO
MAX 32 OR BELOW:   0    0.01 INCH OR MORE:   8
MAX 90 OR ABOVE:   0    0.10 INCH OR MORE:   3
MIN 32 OR BELOW:   1    0.50 INCH OR MORE:   0
MIN  0 OR BELOW:   0    1.00 INCH OR MORE:   0

[HDD (BASE 65) ]
TOTAL THIS MO.   106    CLEAR  (SCALE 0-3)  10
DPTR FM NORMAL    30    PTCLDY (SCALE 4-7)  11
TOTAL FM JUL 1  2795    CLOUDY (SCALE 8-10)  2
DPTR FM NORMAL   578

[CDD (BASE 65) ]
TOTAL THIS MO.    82
DPTR FM NORMAL    17    [PRESSURE DATA]
TOTAL FM JAN 1   105    HIGHEST SLP M ON M
DPTR FM NORMAL    -3    LOWEST  SLP 29.51 ON 13

[REMARKS]




U.S. Dept. of Commerce
NOAA National Weather Service
1325 East West Highway
Silver Spring, MD 20910
E-mail: w-nws.webmaster@noaa.gov
Page last modified: May 16, 2007
NATIONAL WEATHER SERVICE: for Safety, for Work, for Fun - FOR LIFE