885
CXUS54 KFWD 230730
CF6GKY
PRELIMINARY LOCAL CLIMATOLOGICAL DATA (WS FORM: F-6)

                                          STATION:   ARLINGTON
                                          MONTH:     AUGUST
                                          YEAR:      2014
                                          LATITUDE:   32 39 N
                                          LONGITUDE:  97  6 W

  TEMPERATURE IN F:       :PCPN:    SNOW:  WIND      :SUNSHINE: SKY     :PK WND
================================================================================
1   2   3   4   5  6A  6B    7    8   9   10  11  12  13   14  15   16   17  18
                                     12Z  AVG MX 2MIN
DY MAX MIN AVG DEP HDD CDD  WTR  SNW DPTH SPD SPD DIR MIN PSBL S-S WX    SPD DR
================================================================================

 1  82  70  76  -9   0  11 0.02  0.0    0  8.1 15 340   M    M   9 1      20 310
 2  89  64  77  -8   0  12 0.00  0.0    0  6.4 15  20   M    M   2 1      18  30
 3  92  67  80  -5   0  15 0.00  0.0    0  6.4 17  40   M    M   2 1      25  30
 4  94  71  83  -2   0  18 0.00  0.0    0  5.5 14  60   M    M   1        20  60
 5  98  70  84  -1   0  19 0.00  0.0    0  4.7 18 130   M    M   1        21 130
 6 100  77  89   4   0  24 0.00  0.0    0  9.3 17 140   M    M   0        22 130
 7 100  78  89   4   0  24 0.00  0.0    0  9.4 16 140   M    M   0        21 150
 8 103  81  92   7   0  27 0.00  0.0    0  9.6 17 330   M    M   0        23 170
 9 102  78  90   5   0  25 0.00  0.0    0  8.1 17 160   M    M   0        22 150
10 103  78  91   6   0  26    T  0.0    0  5.8 17  30   M    M   2 3      23  30
11  97  78  88   3   0  23 0.00  0.0    0  7.5 20 350   M    M   0        24 360
12  95  71  83  -2   0  18 0.00  0.0    0  8.6 22  10   M    M   0        28 360
13  95  66  81  -4   0  16 0.00  0.0    0  4.0 14  10   M    M   0        18  30
14  95  66  81  -4   0  16 0.00  0.0    0  6.2 15 140   M    M   0        19 100
15 100  73  87   2   0  22 0.00  0.0    0  9.3 17 130   M    M   0        23 160
16 102  79  91   6   0  26 0.60  0.0    0  8.8 29 100   M    M   1 3      35 100
17  87  71  79  -6   0  14 2.19  0.0    0  7.8 29 140   M    M   5 13     35 140
18  91  73  82  -2   0  17    T  0.0    0  5.0 13 180   M    M   0        17 180
19  92  75  84   0   0  19    T  0.0    0  8.4 20 120   M    M   1        26 160
20  97  79  88   4   0  23 0.00  0.0    0 12.8 21 130   M    M   1        27 190
21  98  78  88   4   0  23 0.00  0.0    0 11.7 21 170   M    M   1        29 170
22  99  79  89   5   0  24 0.00  0.0    0 10.4 17 160   M    M   0        23 160
================================================================================
SM 2111 1622         0 442  2.81     0.0 173.8          M       26
================================================================================
AV 96.0 73.7                               7.9 FASTST   M    M   1    MAX(MPH)
                                 MISC ---->  # 29 100               # 35  100
================================================================================
NOTES:
# LAST OF SEVERAL OCCURRENCES

COLUMN 17 PEAK WIND IN M.P.H.

PRELIMINARY LOCAL CLIMATOLOGICAL DATA (WS FORM: F-6) , PAGE 2

                                          STATION:  ARLINGTON
                                          MONTH:    AUGUST
                                          YEAR:     2014
                                          LATITUDE:   32 39 N
                                          LONGITUDE:  97  6 W

[TEMPERATURE DATA]      [PRECIPITATION DATA]       SYMBOLS USED IN COLUMN 16

AVERAGE MONTHLY: 84.8   TOTAL FOR MONTH:   2.81    1 = FOG OR MIST
DPTR FM NORMAL:   0.1   DPTR FM NORMAL:    1.63    2 = FOG REDUCING VISIBILITY
HIGHEST:   103 ON 10, 8 GRTST 24HR  2.79 ON 16-17      TO 1/4 MILE OR LESS
LOWEST:     64 ON  2                               3 = THUNDER
                        SNOW, ICE PELLETS, HAIL    4 = ICE PELLETS
                        TOTAL MONTH:   0.0 INCH    5 = HAIL
                        GRTST 24HR     0.0         6 = FREEZING RAIN OR DRIZZLE
                        GRTST DEPTH:   0           7 = DUSTSTORM OR SANDSTORM:
                                                       VSBY 1/2 MILE OR LESS
                                                   8 = SMOKE OR HAZE
[NO. OF DAYS WITH]      [WEATHER - DAYS WITH]      9 = BLOWING SNOW
                                                   X = TORNADO
MAX 32 OR BELOW:   0    0.01 INCH OR MORE:   3
MAX 90 OR ABOVE:  19    0.10 INCH OR MORE:   2
MIN 32 OR BELOW:   0    0.50 INCH OR MORE:   2
MIN  0 OR BELOW:   0    1.00 INCH OR MORE:   1

[HDD (BASE 65) ]
TOTAL THIS MO.     0    CLEAR  (SCALE 0-3)  20
DPTR FM NORMAL     0    PTCLDY (SCALE 4-7)   1
TOTAL FM JUL 1     0    CLOUDY (SCALE 8-10)  1
DPTR FM NORMAL     0

[CDD (BASE 65) ]
TOTAL THIS MO.   442
DPTR FM NORMAL     7    [PRESSURE DATA]
TOTAL FM JAN 1  1891    HIGHEST SLP M ON M
DPTR FM NORMAL   -18    LOWEST  SLP 29.75 ON  7

[REMARKS]




U.S. Dept. of Commerce
NOAA National Weather Service
1325 East West Highway
Silver Spring, MD 20910
E-mail: w-nws.webmaster@noaa.gov
Page last modified: May 16, 2007
NATIONAL WEATHER SERVICE: for Safety, for Work, for Fun - FOR LIFE