542
CXUS55 KGJT 311000
CF6GJT
PRELIMINARY LOCAL CLIMATOLOGICAL DATA (WS FORM: F-6)

                                          STATION:   GRAND JUNCTION CO
                                          MONTH:     AUGUST
                                          YEAR:      2014
                                          LATITUDE:   39  7 N
                                          LONGITUDE: 108 32 W

  TEMPERATURE IN F:       :PCPN:    SNOW:  WIND      :SUNSHINE: SKY     :PK WND
================================================================================
1   2   3   4   5  6A  6B    7    8   9   10  11  12  13   14  15   16   17  18
                                     12Z  AVG MX 2MIN
DY MAX MIN AVG DEP HDD CDD  WTR  SNW DPTH SPD SPD DIR MIN PSBL S-S WX    SPD DR
================================================================================

 1  88  61  75  -3   0  10 0.00  0.0    0  7.8 30  40   M    M   2 3      36  40
 2  91  58  75  -3   0  10 0.00  0.0    0  7.6 14 110   M    M   0        17 210
 3  90  65  78   0   0  13 0.07  0.0    0  9.1 22  70   M    M   2 3      29  60
 4  82  56  69  -9   0   4 1.17  0.0    0  5.2 35 270   M    M   5 13     41 270
 5  82  60  71  -7   0   6 0.06  0.0    0  8.9 30 150   M    M   4 3      35 160
 6  88  59  74  -3   0   9 0.00  0.0    0  4.9 13 320   M    M   0        18 340
 7  87  60  74  -3   0   9 0.03  0.0    0  7.5 29  50   M    M   1 3      35 330
 8  90  56  73  -4   0   8 0.00  0.0    0  6.5 22 270   M    M   0        27 280
 9  90  59  75  -2   0  10 0.00  0.0    0  7.5 25 330   M    M   0        30 330
10  91  59  75  -2   0  10 0.00  0.0    0  5.5 15 170   M    M   1 8      18 170
11  92  64  78   1   0  13 0.00  0.0    0  7.6 16  90   M    M   0        21  80
12  90  63  77   1   0  12    T  0.0    0  8.1 25 180   M    M   1 3      32 170
13  80  60  70  -6   0   5 0.19  0.0    0  6.1 30 190   M    M   5 13     38 180
14  82  60  71  -5   0   6 0.33  0.0    0  3.9 12 310   M    M   4 1      16 300
15  86  60  73  -3   0   8 0.00  0.0    0  6.9 18 140   M    M   1 3      21 140
16  92  60  76   0   0  11 0.00  0.0    0  6.7 17 130   M    M   0        21 130
17  94  62  78   2   0  13 0.00  0.0    0  6.7 14 130   M    M   0        17 120
18  94  61  78   3   0  13 0.00  0.0    0  7.2 22 230   M    M   0        29 220
19  78  61  70  -5   0   5 0.28  0.0    0  9.8 23 330   M    M   5 13     27 310
20  82  60  71  -4   0   6    T  0.0    0  4.6 18 270   M    M   5        24 270
21  81  54  68  -7   0   3 0.00  0.0    0  3.9 13 170   M    M   0        15 170
22  81  63  72  -2   0   7 0.09  0.0    0 11.9 26 150   M    M   5 3      32 150
23  67  55  61 -13   4   0 0.41  0.0    0  7.4 22 140   M    M   8 13     28 140
24  80  51  66  -8   0   1 0.00  0.0    0  7.6 31 320   M    M   1        38 310
25  84  56  70  -4   0   5    T  0.0    0  5.5 13 290   M    M   2        17 280
26  79  57  68  -6   0   3 0.26  0.0    0  5.7 28 240   M    M   4 138    35 240
27  71  57  64  -9   1   0 0.26  0.0    0  6.4 25 330   M    M   8 13     28 330
28  77  56  67  -6   0   2 0.01  0.0    0  5.1 12 110   M    M   5        14 110
29  83  56  70  -3   0   5 0.00  0.0    0  6.0 14 130   M    M   1        18 130
30  83  57  70  -2   0   5 0.00  0.0    0  8.1 20 120   M    M   0 3      24 120
================================================================================
SM 2535 1766         5 212  3.16     0.0 205.7          M       70
================================================================================
AV 84.5 58.9                               6.9 FASTST   M    M   2    MAX(MPH)
                                 MISC ---->  # 35 270               # 41  270
================================================================================
NOTES:
# LAST OF SEVERAL OCCURRENCES

COLUMN 17 PEAK WIND IN M.P.H.

PRELIMINARY LOCAL CLIMATOLOGICAL DATA (WS FORM: F-6) , PAGE 2

                                          STATION:  GRAND JUNCTION CO
                                          MONTH:    AUGUST
                                          YEAR:     2014
                                          LATITUDE:   39  7 N
                                          LONGITUDE: 108 32 W

[TEMPERATURE DATA]      [PRECIPITATION DATA]       SYMBOLS USED IN COLUMN 16

AVERAGE MONTHLY: 71.7   TOTAL FOR MONTH:   3.16    1 = FOG OR MIST
DPTR FM NORMAL:  -3.9   DPTR FM NORMAL:    2.25    2 = FOG REDUCING VISIBILITY
HIGHEST:    94 ON 18,17 GRTST 24HR  1.22 ON  3- 4      TO 1/4 MILE OR LESS
LOWEST:     51 ON 24                               3 = THUNDER
                        SNOW, ICE PELLETS, HAIL    4 = ICE PELLETS
                        TOTAL MONTH:   0.0 INCH    5 = HAIL
                        GRTST 24HR     0.0         6 = FREEZING RAIN OR DRIZZLE
                        GRTST DEPTH:   0           7 = DUSTSTORM OR SANDSTORM:
                                                       VSBY 1/2 MILE OR LESS
                                                   8 = SMOKE OR HAZE
[NO. OF DAYS WITH]      [WEATHER - DAYS WITH]      9 = BLOWING SNOW
                                                   X = TORNADO
MAX 32 OR BELOW:   0    0.01 INCH OR MORE:  12
MAX 90 OR ABOVE:  10    0.10 INCH OR MORE:   7
MIN 32 OR BELOW:   0    0.50 INCH OR MORE:   1
MIN  0 OR BELOW:   0    1.00 INCH OR MORE:   1

[HDD (BASE 65) ]
TOTAL THIS MO.     5    CLEAR  (SCALE 0-3)  19
DPTR FM NORMAL     5    PTCLDY (SCALE 4-7)  11
TOTAL FM JUL 1     5    CLOUDY (SCALE 8-10)  0
DPTR FM NORMAL     4

[CDD (BASE 65) ]
TOTAL THIS MO.   212
DPTR FM NORMAL  -108    [PRESSURE DATA]
TOTAL FM JAN 1   919    HIGHEST SLP M ON M
DPTR FM NORMAL   -93    LOWEST  SLP 29.69 ON 19

[REMARKS]




U.S. Dept. of Commerce
NOAA National Weather Service
1325 East West Highway
Silver Spring, MD 20910
E-mail: w-nws.webmaster@noaa.gov
Page last modified: May 16, 2007
NATIONAL WEATHER SERVICE: for Safety, for Work, for Fun - FOR LIFE