450
CXUS55 KGJT 241000
CF6GJT
PRELIMINARY LOCAL CLIMATOLOGICAL DATA (WS FORM: F-6)

                                          STATION:   GRAND JUNCTION CO
                                          MONTH:     JULY
                                          YEAR:      2014
                                          LATITUDE:   39  7 N
                                          LONGITUDE: 108 32 W

  TEMPERATURE IN F:       :PCPN:    SNOW:  WIND      :SUNSHINE: SKY     :PK WND
================================================================================
1   2   3   4   5  6A  6B    7    8   9   10  11  12  13   14  15   16   17  18
                                     12Z  AVG MX 2MIN
DY MAX MIN AVG DEP HDD CDD  WTR  SNW DPTH SPD SPD DIR MIN PSBL S-S WX    SPD DR
================================================================================

 1  92  67  80   3   0  15 0.00  0.0    0  7.8 21  40   M    M   0        26  50
 2  94  57  76  -1   0  11 0.00  0.0    0  6.7 17 150   M    M   0        20 260
 3  94  63  79   2   0  14    T  0.0    0  8.7 31 170   M    M   0        42 180
 4  95  69  82   5   0  17 0.00  0.0    0  8.8 21  20   M    M   0        25  20
 5  95  71  83   5   0  18 0.00  0.0    0  9.1 24  20   M    M   0        33  30
 6 100  63  82   4   0  17 0.00  0.0    0  8.1 24 160   M    M   1        35 150
 7  98  66  82   4   0  17    T  0.0    0 11.8 32 160   M    M   1        41 150
 8  97  65  81   3   0  16    T  0.0    0 11.2 33  30   M    M   0        40  30
 9  94  71  83   5   0  18 0.00  0.0    0 10.0 30 340   M    M   0        39 340
10  93  64  79   1   0  14    T  0.0    0  6.7 23 300   M    M   1        28 300
11  93  64  79   1   0  14 0.02  0.0    0  9.2 26 130   M    M   4 3      32 130
12  96  65  81   3   0  16 0.00  0.0    0  8.1 26  40   M    M   1 3      32  50
13  98  69  84   6   0  19    T  0.0    0  8.5 18  20   M    M   1 3      26  50
14  96  66  81   2   0  16 0.00  0.0    0  5.8 20  40   M    M   1        23  40
15  94  65  80   1   0  15 0.00  0.0    0  7.9 31 330   M    M   2        36 320
16  93  65  79   0   0  14 0.03  0.0    0  7.4 33 270   M    M   1 3      43 270
17  91  60  76  -3   0  11 0.00  0.0    0  5.8 15 270   M    M   0        22 270
18  96  61  79   0   0  14 0.00  0.0    0  8.1 17 280   M    M   0        24 280
19  97  64  81   2   0  16 0.00  0.0    0  5.5 14 260   M    M   0        19 290
20  95  66  81   2   0  16    T  0.0    0 11.5 25 280   M    M   0        31 290
21  96  63  80   1   0  15 0.00  0.0    0  8.7 18 330   M    M   0        22 310
22  99  61  80   1   0  15 0.00  0.0    0  8.5 16 140   M    M   0        19 270
23 100  68  84   5   0  19 0.00  0.0    0  9.6 21 150   M    M   0        26 150
================================================================================
SM 2196 1493         0 357  0.05     0.0 193.5          M       13
================================================================================
AV 95.5 64.9                               8.4 FASTST   M    M   1    MAX(MPH)
                                 MISC ---->  # 33  30               # 43  270
================================================================================
NOTES:
# LAST OF SEVERAL OCCURRENCES

COLUMN 17 PEAK WIND IN M.P.H.

PRELIMINARY LOCAL CLIMATOLOGICAL DATA (WS FORM: F-6) , PAGE 2

                                          STATION:  GRAND JUNCTION CO
                                          MONTH:    JULY
                                          YEAR:     2014
                                          LATITUDE:   39  7 N
                                          LONGITUDE: 108 32 W

[TEMPERATURE DATA]      [PRECIPITATION DATA]       SYMBOLS USED IN COLUMN 16

AVERAGE MONTHLY: 80.2   TOTAL FOR MONTH:   0.05    1 = FOG OR MIST
DPTR FM NORMAL:   1.9   DPTR FM NORMAL:   -0.36    2 = FOG REDUCING VISIBILITY
HIGHEST:   100 ON 23, 6 GRTST 24HR  0.03 ON 16-16      TO 1/4 MILE OR LESS
LOWEST:     57 ON  2                               3 = THUNDER
                        SNOW, ICE PELLETS, HAIL    4 = ICE PELLETS
                        TOTAL MONTH:   0.0 INCH    5 = HAIL
                        GRTST 24HR     0.0         6 = FREEZING RAIN OR DRIZZLE
                        GRTST DEPTH:   0           7 = DUSTSTORM OR SANDSTORM:
                                                       VSBY 1/2 MILE OR LESS
                                                   8 = SMOKE OR HAZE
[NO. OF DAYS WITH]      [WEATHER - DAYS WITH]      9 = BLOWING SNOW
                                                   X = TORNADO
MAX 32 OR BELOW:   0    0.01 INCH OR MORE:   2
MAX 90 OR ABOVE:  23    0.10 INCH OR MORE:   0
MIN 32 OR BELOW:   0    0.50 INCH OR MORE:   0
MIN  0 OR BELOW:   0    1.00 INCH OR MORE:   0

[HDD (BASE 65) ]
TOTAL THIS MO.     0    CLEAR  (SCALE 0-3)  22
DPTR FM NORMAL     0    PTCLDY (SCALE 4-7)   1
TOTAL FM JUL 1     0    CLOUDY (SCALE 8-10)  0
DPTR FM NORMAL     0

[CDD (BASE 65) ]
TOTAL THIS MO.   357
DPTR FM NORMAL    51    [PRESSURE DATA]
TOTAL FM JAN 1   614    HIGHEST SLP M ON M
DPTR FM NORMAL    26    LOWEST  SLP 29.71 ON 16

[REMARKS]




U.S. Dept. of Commerce
NOAA National Weather Service
1325 East West Highway
Silver Spring, MD 20910
E-mail: w-nws.webmaster@noaa.gov
Page last modified: May 16, 2007
NATIONAL WEATHER SERVICE: for Safety, for Work, for Fun - FOR LIFE