718
CXUS55 KGGW 290800
CF6GGW
PRELIMINARY LOCAL CLIMATOLOGICAL DATA (WS FORM: F-6)

                                          STATION:   GLASGOW MT
                                          MONTH:     JULY
                                          YEAR:      2014
                                          LATITUDE:   48 13 N
                                          LONGITUDE: 106 37 W

  TEMPERATURE IN F:       :PCPN:    SNOW:  WIND      :SUNSHINE: SKY     :PK WND
================================================================================
1   2   3   4   5  6A  6B    7    8   9   10  11  12  13   14  15   16   17  18
                                     12Z  AVG MX 2MIN
DY MAX MIN AVG DEP HDD CDD  WTR  SNW DPTH SPD SPD DIR MIN PSBL S-S WX    SPD DR
================================================================================

 1  80  51  66  -2   0   1 0.00  0.0    0  8.8 17 310   M    M   4        22 310
 2  82  52  67  -1   0   2 0.00  0.0    0 11.5 20 100   M    M   0        25 110
 3  86  56  71   2   0   6 0.00  0.0    0 16.8 24 150   M    M   0        31 130
 4  92  60  76   7   0  11 0.00  0.0    0  9.1 18 300   M    M   0        23 290
 5  92  59  76   7   0  11 0.00  0.0    0 10.9 26 290   M    M   0        32 280
 6  92  57  75   6   0  10 0.00  0.0    0 10.4 26 350   M    M   0        33 300
 7  80  57  69  -1   0   4 0.22  0.0    0 14.0 33 340   M    M   4 1      47 320
 8  83  52  68  -2   0   3 0.00  0.0    0  7.2 14 260   M    M   0 8      20 270
 9  90  57  74   4   0   9 0.00  0.0    0 11.9 21 130   M    M   0 18     25 120
10  91  67  79   9   0  14 0.01  0.0    0 13.9 23 340   M    M   1 3      31 310
11  81  59  70   0   0   5 0.31  0.0    0  9.0 22 310   M    M   2 13     27 300
12  86  58  72   1   0   7 0.00  0.0    0  4.3  8  70   M    M   5         M  M
13  85  53  69  -2   0   4 0.00  0.0    0  9.8 25 340   M    M   0 8      35 350
14  78  45  62  -9   3   0 0.00  0.0    0  8.1 17 120   M    M   0        23 120
15  78  50  64  -7   1   0 0.00  0.0    0 11.2 18 110   M    M   0        25 110
16  87  53  70  -1   0   5 0.00  0.0    0  8.3 16 120   M    M   0        18 120
17  92  58  75   3   0  10 0.00  0.0    0  7.8 14 110   M    M   0        17 160
18  81  59  70  -2   0   5 0.00  0.0    0 15.3 30 310   M    M   0 8      40 310
19  94  55  75   3   0  10 0.00  0.0    0 11.8 23 270   M    M   0 8      29 290
20  94  63  79   7   0  14 0.00  0.0    0  9.7 23 320   M    M   1        30 320
21  83  59  71  -1   0   6    T  0.0    0  7.0 25 310   M    M   3        32 320
22  86  55  71  -1   0   6 0.00  0.0    0  6.9 15  50   M    M   2        17  70
23  93  59  76   4   0  11 0.00  0.0    0 16.2 26 130   M    M   0        34 140
24  93  56  75   2   0  10 0.04  0.0    0 15.4 49 320   M    M   1 3      60 310
25  85  51  68  -5   0   3 0.00  0.0    0 15.9 31 240   M    M   0        40 230
26  79  55  67  -6   0   2 0.00  0.0    0 15.8 29 320   M    M   3        36 330
27  85  50  68  -5   0   3 0.00  0.0    0  7.3 16 320   M    M   1        20 310
28  90  54  72  -1   0   7 0.00  0.0    0  8.5 15 160   M    M   0        19  80
================================================================================
SM 2418 1560         4 179  0.58     0.0 302.8          M       27
================================================================================
AV 86.4 55.7                              10.8 FASTST   M    M   1    MAX(MPH)
                                 MISC ---->  # 49 320               # 60  310
================================================================================
NOTES:
# LAST OF SEVERAL OCCURRENCES

COLUMN 17 PEAK WIND IN M.P.H.

PRELIMINARY LOCAL CLIMATOLOGICAL DATA (WS FORM: F-6) , PAGE 2

                                          STATION:  GLASGOW MT
                                          MONTH:    JULY
                                          YEAR:     2014
                                          LATITUDE:   48 13 N
                                          LONGITUDE: 106 37 W

[TEMPERATURE DATA]      [PRECIPITATION DATA]       SYMBOLS USED IN COLUMN 16

AVERAGE MONTHLY: 71.0   TOTAL FOR MONTH:   0.58    1 = FOG OR MIST
DPTR FM NORMAL:   0.1   DPTR FM NORMAL:   -1.06    2 = FOG REDUCING VISIBILITY
HIGHEST:    94 ON 20,19 GRTST 24HR  0.31 ON 11-11      TO 1/4 MILE OR LESS
LOWEST:     45 ON 14                               3 = THUNDER
                        SNOW, ICE PELLETS, HAIL    4 = ICE PELLETS
                        TOTAL MONTH:   0.0 INCH    5 = HAIL
                        GRTST 24HR     0.0         6 = FREEZING RAIN OR DRIZZLE
                        GRTST DEPTH:   0           7 = DUSTSTORM OR SANDSTORM:
                                                       VSBY 1/2 MILE OR LESS
                                                   8 = SMOKE OR HAZE
[NO. OF DAYS WITH]      [WEATHER - DAYS WITH]      9 = BLOWING SNOW
                                                   X = TORNADO
MAX 32 OR BELOW:   0    0.01 INCH OR MORE:   4
MAX 90 OR ABOVE:  11    0.10 INCH OR MORE:   2
MIN 32 OR BELOW:   0    0.50 INCH OR MORE:   0
MIN  0 OR BELOW:   0    1.00 INCH OR MORE:   0

[HDD (BASE 65) ]
TOTAL THIS MO.     4    CLEAR  (SCALE 0-3)  23
DPTR FM NORMAL   -11    PTCLDY (SCALE 4-7)   5
TOTAL FM JUL 1     4    CLOUDY (SCALE 8-10)  0
DPTR FM NORMAL   -11

[CDD (BASE 65) ]
TOTAL THIS MO.   179
DPTR FM NORMAL    -4    [PRESSURE DATA]
TOTAL FM JAN 1   233    HIGHEST SLP M ON M
DPTR FM NORMAL   -42    LOWEST  SLP 29.53 ON 18

[REMARKS]




U.S. Dept. of Commerce
NOAA National Weather Service
1325 East West Highway
Silver Spring, MD 20910
E-mail: w-nws.webmaster@noaa.gov
Page last modified: May 16, 2007
NATIONAL WEATHER SERVICE: for Safety, for Work, for Fun - FOR LIFE