410
CXUS55 KGGW 010800
CF6GGW
PRELIMINARY LOCAL CLIMATOLOGICAL DATA (WS FORM: F-6)

                                          STATION:   GLASGOW MT
                                          MONTH:     AUGUST
                                          YEAR:      2014
                                          LATITUDE:   48 13 N
                                          LONGITUDE: 106 37 W

  TEMPERATURE IN F:       :PCPN:    SNOW:  WIND      :SUNSHINE: SKY     :PK WND
================================================================================
1   2   3   4   5  6A  6B    7    8   9   10  11  12  13   14  15   16   17  18
                                     12Z  AVG MX 2MIN
DY MAX MIN AVG DEP HDD CDD  WTR  SNW DPTH SPD SPD DIR MIN PSBL S-S WX    SPD DR
================================================================================

 1  92  62  77   4   0  12 0.08  0.0    0  7.4 22  20   M    M   1 3      30 330
 2  88  54  71  -2   0   6 0.03  0.0    0  7.8 15  90   M    M   0        22  90
 3  87  64  76   3   0  11 0.17  0.0    0 10.8 22 100   M    M   4 13     28 110
 4  86  63  75   2   0  10 0.01  0.0    0  9.6 17  90   M    M   1        21  90
 5  80  62  71  -2   0   6    T  0.0    0  8.9 15  90   M    M   2        19  90
 6  87  61  74   1   0   9 0.00  0.0    0  7.4 13 110   M    M   3 1      17 110
 7  98  61  80   8   0  15 0.00  0.0    0 11.4 18 180   M    M   0        22 180
 8  97  61  79   7   0  14 0.00  0.0    0  7.3 15 130   M    M   0 3      18 170
 9  81  58  70  -2   0   5 0.01  0.0    0 13.3 26  20   M    M   2 3      32  20
10  85  52  69  -3   0   4 0.00  0.0    0  7.7 15  90   M    M   0        19 140
11  92  59  76   4   0  11 0.00  0.0    0  9.9 17 110   M    M   3        24 150
12  96  58  77   5   0  12 0.00  0.0    0  7.3 16  60   M    M   0        21  60
13  86  60  73   1   0   8    T  0.0    0  9.2 20  70   M    M   1        24  80
14  96  60  78   7   0  13 0.43  0.0    0  8.1 29 110   M    M   2 13     38 120
15  88  63  76   5   0  11 0.45  0.0    0  9.2 28 270   M    M   1 13     33 270
16  84  62  73   2   0   8 0.01  0.0    0  7.9 18 260   M    M   3        21 250
17  83  59  71   1   0   6 0.01  0.0    0 10.4 26 280   M    M   4        33 280
18  84  58  71   1   0   6 0.00  0.0    0  6.9 14 300   M    M   0        19 310
19  94  61  78   8   0  13 0.00  0.0    0  8.2 17 250   M    M   1        23 150
20  80  62  71   1   0   6    T  0.0    0  8.8 21 310   M    M   1        27 300
21  75  60  68  -1   0   3 0.40  0.0    0  7.9 18 310   M    M   9 13     24 310
22  68  58  63  -6   2   0 0.15  0.0    0 15.2 23  90   M    M  10 1      28  60
23  61  51  56 -13   9   0 2.41  0.0    0 24.8 33  40   M    M  10 1      42  40
24  52  47  50 -18  15   0 2.30  0.0    0 17.8 32 330   M    M  10 1      39 330
25  62  45  54 -14  11   0 0.01  0.0    0  8.6 20 340   M    M   6 1      23 330
26  75  43  59  -9   6   0 0.00  0.0    0  9.3 17 140   M    M   0        19 140
27  86  52  69   2   0   4 0.00  0.0    0  8.9 17 120   M    M   0        20 220
28  89  56  73   6   0   8 0.04  0.0    0 10.5 43 340   M    M   1 13     55 340
29  72  55  64  -2   1   0 0.06  0.0    0  8.2 22  20   M    M   4 1      29  10
30  68  55  62  -4   3   0 0.14  0.0    0  9.0 25 110   M    M   4 13     31 120
31  75  50  63  -2   2   0 0.01  0.0    0  8.4 25 280   M    M   1 1      32 270
================================================================================
SM 2547 1772        49 201  6.72     0.0 306.1          M       84
================================================================================
AV 82.2 57.2                               9.9 FASTST   M    M   3    MAX(MPH)
                                 MISC ---->  # 43 340               # 55  340
================================================================================
NOTES:
# LAST OF SEVERAL OCCURRENCES

COLUMN 17 PEAK WIND IN M.P.H.

PRELIMINARY LOCAL CLIMATOLOGICAL DATA (WS FORM: F-6) , PAGE 2

                                          STATION:  GLASGOW MT
                                          MONTH:    AUGUST
                                          YEAR:     2014
                                          LATITUDE:   48 13 N
                                          LONGITUDE: 106 37 W

[TEMPERATURE DATA]      [PRECIPITATION DATA]       SYMBOLS USED IN COLUMN 16

AVERAGE MONTHLY: 69.7   TOTAL FOR MONTH:   6.72    1 = FOG OR MIST
DPTR FM NORMAL:  -0.5   DPTR FM NORMAL:    5.48    2 = FOG REDUCING VISIBILITY
HIGHEST:    98 ON  7    GRTST 24HR  3.36 ON 23-24      TO 1/4 MILE OR LESS
LOWEST:     43 ON 26                               3 = THUNDER
                        SNOW, ICE PELLETS, HAIL    4 = ICE PELLETS
                        TOTAL MONTH:   0.0 INCH    5 = HAIL
                        GRTST 24HR     0.0         6 = FREEZING RAIN OR DRIZZLE
                        GRTST DEPTH:   0           7 = DUSTSTORM OR SANDSTORM:
                                                       VSBY 1/2 MILE OR LESS
                                                   8 = SMOKE OR HAZE
[NO. OF DAYS WITH]      [WEATHER - DAYS WITH]      9 = BLOWING SNOW
                                                   X = TORNADO
MAX 32 OR BELOW:   0    0.01 INCH OR MORE:  18
MAX 90 OR ABOVE:   7    0.10 INCH OR MORE:   8
MIN 32 OR BELOW:   0    0.50 INCH OR MORE:   2
MIN  0 OR BELOW:   0    1.00 INCH OR MORE:   2

[HDD (BASE 65) ]
TOTAL THIS MO.    49    CLEAR  (SCALE 0-3)  22
DPTR FM NORMAL    14    PTCLDY (SCALE 4-7)   5
TOTAL FM JUL 1    53    CLOUDY (SCALE 8-10)  4
DPTR FM NORMAL     0

[CDD (BASE 65) ]
TOTAL THIS MO.   201
DPTR FM NORMAL     5    [PRESSURE DATA]
TOTAL FM JAN 1   472    HIGHEST SLP M ON M
DPTR FM NORMAL   -23    LOWEST  SLP 29.52 ON 20

[REMARKS]
#FINAL-08-14#




U.S. Dept. of Commerce
NOAA National Weather Service
1325 East West Highway
Silver Spring, MD 20910
E-mail: w-nws.webmaster@noaa.gov
Page last modified: May 16, 2007
NATIONAL WEATHER SERVICE: for Safety, for Work, for Fun - FOR LIFE