276
CXUS55 KGGW 210800
CF6GGW
PRELIMINARY LOCAL CLIMATOLOGICAL DATA (WS FORM: F-6)

                                          STATION:   GLASGOW MT
                                          MONTH:     SEPTEMBER
                                          YEAR:      2014
                                          LATITUDE:   48 13 N
                                          LONGITUDE: 106 37 W

  TEMPERATURE IN F:       :PCPN:    SNOW:  WIND      :SUNSHINE: SKY     :PK WND
================================================================================
1   2   3   4   5  6A  6B    7    8   9   10  11  12  13   14  15   16   17  18
                                     12Z  AVG MX 2MIN
DY MAX MIN AVG DEP HDD CDD  WTR  SNW DPTH SPD SPD DIR MIN PSBL S-S WX    SPD DR
================================================================================

 1  74  46  60  -5   5   0    T  0.0    0  6.9 24 230   M    M   2        31 240
 2  75  50  63  -1   2   0 0.00  0.0    0  8.4 14 260   M    M   1        19 270
 3  80  49  65   1   0   0    T  0.0    0 15.0 33 310   M    M   2 3      42 320
 4  68  47  58  -6   7   0    T  0.0    0 11.2 22 330   M    M   5        30 340
 5  75  44  60  -3   5   0 0.00  0.0    0  5.7 16 260   M    M   1        22 260
 6  77  45  61  -2   4   0 0.00  0.0    0  8.0 14 280   M    M   0        17 280
 7  84  48  66   4   0   1 0.00  0.0    0  9.4 17 110   M    M   0        21 250
 8  71  47  59  -3   6   0 0.00  0.0    0 10.5 22  70   M    M   0        29  60
 9  53  40  47 -14  18   0 0.17  0.0    0 14.7 25  80   M    M  10 1      31  80
10  40  38  39 -22  26   0 0.22  0.0    0 11.5 24  80   M    M  10 1      30  80
11  48  33  41 -19  24   0 0.01  0.0    0  3.5 10 310   M    M   8        13 260
12  60  31  46 -14  19   0 0.00  0.0    0 10.8 22 200   M    M   0        28 190
13  58  36  47 -12  18   0 0.00  0.0    0 12.6 22 300   M    M   5        27 280
14  59  35  47 -12  18   0 0.00  0.0    0  8.5 15 110   M    M   4        16 110
15  69  35  52  -6  13   0 0.00  0.0    0  8.3 15 170   M    M   0        20 180
16  77  44  61   3   4   0 0.00  0.0    0  8.7 13 100   M    M   0        17 190
17  82  49  66   9   0   1 0.00  0.0    0 13.2 20 120   M    M   0        24 120
18  82  52  67  10   0   2 0.00  0.0    0  7.8 17 100   M    M   1 8      21 110
19  78  53  66  10   0   1    T  0.0    0  8.9 21 330   M    M   1        26 300
20  74  49  62   6   3   0 0.00  0.0    0 11.8 26 310   M    M   0        32 310
================================================================================
SM 1384  871       172   5  0.40     0.0 195.4          M       50
================================================================================
AV 69.2 43.5                               9.8 FASTST   M    M   3    MAX(MPH)
                                 MISC ---->  # 33 310               # 42  320
================================================================================
NOTES:
# LAST OF SEVERAL OCCURRENCES

COLUMN 17 PEAK WIND IN M.P.H.

PRELIMINARY LOCAL CLIMATOLOGICAL DATA (WS FORM: F-6) , PAGE 2

                                          STATION:  GLASGOW MT
                                          MONTH:    SEPTEMBER
                                          YEAR:     2014
                                          LATITUDE:   48 13 N
                                          LONGITUDE: 106 37 W

[TEMPERATURE DATA]      [PRECIPITATION DATA]       SYMBOLS USED IN COLUMN 16

AVERAGE MONTHLY: 56.4   TOTAL FOR MONTH:   0.40    1 = FOG OR MIST
DPTR FM NORMAL:  -4.1   DPTR FM NORMAL:   -0.22    2 = FOG REDUCING VISIBILITY
HIGHEST:    84 ON  7    GRTST 24HR  0.23 ON  9-10      TO 1/4 MILE OR LESS
LOWEST:     31 ON 12                               3 = THUNDER
                        SNOW, ICE PELLETS, HAIL    4 = ICE PELLETS
                        TOTAL MONTH:   0.0 INCH    5 = HAIL
                        GRTST 24HR     0.0         6 = FREEZING RAIN OR DRIZZLE
                        GRTST DEPTH:   0           7 = DUSTSTORM OR SANDSTORM:
                                                       VSBY 1/2 MILE OR LESS
                                                   8 = SMOKE OR HAZE
[NO. OF DAYS WITH]      [WEATHER - DAYS WITH]      9 = BLOWING SNOW
                                                   X = TORNADO
MAX 32 OR BELOW:   0    0.01 INCH OR MORE:   3
MAX 90 OR ABOVE:   0    0.10 INCH OR MORE:   2
MIN 32 OR BELOW:   1    0.50 INCH OR MORE:   0
MIN  0 OR BELOW:   0    1.00 INCH OR MORE:   0

[HDD (BASE 65) ]
TOTAL THIS MO.   172    CLEAR  (SCALE 0-3)  14
DPTR FM NORMAL    47    PTCLDY (SCALE 4-7)   4
TOTAL FM JUL 1   225    CLOUDY (SCALE 8-10)  2
DPTR FM NORMAL    47

[CDD (BASE 65) ]
TOTAL THIS MO.     5
DPTR FM NORMAL   -30    [PRESSURE DATA]
TOTAL FM JAN 1   477    HIGHEST SLP M ON M
DPTR FM NORMAL   -53    LOWEST  SLP 29.54 ON  3

[REMARKS]




U.S. Dept. of Commerce
NOAA National Weather Service
1325 East West Highway
Silver Spring, MD 20910
E-mail: w-nws.webmaster@noaa.gov
Page last modified: May 16, 2007
NATIONAL WEATHER SERVICE: for Safety, for Work, for Fun - FOR LIFE