819
CXUS54 KSHV 221300
CF6GGG
PRELIMINARY LOCAL CLIMATOLOGICAL DATA (WS FORM: F-6)

                                          STATION:   LONGVIEW
                                          MONTH:     APRIL
                                          YEAR:      2014
                                          LATITUDE:   32 22 N
                                          LONGITUDE:  94 43 W

  TEMPERATURE IN F:       :PCPN:    SNOW:  WIND      :SUNSHINE: SKY     :PK WND
================================================================================
1   2   3   4   5  6A  6B    7    8   9   10  11  12  13   14  15   16   17  18
                                     12Z  AVG MX 2MIN
DY MAX MIN AVG DEP HDD CDD  WTR  SNW DPTH SPD SPD DIR MIN PSBL S-S WX    SPD DR
================================================================================

 1  78  63  71  10   0   6 0.00  0.0    0  8.1 17 180   M    M   8        23 180
 2  79  68  74  13   0   9    T  0.0    0 11.7 20 160   M    M   9 1      26 150
 3  82  68  75  13   0  10 0.01  0.0    0 15.7 30 190   M    M   8 3      37 170
 4  68  49  59  -3   6   0 0.26  0.0    0  9.5 25 320   M    M   0 13     33 330
 5  57  48  53  -9  12   0 0.13  0.0    0  8.1 18 290   M    M   1 13     24 290
 6  52  48  50 -12  15   0 1.70  0.0    0  7.8 24  90   M    M   9 13     35  80
 7  60  47  54  -8  11   0 0.00  0.0    0  6.8 14 310   M    M   8        23 330
 8  69  45  57  -6   8   0 0.01  0.0    0 11.2 33 330   M    M   3        39 330
 9  77  38  58  -5   7   0 0.00  0.0    0  4.7 13 170   M    M   0        20 180
10  82  55  69   6   0   4 0.00  0.0    0 14.4 24 180   M    M   0        31 190
11  81  59  70   6   0   5 0.00  0.0    0 11.3 24 200   M    M   3        30 210
12  81  64  73   9   0   8 0.00  0.0    0 13.2 23 160   M    M   5        31 170
13  76  65  71   7   0   6    T  0.0    0 14.0 29 170   M    M   7 1      36 170
14  73  39  56  -8   9   0 0.09  0.0    0 12.6 25 320   M    M   7 13     32 310
15  62  33  48 -17  17   0 0.00  0.0    0  4.4 16 330   M    M   0        22 330
16  65  39  52 -13  13   0 0.00  0.0    0  7.7 18 160   M    M   0 8      23 140
17  69  42  56  -9   9   0 0.00  0.0    0  3.8 13  90   M    M   4 1      15 120
18  76  54  65   0   0   0    T  0.0    0  3.4 13  60   M    M   5 8      18  10
19  79  50  65  -1   0   0 0.00  0.0    0  2.3 12 110   M    M   2 18     15 120
20  80  57  69   3   0   4 0.00  0.0    0  4.4 15 190   M    M   6 1      18 150
21  76  59  68   2   0   3 0.09  0.0    0  7.2 17 220   M    M   6 13     20 230
================================================================================
SM 1522 1090       107  55  2.29     0.0 182.3          M       91
================================================================================
AV 72.5 51.9                               8.7 FASTST   M    M   4    MAX(MPH)
                                 MISC ---->  # 33 330               # 39  330
================================================================================
NOTES:
# LAST OF SEVERAL OCCURRENCES

COLUMN 17 PEAK WIND IN M.P.H.

PRELIMINARY LOCAL CLIMATOLOGICAL DATA (WS FORM: F-6) , PAGE 2

                                          STATION:  LONGVIEW
                                          MONTH:    APRIL
                                          YEAR:     2014
                                          LATITUDE:   32 22 N
                                          LONGITUDE:  94 43 W

[TEMPERATURE DATA]      [PRECIPITATION DATA]       SYMBOLS USED IN COLUMN 16

AVERAGE MONTHLY: 62.2   TOTAL FOR MONTH:   2.29    1 = FOG OR MIST
DPTR FM NORMAL:  -1.4   DPTR FM NORMAL:    0.08    2 = FOG REDUCING VISIBILITY
HIGHEST:    82 ON 10, 3 GRTST 24HR  1.82 ON  5- 6      TO 1/4 MILE OR LESS
LOWEST:     33 ON 15                               3 = THUNDER
                        SNOW, ICE PELLETS, HAIL    4 = ICE PELLETS
                        TOTAL MONTH:   0.0 INCH    5 = HAIL
                        GRTST 24HR     0.0         6 = FREEZING RAIN OR DRIZZLE
                        GRTST DEPTH:   0           7 = DUSTSTORM OR SANDSTORM:
                                                       VSBY 1/2 MILE OR LESS
                                                   8 = SMOKE OR HAZE
[NO. OF DAYS WITH]      [WEATHER - DAYS WITH]      9 = BLOWING SNOW
                                                   X = TORNADO
MAX 32 OR BELOW:   0    0.01 INCH OR MORE:   7
MAX 90 OR ABOVE:   0    0.10 INCH OR MORE:   3
MIN 32 OR BELOW:   0    0.50 INCH OR MORE:   1
MIN  0 OR BELOW:   0    1.00 INCH OR MORE:   1

[HDD (BASE 65) ]
TOTAL THIS MO.   107    CLEAR  (SCALE 0-3)   9
DPTR FM NORMAL    29    PTCLDY (SCALE 4-7)   9
TOTAL FM JUL 1  2579    CLOUDY (SCALE 8-10)  3
DPTR FM NORMAL   342

[CDD (BASE 65) ]
TOTAL THIS MO.    55
DPTR FM NORMAL     4    [PRESSURE DATA]
TOTAL FM JAN 1    70    HIGHEST SLP M ON M
DPTR FM NORMAL   -20    LOWEST  SLP 29.67 ON 13

[REMARKS]




U.S. Dept. of Commerce
NOAA National Weather Service
1325 East West Highway
Silver Spring, MD 20910
E-mail: w-nws.webmaster@noaa.gov
Page last modified: May 16, 2007
NATIONAL WEATHER SERVICE: for Safety, for Work, for Fun - FOR LIFE