793
CXUS54 KSHV 011300
CF6GGG
PRELIMINARY LOCAL CLIMATOLOGICAL DATA (WS FORM: F-6)

                                          STATION:   LONGVIEW
                                          MONTH:     NOVEMBER
                                          YEAR:      2014
                                          LATITUDE:   32 22 N
                                          LONGITUDE:  94 43 W

  TEMPERATURE IN F:       :PCPN:    SNOW:  WIND      :SUNSHINE: SKY     :PK WND
================================================================================
1   2   3   4   5  6A  6B    7    8   9   10  11  12  13   14  15   16   17  18
                                     12Z  AVG MX 2MIN
DY MAX MIN AVG DEP HDD CDD  WTR  SNW DPTH SPD SPD DIR MIN PSBL S-S WX    SPD DR
================================================================================

 1  59  36  48 -13  17   0 0.00  0.0    0  5.5 14  70   M    M   0        19  80
 2  65  38  52  -9  13   0 0.00  0.0    0  7.1 16 150   M    M   0        20 160
 3  77  42  60  -1   5   0 0.00  0.0    0 10.3 18 160   M    M   1        23 160
 4  77  59  68   8   0   3 0.15  0.0    0  9.2 21 320   M    M   8 1      27 350
 5  60  58  59  -1   6   0 1.52  0.0    0  4.9 13 340   M    M   9 1      16 340
 6  71  52  62   2   3   0 0.00  0.0    0  5.9 10 360   M    M   4        16 360
 7  63  40  52  -7  13   0 0.00  0.0    0  3.1 10  90   M    M   0        14 130
 8  65  41  53  -6  12   0 0.00  0.0    0  5.6 15 320   M    M   1        18 350
 9  69  38  54  -5  11   0 0.00  0.0    0  4.7 10 200   M    M   0        15 220
10  77  45  61   3   4   0 0.00  0.0    0 13.1 28 200   M    M   0        33 220
11  66  39  53  -5  12   0    T  0.0    0 11.7 24 290   M    M   4        28 320
12  51  34  43 -15  22   0 0.00  0.0    0 10.0 18  50   M    M   1        24  50
13  41  27  34 -23  31   0 0.00  0.0    0  9.1 21 340   M    M   5        25 340
14  43  25  34 -23  31   0 0.00  0.0    0  3.9 13 100   M    M   7        17  80
15  44  37  41 -15  24   0 0.21  0.0    0  7.0 13 140   M    M  10 1      17 160
16  43  35  39 -17  26   0 0.24  0.0    0  9.2 22 340   M    M   9 1      29 330
17  46  27  37 -19  28   0 0.00  0.0    0 11.3 24 330   M    M   2        33 320
18  52  24  38 -17  27   0 0.00  0.0    0  4.6 12 220   M    M   0        16 240
19  66  33  50  -5  15   0 0.00  0.0    0 11.5 25 210   M    M   1        30 220
20  67  42  55   0  10   0 0.04  0.0    0  5.9 15 200   M    M   5 1      19 190
21  62  56  59   5   6   0 0.44  0.0    0 10.6 18 150   M    M  10 1      24 160
22  71  56  64  10   1   0 1.22  0.0    0  9.0 17 150   M    M   7 13     22 140
23  74  54  64  10   1   0 0.43  0.0    0 11.5 24 290   M    M   5 1      30 290
24  63  37  50  -3  15   0 0.00  0.0    0  8.6 25 310   M    M   1        33 300
25  63  33  48  -5  17   0 0.00  0.0    0  4.8 12 200   M    M   0        21  30
26  68  42  55   3  10   0 0.00  0.0    0  9.1 18 240   M    M   0        23 230
27  60  37  49  -3  16   0 0.00  0.0    0  4.6 14 350   M    M   0        20 350
28  68  35  52   0  13   0 0.00  0.0    0  9.3 18 200   M    M   0        24 200
29  77  57  67  15   0   2 0.00  0.0    0 15.4 28 200   M    M   3        35 190
30  79  64  72  21   0   7 0.00  0.0    0 14.4 26 200   M    M   5        34 210
================================================================================
SM 1887 1243       389  12  4.25     0.0 250.9          M       98
================================================================================
AV 62.9 41.4                               8.4 FASTST   M    M   3    MAX(MPH)
                                 MISC ---->  # 28 200               # 35  190
================================================================================
NOTES:
# LAST OF SEVERAL OCCURRENCES

COLUMN 17 PEAK WIND IN M.P.H.

PRELIMINARY LOCAL CLIMATOLOGICAL DATA (WS FORM: F-6) , PAGE 2

                                          STATION:  LONGVIEW
                                          MONTH:    NOVEMBER
                                          YEAR:     2014
                                          LATITUDE:   32 22 N
                                          LONGITUDE:  94 43 W

[TEMPERATURE DATA]      [PRECIPITATION DATA]       SYMBOLS USED IN COLUMN 16

AVERAGE MONTHLY: 52.2   TOTAL FOR MONTH:   4.25    1 = FOG OR MIST
DPTR FM NORMAL:  -4.1   DPTR FM NORMAL:   -0.24    2 = FOG REDUCING VISIBILITY
HIGHEST:    79 ON 30    GRTST 24HR  1.65 ON 22-23      TO 1/4 MILE OR LESS
LOWEST:     24 ON 18                               3 = THUNDER
                        SNOW, ICE PELLETS, HAIL    4 = ICE PELLETS
                        TOTAL MONTH:   0.0 INCH    5 = HAIL
                        GRTST 24HR     0.0         6 = FREEZING RAIN OR DRIZZLE
                        GRTST DEPTH:   0           7 = DUSTSTORM OR SANDSTORM:
                                                       VSBY 1/2 MILE OR LESS
                                                   8 = SMOKE OR HAZE
[NO. OF DAYS WITH]      [WEATHER - DAYS WITH]      9 = BLOWING SNOW
                                                   X = TORNADO
MAX 32 OR BELOW:   0    0.01 INCH OR MORE:   8
MAX 90 OR ABOVE:   0    0.10 INCH OR MORE:   7
MIN 32 OR BELOW:   4    0.50 INCH OR MORE:   2
MIN  0 OR BELOW:   0    1.00 INCH OR MORE:   2

[HDD (BASE 65) ]
TOTAL THIS MO.   389    CLEAR  (SCALE 0-3)  16
DPTR FM NORMAL   106    PTCLDY (SCALE 4-7)  10
TOTAL FM JUL 1   410    CLOUDY (SCALE 8-10)  4
DPTR FM NORMAL    38

[CDD (BASE 65) ]
TOTAL THIS MO.    12
DPTR FM NORMAL   -10    [PRESSURE DATA]
TOTAL FM JAN 1  2456    HIGHEST SLP 30.55 ON 18
DPTR FM NORMAL    39    LOWEST  SLP 29.39 ON 23

[REMARKS]
#FINAL-11-14#




U.S. Dept. of Commerce
NOAA National Weather Service
1325 East West Highway
Silver Spring, MD 20910
E-mail: w-nws.webmaster@noaa.gov
Page last modified: May 16, 2007
NATIONAL WEATHER SERVICE: for Safety, for Work, for Fun - FOR LIFE