325
CXUS54 KSHV 301300
CF6GGG
PRELIMINARY LOCAL CLIMATOLOGICAL DATA (WS FORM: F-6)

                                          STATION:   LONGVIEW
                                          MONTH:     SEPTEMBER
                                          YEAR:      2014
                                          LATITUDE:   32 22 N
                                          LONGITUDE:  94 43 W

  TEMPERATURE IN F:       :PCPN:    SNOW:  WIND      :SUNSHINE: SKY     :PK WND
================================================================================
1   2   3   4   5  6A  6B    7    8   9   10  11  12  13   14  15   16   17  18
                                     12Z  AVG MX 2MIN
DY MAX MIN AVG DEP HDD CDD  WTR  SNW DPTH SPD SPD DIR MIN PSBL S-S WX    SPD DR
================================================================================

 1  97  76  87   6   0  22 0.00  0.0    0 10.5 21 180   M    M   4        24 180
 2  94  75  85   5   0  20 0.16  0.0    0  7.7 28 180   M    M   3        34 180
 3  94  73  84   4   0  19 0.00  0.0    0  6.5 14 190   M    M   3        18 180
 4  96  73  85   5   0  20 0.00  0.0    0  6.4 16 190   M    M   2 1      21 180
 5  95  74  85   5   0  20 0.00  0.0    0  3.5 12 160   M    M   1 3      15 180
 6  97  73  85   6   0  20 0.03  0.0    0  5.0 15 300   M    M   3 3      23  50
 7  89  74  82   3   0  17 0.00  0.0    0  3.7 10  60   M    M   6 18     13 340
 8  94  72  83   4   0  18 0.00  0.0    0  3.2 10 160   M    M   3 18     12 150
 9  96  72  84   6   0  19 0.00  0.0    0  6.5 15 200   M    M   1 1      19 190
10  96  76  86   8   0  21 0.00  0.0    0 12.5 22 200   M    M   3        28 200
11  96  75  86   8   0  21 0.04  0.0    0  8.1 17 310   M    M   4 1      23  20
12  80  66  73  -5   0   8    T  0.0    0  6.1 15 360   M    M   9 18     20  20
13  68  62  65 -12   0   0    T  0.0    0  9.1 17  40   M    M  10        24  30
14  86  63  75  -2   0  10 0.00  0.0    0  5.6 10  70   M    M   5        13 360
15  87  67  77   1   0  12 0.01  0.0    0  3.3  9  60   M    M   0        14  60
16  91  72  82   6   0  17    T  0.0    0  4.1  9  60   M    M   1        13  80
17  91  70  81   5   0  16 0.00  0.0    0  4.1 15 180   M    M   1 1      17 190
18  90  69  80   5   0  15 0.49  0.0    0  3.6 13 170   M    M   2 13     16 130
19  89  67  78   3   0  13 0.00  0.0    0  3.9 14  60   M    M   3        18  70
20  92  69  81   6   0  16 0.00  0.0    0  2.7 16  70   M    M   1 1      22  70
21  95  67  81   7   0  16 0.00  0.0    0  2.6 12 340   M    M   1 1      14  10
22  87  64  76   2   0  11 0.00  0.0    0  7.7 16  60   M    M   2        20  40
23  84  55  70  -4   0   5 0.00  0.0    0  4.6 13  80   M    M   0        17  80
24  88  50  69  -4   0   4 0.00  0.0    0  4.8 13  60   M    M   0        17  70
25  88  56  72  -1   0   7 0.00  0.0    0  2.8 13 100   M    M   2        15 150
26  89  62  76   4   0  11 0.00  0.0    0  3.1 12 130   M    M   3        16 140
27  87  62  75   3   0  10 0.00  0.0    0  3.3 13  60   M    M   3        16  80
28  89  66  78   6   0  13 0.00  0.0    0  3.8 13  70   M    M   3        18  50
29  86  63  75   4   0  10    T  0.0    0  3.4 12 140   M    M   5        15  60
================================================================================
SM 2611 1963         0 411  0.73     0.0 152.2          M       84
================================================================================
AV 90.0 67.7                               5.2 FASTST   M    M   3    MAX(MPH)
                                 MISC ---->  # 28 180               # 34  180
================================================================================
NOTES:
# LAST OF SEVERAL OCCURRENCES

COLUMN 17 PEAK WIND IN M.P.H.

PRELIMINARY LOCAL CLIMATOLOGICAL DATA (WS FORM: F-6) , PAGE 2

                                          STATION:  LONGVIEW
                                          MONTH:    SEPTEMBER
                                          YEAR:     2014
                                          LATITUDE:   32 22 N
                                          LONGITUDE:  94 43 W

[TEMPERATURE DATA]      [PRECIPITATION DATA]       SYMBOLS USED IN COLUMN 16

AVERAGE MONTHLY: 78.9   TOTAL FOR MONTH:   0.73    1 = FOG OR MIST
DPTR FM NORMAL:   2.6   DPTR FM NORMAL:   -2.49    2 = FOG REDUCING VISIBILITY
HIGHEST:    97 ON  6, 1 GRTST 24HR  0.49 ON 18-18      TO 1/4 MILE OR LESS
LOWEST:     50 ON 24                               3 = THUNDER
                        SNOW, ICE PELLETS, HAIL    4 = ICE PELLETS
                        TOTAL MONTH:   0.0 INCH    5 = HAIL
                        GRTST 24HR     0.0         6 = FREEZING RAIN OR DRIZZLE
                        GRTST DEPTH:   0           7 = DUSTSTORM OR SANDSTORM:
                                                       VSBY 1/2 MILE OR LESS
                                                   8 = SMOKE OR HAZE
[NO. OF DAYS WITH]      [WEATHER - DAYS WITH]      9 = BLOWING SNOW
                                                   X = TORNADO
MAX 32 OR BELOW:   0    0.01 INCH OR MORE:   5
MAX 90 OR ABOVE:  15    0.10 INCH OR MORE:   2
MIN 32 OR BELOW:   0    0.50 INCH OR MORE:   0
MIN  0 OR BELOW:   0    1.00 INCH OR MORE:   0

[HDD (BASE 65) ]
TOTAL THIS MO.     0    CLEAR  (SCALE 0-3)  21
DPTR FM NORMAL    -3    PTCLDY (SCALE 4-7)   6
TOTAL FM JUL 1     0    CLOUDY (SCALE 8-10)  2
DPTR FM NORMAL    -3

[CDD (BASE 65) ]
TOTAL THIS MO.   411
DPTR FM NORMAL    79    [PRESSURE DATA]
TOTAL FM JAN 1  2265    HIGHEST SLP M ON M
DPTR FM NORMAL    -7    LOWEST  SLP 29.79 ON 10

[REMARKS]




U.S. Dept. of Commerce
NOAA National Weather Service
1325 East West Highway
Silver Spring, MD 20910
E-mail: w-nws.webmaster@noaa.gov
Page last modified: May 16, 2007
NATIONAL WEATHER SERVICE: for Safety, for Work, for Fun - FOR LIFE