104
CXUS54 KSHV 271300
CF6GGG
PRELIMINARY LOCAL CLIMATOLOGICAL DATA (WS FORM: F-6)

                                          STATION:   LONGVIEW
                                          MONTH:     AUGUST
                                          YEAR:      2014
                                          LATITUDE:   32 22 N
                                          LONGITUDE:  94 43 W

  TEMPERATURE IN F:       :PCPN:    SNOW:  WIND      :SUNSHINE: SKY     :PK WND
================================================================================
1   2   3   4   5  6A  6B    7    8   9   10  11  12  13   14  15   16   17  18
                                     12Z  AVG MX 2MIN
DY MAX MIN AVG DEP HDD CDD  WTR  SNW DPTH SPD SPD DIR MIN PSBL S-S WX    SPD DR
================================================================================

 1  74  67  71 -13   0   6 0.03  0.0    0  5.0 13  70   M    M  10 18     17  90
 2  85  69  77  -7   0  12 0.02  0.0    0  5.5 13  40   M    M   8 1      18  50
 3  89  71  80  -4   0  15 0.12  0.0    0  4.7 15  70   M    M   7 18     20  80
 4  91  72  82  -2   0  17 0.00  0.0    0   M  13  70   M    M   3 18     17  40
 5  93  73  83  -1   0  18 0.00  0.0    0  2.3  9 130   M    M   2 18     11 160
 6  93  75  84   0   0  19 0.00  0.0    0  5.9 13 200   M    M   1 1      18 170
 7  93  77  85   1   0  20 0.00  0.0    0  9.2 20 210   M    M   1        22 210
 8  95  77  86   2   0  21 0.00  0.0    0  9.2 17 190   M    M   1        22 190
 9  94  76  85   2   0  20    T  0.0    0  6.5 14  60   M    M   2        17  50
10  96  75  86   3   0  21 0.00  0.0    0  6.2 12 190   M    M   1        15 230
11  95  75  85   2   0  20 0.00  0.0    0  6.6 14 320   M    M   1        18 320
12  92  67  80  -3   0  15 0.00  0.0    0  5.4 16 330   M    M   0        21 320
13  89  63  76  -7   0  11 0.00  0.0    0  2.8 12 140   M    M   1        15  90
14  89  65  77  -6   0  12 0.00  0.0    0  3.0 12  80   M    M   1        17 110
15  92  67  80  -3   0  15 0.00  0.0    0  4.6 12 170   M    M   2 1      16 150
16  96  74  85   2   0  20 0.00  0.0    0  9.3 16 200   M    M   1        23 190
17  93  77  85   2   0  20 0.00  0.0    0  9.1 21 270   M    M   2        29 280
18  92  78  85   2   0  20 0.05  0.0    0  6.9 15 250   M    M   5 3      20 270
19  95  72  84   1   0  19 0.00  0.0    0  9.4 25 190   M    M   1        33 180
20  95  73  84   1   0  19 0.00  0.0    0  9.5 17 180   M    M   2        25 210
21  97  75  86   4   0  21 0.00  0.0    0  9.8 17 170   M    M   4        25 220
22  96  74  85   3   0  20 0.00  0.0    0  7.6 15 190   M    M   1 1      19 210
23  96  71  84   2   0  19 0.00  0.0    0  5.7 13 150   M    M   0 1      17 150
24  97  73  85   3   0  20 0.00  0.0    0  4.3 12 190   M    M   1        15 210
25  98  73  86   4   0  21 0.00  0.0    0  3.6 12 130   M    M   1        14 130
26  94  74  84   2   0  19    T  0.0    0  3.5 18 130   M    M   2 3      23 140
================================================================================
SM 2409 1883         0 460  0.22     0.0 155.6          M       61
================================================================================
AV 92.7 72.4                               6.2 FASTST   M    M   2    MAX(MPH)
                                 MISC ---->  # 25 190               # 33  180
================================================================================
NOTES:
# LAST OF SEVERAL OCCURRENCES

COLUMN 17 PEAK WIND IN M.P.H.

PRELIMINARY LOCAL CLIMATOLOGICAL DATA (WS FORM: F-6) , PAGE 2

                                          STATION:  LONGVIEW
                                          MONTH:    AUGUST
                                          YEAR:     2014
                                          LATITUDE:   32 22 N
                                          LONGITUDE:  94 43 W

[TEMPERATURE DATA]      [PRECIPITATION DATA]       SYMBOLS USED IN COLUMN 16

AVERAGE MONTHLY: 82.5   TOTAL FOR MONTH:   0.22    1 = FOG OR MIST
DPTR FM NORMAL:  -0.5   DPTR FM NORMAL:   -2.30    2 = FOG REDUCING VISIBILITY
HIGHEST:    98 ON 25    GRTST 24HR  1.42 ON 31- 1      TO 1/4 MILE OR LESS
LOWEST:     63 ON 13                               3 = THUNDER
                        SNOW, ICE PELLETS, HAIL    4 = ICE PELLETS
                        TOTAL MONTH:   0.0 INCH    5 = HAIL
                        GRTST 24HR     0.0         6 = FREEZING RAIN OR DRIZZLE
                        GRTST DEPTH:   0           7 = DUSTSTORM OR SANDSTORM:
                                                       VSBY 1/2 MILE OR LESS
                                                   8 = SMOKE OR HAZE
[NO. OF DAYS WITH]      [WEATHER - DAYS WITH]      9 = BLOWING SNOW
                                                   X = TORNADO
MAX 32 OR BELOW:   0    0.01 INCH OR MORE:   4
MAX 90 OR ABOVE:  21    0.10 INCH OR MORE:   1
MIN 32 OR BELOW:   0    0.50 INCH OR MORE:   0
MIN  0 OR BELOW:   0    1.00 INCH OR MORE:   0

[HDD (BASE 65) ]
TOTAL THIS MO.     0    CLEAR  (SCALE 0-3)  21
DPTR FM NORMAL     0    PTCLDY (SCALE 4-7)   4
TOTAL FM JUL 1     0    CLOUDY (SCALE 8-10)  1
DPTR FM NORMAL     0

[CDD (BASE 65) ]
TOTAL THIS MO.   460
DPTR FM NORMAL   -10    [PRESSURE DATA]
TOTAL FM JAN 1  1760    HIGHEST SLP M ON M
DPTR FM NORMAL  -100    LOWEST  SLP 29.83 ON  7

[REMARKS]




U.S. Dept. of Commerce
NOAA National Weather Service
1325 East West Highway
Silver Spring, MD 20910
E-mail: w-nws.webmaster@noaa.gov
Page last modified: May 16, 2007
NATIONAL WEATHER SERVICE: for Safety, for Work, for Fun - FOR LIFE