140
CXUS55 KALY 010800
CF6GFL
PRELIMINARY LOCAL CLIMATOLOGICAL DATA (WS FORM: F-6)

                                          STATION:   GLENS FALLS NY
                                          MONTH:     JULY
                                          YEAR:      2014
                                          LATITUDE:   43 20 N
                                          LONGITUDE:  73 37 W

  TEMPERATURE IN F:       :PCPN:    SNOW:  WIND      :SUNSHINE: SKY     :PK WND
================================================================================
1   2   3   4   5  6A  6B    7    8   9   10  11  12  13   14  15   16   17  18
                                     12Z  AVG MX 2MIN
DY MAX MIN AVG DEP HDD CDD  WTR  SNW DPTH SPD SPD DIR MIN PSBL S-S WX    SPD DR
================================================================================

 1  89  67  78  10   0  13 0.01    M    M  7.6 21 190   M    M   2 13     27 240
 2  91  66  79  11   0  14 0.11    M    M  5.6 29 190   M    M   3 13     37 190
 3  88  67  78  10   0  13 2.05    M    M  4.0 37 310   M    M   5 138    49 300
 4  74  63  69   1   0   4 0.01    M    M  6.7 17 320   M    M   7 1      25 350
 5  82  59  71   3   0   6 0.00    M    M 10.4 20 300   M    M   1        27 290
 6  82  53  68   0   0   3 0.00    M    M  6.7 18 220   M    M   0        26 190
 7  81  56  69   1   0   4 0.29    M    M  5.9 15 220   M    M   3 13     20 220
 8  84  68  76   7   0  11 0.54    M    M  8.8 32 280   M    M   4 13     45 280
 9  81  63  72   3   0   7 0.05    M    M  7.5 20 300   M    M   4 13     30 290
10  78  54  66  -3   0   1 0.00    M    M  3.6 10 120   M    M   1 1      17 350
11  79  52  66  -3   0   1 0.00    M    M  2.8  9 130   M    M   1 1      14  60
12  85  53  69   0   0   4 0.43    M    M  4.5 17 290   M    M   3 12     22 310
13  78  63  71   2   0   6 0.05    M    M  8.3 20 190   M    M   6 12     26 200
14  85  66  76   7   0  11 0.00    M    M  5.2 17 160   M    M   5 12     21 160
15  79  65  72   3   0   7 0.14    M    M  4.7 15 180   M    M   7 12     20 170
16  79  57  68  -1   0   3 0.01    M    M  4.7 15 300   M    M   4 1      23 230
17  78  52  65  -4   0   0 0.00    M    M  3.3 13 290   M    M   3        18 160
18  78  50  64  -5   1   0 0.00    M    M  2.4 12 150   M    M   1 1      14 160
19  80  54  67  -2   0   2 0.00    M    M  1.7 10 170   M    M   1 18     13 170
20  79  58  69   0   0   4 0.00    M    M  2.2 12 180   M    M   1 1      16 180
21  82  56  69   0   0   4 0.00    M    M  2.9 12 170   M    M   4 1      15 180
22  88  61  75   6   0  10 0.00    M    M  5.2 15 190   M    M   3 1      19 190
23  90  67  79  10   0  14 0.27    M    M  8.8 21 300   M    M   3 138    26 300
24  77  56  67  -2   0   2 0.00    M    M  6.3 15  30   M    M   3        18 360
25  80  51  66  -3   0   1 0.00    M    M  4.9 14 160   M    M   1 1      17 160
26  80  54  67  -2   0   2    T    M    M  4.4 16 200   M    M   2 1      22 210
27  81  61  71   2   0   6 0.50    M    M  4.9 15 160   M    M   6 123    18 150
28  73  62  68  -1   0   3 1.19    M    M  6.4 24 210   M    M   7 13     36 200
29  73  56  65  -4   0   0    T    M    M  3.3 13 300   M    M   6        15 290
30  76  58  67  -2   0   2 0.00    M    M  3.0 15 210   M    M   6        24 130
31  76  56  66  -3   0   1 0.05    M    M  4.4 14 200   M    M   5 123    19 180
================================================================================
SM 2506 1824         1 159  5.70    M    161.1          M      108
================================================================================
AV 80.8 58.8                               5.2 FASTST   M    M   3    MAX(MPH)
                                 MISC ---->  # 37 310               # 49  300
================================================================================
NOTES:
# LAST OF SEVERAL OCCURRENCES

COLUMN 17 PEAK WIND IN M.P.H.

PRELIMINARY LOCAL CLIMATOLOGICAL DATA (WS FORM: F-6) , PAGE 2

                                          STATION:  GLENS FALLS NY
                                          MONTH:    JULY
                                          YEAR:     2014
                                          LATITUDE:   43 20 N
                                          LONGITUDE:  73 37 W

[TEMPERATURE DATA]      [PRECIPITATION DATA]       SYMBOLS USED IN COLUMN 16

AVERAGE MONTHLY: 69.8   TOTAL FOR MONTH:   5.70    1 = FOG OR MIST
DPTR FM NORMAL:   1.0   DPTR FM NORMAL:    1.61    2 = FOG REDUCING VISIBILITY
HIGHEST:    91 ON  2    GRTST 24HR  2.11 ON  2- 3      TO 1/4 MILE OR LESS
LOWEST:     50 ON 18                               3 = THUNDER
                        SNOW, ICE PELLETS, HAIL    4 = ICE PELLETS
                        TOTAL MONTH:    M          5 = HAIL
                        GRTST 24HR    M  ON   M    6 = FREEZING RAIN OR DRIZZLE
                        GRTST DEPTH:  M  ON   M    7 = DUSTSTORM OR SANDSTORM:
                                                       VSBY 1/2 MILE OR LESS
                                                   8 = SMOKE OR HAZE
[NO. OF DAYS WITH]      [WEATHER - DAYS WITH]      9 = BLOWING SNOW
                                                   X = TORNADO
MAX 32 OR BELOW:   0    0.01 INCH OR MORE:  15
MAX 90 OR ABOVE:   2    0.10 INCH OR MORE:   9
MIN 32 OR BELOW:   0    0.50 INCH OR MORE:   4
MIN  0 OR BELOW:   0    1.00 INCH OR MORE:   2

[HDD (BASE 65) ]
TOTAL THIS MO.     1    CLEAR  (SCALE 0-3)  15
DPTR FM NORMAL   -20    PTCLDY (SCALE 4-7)  16
TOTAL FM JUL 1     1    CLOUDY (SCALE 8-10)  0
DPTR FM NORMAL   -20

[CDD (BASE 65) ]
TOTAL THIS MO.   159
DPTR FM NORMAL    20    [PRESSURE DATA]
TOTAL FM JAN 1   253    HIGHEST SLP 30.28 ON 19
DPTR FM NORMAL    33    LOWEST  SLP 29.47 ON 28

[REMARKS]
#FINAL-07-14#




U.S. Dept. of Commerce
NOAA National Weather Service
1325 East West Highway
Silver Spring, MD 20910
E-mail: w-nws.webmaster@noaa.gov
Page last modified: May 16, 2007
NATIONAL WEATHER SERVICE: for Safety, for Work, for Fun - FOR LIFE