880
CXUS55 KALY 230800
CF6GFL
PRELIMINARY LOCAL CLIMATOLOGICAL DATA (WS FORM: F-6)

                                          STATION:   GLENS FALLS NY
                                          MONTH:     APRIL
                                          YEAR:      2014
                                          LATITUDE:   43 20 N
                                          LONGITUDE:  73 37 W

  TEMPERATURE IN F:       :PCPN:    SNOW:  WIND      :SUNSHINE: SKY     :PK WND
================================================================================
1   2   3   4   5  6A  6B    7    8   9   10  11  12  13   14  15   16   17  18
                                     12Z  AVG MX 2MIN
DY MAX MIN AVG DEP HDD CDD  WTR  SNW DPTH SPD SPD DIR MIN PSBL S-S WX    SPD DR
================================================================================

 1  47  26  37  -1  28   0 0.00    M    M  4.0 20  10   M    M   0        23  20
 2  55  25  40   1  25   0 0.00    M    M  5.1 16 220   M    M   0        23 210
 3  49  24  37  -2  28   0 0.00    M    M  6.0 15  10   M    M   0        18  10
 4  48  31  40   0  25   0 0.43    M    M  5.3 15 170   M    M   6 1      21 160
 5  48  35  42   2  23   0    T    M    M  8.1 23 260   M    M  10 1      32 280
 6  56  26  41   0  24   0 0.00    M    M  5.6 14 290   M    M   2        18 240
 7  56  26  41   0  24   0 0.05    M    M  5.0 25 160   M    M   4        33 160
 8  56  35  46   4  19   0 0.26    M    M  6.6 24 290   M    M  10 13     35 290
 9  50  26  38  -4  27   0 0.00    M    M  7.5 22 320   M    M   3        29 320
10  64  22  43   1  22   0 0.00    M    M 10.7 26 190   M    M   0        35 190
11  67  34  51   8  14   0    T    M    M  6.4 17 240   M    M   5 1      24 240
12  67  28  48   5  17   0 0.00    M    M  5.2 20 310   M    M   3 12     28 300
13  76  40  58  14   7   0 0.27    M    M  7.3 20 160   M    M   3 1      28 160
14  78  46  62  18   3   0 0.00    M    M 14.4 30 180   M    M   1        40 180
15  65  29  47   2  18   0 0.92    M    M 10.7 29 180   M    M  10 1      39 190
16  39  24  32 -13  33   0 0.00    M    M 10.1 17 330   M    M   1        23 320
17   M   M   M   M   M   M 0.00    M    M   M   M   M   M    M   M         M  M
18   M   M   M   M   M   M 0.00    M    M  5.4 14 170   M    M   0        20 170
19  59  32  46   0  19   0 0.00    M    M  8.2 24 340   M    M   2        30 330
20  65  28  47   0  18   0 0.00    M    M  4.3 13 190   M    M   0        20 210
21  76  41  59  12   6   0 0.00    M    M  7.4 17 160   M    M   0        22 190
22  73  50  62  15   3   0 0.04    M    M  7.2 17 260   M    M   5 18     25 260
================================================================================
SM 1194  628       383   0  1.97    M    150.5          M       65
================================================================================
AV 59.7 31.4                               7.2 FASTST   M    M   3    MAX(MPH)
                                 MISC ---->  # 30 180               # 40  180
================================================================================
NOTES:
# LAST OF SEVERAL OCCURRENCES

COLUMN 17 PEAK WIND IN M.P.H.

PRELIMINARY LOCAL CLIMATOLOGICAL DATA (WS FORM: F-6) , PAGE 2

                                          STATION:  GLENS FALLS NY
                                          MONTH:    APRIL
                                          YEAR:     2014
                                          LATITUDE:   43 20 N
                                          LONGITUDE:  73 37 W

[TEMPERATURE DATA]      [PRECIPITATION DATA]       SYMBOLS USED IN COLUMN 16

AVERAGE MONTHLY: 45.5   TOTAL FOR MONTH:   1.97    1 = FOG OR MIST
DPTR FM NORMAL:   2.5   DPTR FM NORMAL:   -0.18    2 = FOG REDUCING VISIBILITY
HIGHEST:    78 ON 14    GRTST 24HR  0.92 ON 15-15      TO 1/4 MILE OR LESS
LOWEST:     22 ON 10                               3 = THUNDER
                        SNOW, ICE PELLETS, HAIL    4 = ICE PELLETS
                        TOTAL MONTH:    M          5 = HAIL
                        GRTST 24HR    M  ON   M    6 = FREEZING RAIN OR DRIZZLE
                        GRTST DEPTH:  M  ON   M    7 = DUSTSTORM OR SANDSTORM:
                                                       VSBY 1/2 MILE OR LESS
                                                   8 = SMOKE OR HAZE
[NO. OF DAYS WITH]      [WEATHER - DAYS WITH]      9 = BLOWING SNOW
                                                   X = TORNADO
MAX 32 OR BELOW:   0    0.01 INCH OR MORE:   6
MAX 90 OR ABOVE:   0    0.10 INCH OR MORE:   4
MIN 32 OR BELOW:  13    0.50 INCH OR MORE:   1
MIN  0 OR BELOW:   0    1.00 INCH OR MORE:   0

[HDD (BASE 65) ]
TOTAL THIS MO.   383    CLEAR  (SCALE 0-3)  14
DPTR FM NORMAL  -101    PTCLDY (SCALE 4-7)   4
TOTAL FM JUL 1  7462    CLOUDY (SCALE 8-10)  3
DPTR FM NORMAL   315

[CDD (BASE 65) ]
TOTAL THIS MO.     0
DPTR FM NORMAL     0    [PRESSURE DATA]
TOTAL FM JAN 1     0    HIGHEST SLP M ON M
DPTR FM NORMAL     0    LOWEST  SLP 29.31 ON  8

[REMARKS]




U.S. Dept. of Commerce
NOAA National Weather Service
1325 East West Highway
Silver Spring, MD 20910
E-mail: w-nws.webmaster@noaa.gov
Page last modified: May 16, 2007
NATIONAL WEATHER SERVICE: for Safety, for Work, for Fun - FOR LIFE