968
CXUS55 KALY 300800
CF6GFL
PRELIMINARY LOCAL CLIMATOLOGICAL DATA (WS FORM: F-6)

                                          STATION:   GLENS FALLS NY
                                          MONTH:     SEPTEMBER
                                          YEAR:      2014
                                          LATITUDE:   43 20 N
                                          LONGITUDE:  73 37 W

  TEMPERATURE IN F:       :PCPN:    SNOW:  WIND      :SUNSHINE: SKY     :PK WND
================================================================================
1   2   3   4   5  6A  6B    7    8   9   10  11  12  13   14  15   16   17  18
                                     12Z  AVG MX 2MIN
DY MAX MIN AVG DEP HDD CDD  WTR  SNW DPTH SPD SPD DIR MIN PSBL S-S WX    SPD DR
================================================================================

 1  85  65  75  11   0  10 0.00    M    M  3.6 13 190   M    M   5 12     16 180
 2  85  63  74  10   0   9 0.56    M    M  5.0 20 310   M    M   6 1      26 310
 3  82  56  69   6   0   4 0.00    M    M  4.6 12 300   M    M   1 1      14 310
 4  83  54  69   6   0   4 0.00    M    M  4.4 17 190   M    M   1 1      22 180
 5  86  60  73  10   0   8 0.00    M    M  6.4 16 180   M    M   1 1      22 170
 6  83  62  73  11   0   8    T    M    M  7.6 18 230   M    M   4 1      27 220
 7  76  53  65   3   0   0 0.00    M    M  2.1 10 350   M    M   2 1      13 350
 8  76  49  63   1   2   0 0.00    M    M  2.2 12 160   M    M   1 1      15 170
 9  74  45  60  -1   5   0 0.00    M    M  2.3 14 150   M    M   2 1      16 160
10  75  51  63   2   2   0 0.00    M    M  3.2 10 190   M    M   3 1      13 160
11  74  61  68   8   0   3 0.03    M    M  9.7 20 190   M    M   8 1      29 180
12  62  45  54  -6  11   0 0.00    M    M  8.3 17 320   M    M   5        22 320
13  57  43  50 -10  15   0 0.31    M    M  3.3 13 240   M    M   6 1      19 260
14  59  43  51  -8  14   0 0.00    M    M  4.0 16 310   M    M   5 1      21 310
15  65  41  53  -6  12   0    T    M    M  2.1 12 160   M    M   5 12     15 160
16  67  44  56  -2   9   0 0.20    M    M  3.2 13 200   M    M   6 1      15 200
17  68  39  54  -4  11   0 0.00    M    M  2.2 12 210   M    M   3 128    16 200
18  62  42  52  -6  13   0 0.01    M    M  5.7 15  30   M    M   7 1      19  30
19  59  32  46 -11  19   0 0.00    M    M  2.5 12  70   M    M   0 1      15  40
20  69  40  55  -2  10   0 0.00    M    M  6.0 13 190   M    M   9        21 180
21  81  50  66  10   0   1 0.02    M    M  7.2 18 170   M    M   5 12     26 180
22  64  41  53  -3  12   0    T    M    M  8.4 22 290   M    M   3 1      28 290
23  68  35  52  -4  13   0 0.00    M    M  3.1 14 150   M    M   3 1      19 160
24  73  44  59   4   6   0 0.00    M    M  2.5 13 180   M    M   2 128    16 190
25  68  43  56   1   9   0 0.00    M    M  0.5  7 150   M    M   1 1       9 160
26  78  43  61   7   4   0 0.00    M    M  1.4 10 310   M    M   3 12     14 310
27  80  47  64  10   1   0 0.00    M    M  0.6  8  70   M    M   2 12     10  60
28  80  50  65  12   0   0 0.00    M    M  2.3 12 160   M    M   4 12     14 150
29  70  48  59   6   6   0 0.00    M    M  0.6  5 170   M    M   1 12      7 130
================================================================================
SM 2109 1389       174  47  1.13    M    115.0          M      104
================================================================================
AV 72.7 47.9                               4.0 FASTST   M    M   4    MAX(MPH)
                                 MISC ---->  # 22 290               # 29  180
================================================================================
NOTES:
# LAST OF SEVERAL OCCURRENCES

COLUMN 17 PEAK WIND IN M.P.H.

PRELIMINARY LOCAL CLIMATOLOGICAL DATA (WS FORM: F-6) , PAGE 2

                                          STATION:  GLENS FALLS NY
                                          MONTH:    SEPTEMBER
                                          YEAR:     2014
                                          LATITUDE:   43 20 N
                                          LONGITUDE:  73 37 W

[TEMPERATURE DATA]      [PRECIPITATION DATA]       SYMBOLS USED IN COLUMN 16

AVERAGE MONTHLY: 60.3   TOTAL FOR MONTH:   1.13    1 = FOG OR MIST
DPTR FM NORMAL:   1.6   DPTR FM NORMAL:   -2.13    2 = FOG REDUCING VISIBILITY
HIGHEST:    86 ON  5    GRTST 24HR  0.63 ON 31- 1      TO 1/4 MILE OR LESS
LOWEST:     32 ON 19                               3 = THUNDER
                        SNOW, ICE PELLETS, HAIL    4 = ICE PELLETS
                        TOTAL MONTH:    M          5 = HAIL
                        GRTST 24HR    M  ON   M    6 = FREEZING RAIN OR DRIZZLE
                        GRTST DEPTH:  M  ON   M    7 = DUSTSTORM OR SANDSTORM:
                                                       VSBY 1/2 MILE OR LESS
                                                   8 = SMOKE OR HAZE
[NO. OF DAYS WITH]      [WEATHER - DAYS WITH]      9 = BLOWING SNOW
                                                   X = TORNADO
MAX 32 OR BELOW:   0    0.01 INCH OR MORE:   6
MAX 90 OR ABOVE:   0    0.10 INCH OR MORE:   3
MIN 32 OR BELOW:   1    0.50 INCH OR MORE:   1
MIN  0 OR BELOW:   0    1.00 INCH OR MORE:   0

[HDD (BASE 65) ]
TOTAL THIS MO.   174    CLEAR  (SCALE 0-3)  14
DPTR FM NORMAL   -33    PTCLDY (SCALE 4-7)  14
TOTAL FM JUL 1   189    CLOUDY (SCALE 8-10)  1
DPTR FM NORMAL   -84

[CDD (BASE 65) ]
TOTAL THIS MO.    47
DPTR FM NORMAL    24    [PRESSURE DATA]
TOTAL FM JAN 1   385    HIGHEST SLP M ON M
DPTR FM NORMAL    35    LOWEST  SLP 29.56 ON 21

[REMARKS]




U.S. Dept. of Commerce
NOAA National Weather Service
1325 East West Highway
Silver Spring, MD 20910
E-mail: w-nws.webmaster@noaa.gov
Page last modified: May 16, 2007
NATIONAL WEATHER SERVICE: for Safety, for Work, for Fun - FOR LIFE