313
CXUS53 KFGF 010915
CF6GFK
PRELIMINARY LOCAL CLIMATOLOGICAL DATA (WS FORM: F-6)

                                          STATION:   GRAND FORKS INTL AP ND
                                          MONTH:     AUGUST
                                          YEAR:      2014
                                          LATITUDE:   47 57 N
                                          LONGITUDE:  97 11 W

  TEMPERATURE IN F:       :PCPN:    SNOW:  WIND      :SUNSHINE: SKY     :PK WND
================================================================================
1   2   3   4   5  6A  6B    7    8   9   10  11  12  13   14  15   16   17  18
                                     12Z  AVG MX 2MIN
DY MAX MIN AVG DEP HDD CDD  WTR  SNW DPTH SPD SPD DIR MIN PSBL S-S WX    SPD DR
================================================================================

 1  83  58  71   2   0   6 0.00  0.0    0  3.5 10  30   M    M   3 1      14  40
 2  85  56  71   2   0   6 0.06  0.0    0  2.5  7 360   M    M   3 138     M  M
 3  79  55  67  -2   0   2 0.00  0.0    0  6.5 14  60   M    M   5        17  40
 4  80  49  65  -4   0   0 0.00  0.0    0  2.2 10  50   M    M   1 1      13  30
 5  81  53  67  -2   0   2 0.00  0.0    0  1.6  9 150   M    M   5        12 150
 6  82  55  69   0   0   4 0.00  0.0    0  3.0 12 160   M    M   4 1      18 140
 7  84  59  72   3   0   7 0.00  0.0    0  7.9 18 190   M    M   5 1      24 160
 8  84  59  72   3   0   7 0.00  0.0    0  7.6 17 190   M    M   3        22 150
 9  82  61  72   4   0   7 0.01  0.0    0  7.1 17 170   M    M   6        22 190
10  78  60  69   1   0   4 0.01  0.0    0 10.4 21 350   M    M   7 1      28 360
11  78  53  66  -2   0   1 0.00  0.0    0  8.0 20 350   M    M   2        25 360
12  85  50  68   0   0   3 0.00  0.0    0  5.5 13 270   M    M   1        18 290
13  82  54  68   0   0   3 0.00  0.0    0  4.9 10  60   M    M   4        14  50
14  84  62  73   5   0   8 0.00  0.0    0  8.9 16 150   M    M   8        21 150
15  87  66  77   9   0  12    T  0.0    0  6.4 14 200   M    M   7        18 190
16  79  67  73   5   0   8 0.00  0.0    0  8.6 16  50   M    M   8 1      39  80
17  79  64  72   5   0   7 0.47  0.0    0  6.7 18 180   M    M   6 1      22 180
18  77  63  70   3   0   5 0.72  0.0    0  4.1 15 340   M    M   7 13     18 350
19  83  59  71   4   0   6 0.00  0.0    0  4.2  9  30   M    M   2        13 140
20  84  62  73   6   0   8 0.00  0.0    0  8.9 17 150   M    M   5        21 150
21  78  67  73   7   0   8    T  0.0    0  4.6 16 120   M    M   8 1      21 140
22  73  63  68   2   0   3    T  0.0    0 11.3 17 360   M    M   9 1      23 360
23  76  59  68   2   0   3 0.63  0.0    0 12.7 23 100   M    M  10 12     29 110
24  81  58  70   4   0   5 1.15  0.0    0 12.4 24 110   M    M   6 1      32 120
25  63  49  56 -10   9   0    T  0.0    0 12.5 23 300   M    M   7        32 250
26  69  45  57  -8   8   0 0.00  0.0    0  3.9 10 320   M    M   5        14 310
27  75  47  61  -4   4   0 0.00  0.0    0  5.9 14 200   M    M   1 1      17 180
28  77  60  69   5   0   4    T  0.0    0 11.4 18 180   M    M   8        24 180
29  76  56  66   2   0   1    T  0.0    0  9.2 25 360   M    M   9 1      31 350
30  74  48  61  -3   4   0 0.00  0.0    0  6.3 12 150   M    M   2        14 150
31  74  55  65   1   0   0 0.15  0.0    0  7.7 24 100   M    M   6 1      31 100
================================================================================
SM 2452 1772        25 130  3.20     0.0 216.4          M      163
================================================================================
AV 79.1 57.2                               7.0 FASTST   M    M   5    MAX(MPH)
                                 MISC ---->  # 25 360               # 39   80
================================================================================
NOTES:
# LAST OF SEVERAL OCCURRENCES

COLUMN 17 PEAK WIND IN M.P.H.

PRELIMINARY LOCAL CLIMATOLOGICAL DATA (WS FORM: F-6) , PAGE 2

                                          STATION:  GRAND FORKS INTL AP ND
                                          MONTH:    AUGUST
                                          YEAR:     2014
                                          LATITUDE:   47 57 N
                                          LONGITUDE:  97 11 W

[TEMPERATURE DATA]      [PRECIPITATION DATA]       SYMBOLS USED IN COLUMN 16

AVERAGE MONTHLY: 68.1   TOTAL FOR MONTH:   3.20    1 = FOG OR MIST
DPTR FM NORMAL:   1.0   DPTR FM NORMAL:    0.32    2 = FOG REDUCING VISIBILITY
HIGHEST:    87 ON 15    GRTST 24HR  1.65 ON 23-24      TO 1/4 MILE OR LESS
LOWEST:     45 ON 26                               3 = THUNDER
                        SNOW, ICE PELLETS, HAIL    4 = ICE PELLETS
                        TOTAL MONTH:   0.0 INCH    5 = HAIL
                        GRTST 24HR     0.0         6 = FREEZING RAIN OR DRIZZLE
                        GRTST DEPTH:   0           7 = DUSTSTORM OR SANDSTORM:
                                                       VSBY 1/2 MILE OR LESS
                                                   8 = SMOKE OR HAZE
[NO. OF DAYS WITH]      [WEATHER - DAYS WITH]      9 = BLOWING SNOW
                                                   X = TORNADO
MAX 32 OR BELOW:   0    0.01 INCH OR MORE:   8
MAX 90 OR ABOVE:   0    0.10 INCH OR MORE:   5
MIN 32 OR BELOW:   0    0.50 INCH OR MORE:   3
MIN  0 OR BELOW:   0    1.00 INCH OR MORE:   1

[HDD (BASE 65) ]
TOTAL THIS MO.    25    CLEAR  (SCALE 0-3)   8
DPTR FM NORMAL   -29    PTCLDY (SCALE 4-7)  19
TOTAL FM JUL 1    54    CLOUDY (SCALE 8-10)  4
DPTR FM NORMAL   -28

[CDD (BASE 65) ]
TOTAL THIS MO.   130
DPTR FM NORMAL    11    [PRESSURE DATA]
TOTAL FM JAN 1   361    HIGHEST SLP M ON M
DPTR FM NORMAL     9    LOWEST  SLP 29.53 ON 31

[REMARKS]
#FINAL-08-14#




U.S. Dept. of Commerce
NOAA National Weather Service
1325 East West Highway
Silver Spring, MD 20910
E-mail: w-nws.webmaster@noaa.gov
Page last modified: May 16, 2007
NATIONAL WEATHER SERVICE: for Safety, for Work, for Fun - FOR LIFE