812
CXUS53 KFGF 010915
CF6GFK
PRELIMINARY LOCAL CLIMATOLOGICAL DATA (WS FORM: F-6)

                                          STATION:   GRAND FORKS INTL AP ND
                                          MONTH:     JULY
                                          YEAR:      2014
                                          LATITUDE:   47 57 N
                                          LONGITUDE:  97 11 W

  TEMPERATURE IN F:       :PCPN:    SNOW:  WIND      :SUNSHINE: SKY     :PK WND
================================================================================
1   2   3   4   5  6A  6B    7    8   9   10  11  12  13   14  15   16   17  18
                                     12Z  AVG MX 2MIN
DY MAX MIN AVG DEP HDD CDD  WTR  SNW DPTH SPD SPD DIR MIN PSBL S-S WX    SPD DR
================================================================================

 1  65  51  58 -10   7   0 0.08  0.0    0 15.2 30 360   M    M   9 1      39  10
 2  74  46  60  -8   5   0 0.00  0.0    0  6.2 14 330   M    M   5        17 330
 3  77  49  63  -5   2   0 0.00  0.0    0  2.4  8 210   M    M   2        13 180
 4  82  54  68   0   0   3 0.10  0.0    0 12.7 25 150   M    M   6 3      33 150
 5  92  68  80  12   0  15 0.00  0.0    0  8.7 17 210   M    M   4        23 210
 6  83  67  75   7   0  10 0.00  0.0    0 11.3 23 330   M    M   2        31 330
 7  78  59  69   1   0   4 0.63  0.0    0 10.3 39 320   M    M   7 3      61 320
 8  74  57  66  -2   0   1 0.01  0.0    0  9.9 22 330   M    M   4        28 330
 9  75  54  65  -3   0   0 0.00  0.0    0  6.0 14 350   M    M   2        17 350
10  82  53  68   0   0   3 0.00  0.0    0  9.5 18 140   M    M   5        25 180
11  85  59  72   4   0   7 0.00  0.0    0  6.8 20 310   M    M   3 12     24 320
12  80  53  67  -2   0   2 0.03  0.0    0  9.3 31 350   M    M   6 1      41 350
13  72  51  62  -7   3   0    T  0.0    0 12.3 26 300   M    M   5 1      36 310
14  68  48  58 -11   7   0 0.05  0.0    0 15.7 29 360   M    M   6 1      37 360
15  74  50  62  -7   3   0 0.00  0.0    0  5.7 15  20   M    M   4        20  30
16  79  47  63  -6   2   0 0.00  0.0    0  2.5  9 220   M    M   5        12 240
17  81  54  68  -1   0   3 0.00  0.0    0  6.4 15 200   M    M   6        20 150
18  86  62  74   5   0   9    T  0.0    0 15.0 32 200   M    M   4 3      41 200
19  80  57  69   0   0   4 0.00  0.0    0  6.8 13 320   M    M   5        16 310
20  92  65  79  10   0  14 0.00  0.0    0  8.4 20 200   M    M   2        24 200
21  91  63  77   8   0  12 2.79  0.0    0 12.8 53  20   M    M   5 123    69 320
22  77  60  69   0   0   4    T  0.0    0  8.7 18 320   M    M   2        24 330
23  75  57  66  -3   0   1 0.00  0.0    0  4.8 10  20   M    M   5        15  20
24  78  58  68  -1   0   3    T  0.0    0  8.9 28 150   M    M   6        36 160
25  81  58  70   1   0   5 0.00  0.0    0  7.5 16 150   M    M   5        20 300
26  76  57  67  -2   0   2    T  0.0    0 11.5 23 260   M    M   3        30 260
27  69  60  65  -4   0   0 0.01  0.0    0 13.3 24 330   M    M   9 1      31 330
28  75  55  65  -4   0   0 0.00  0.0    0  6.1 13 360   M    M   6        17 360
29  79  51  65  -4   0   0 0.00  0.0    0  4.3 12 360   M    M   1        15 350
30  82  53  68  -1   0   3 0.00  0.0    0  4.7 13 310   M    M   1        16 350
31  84  57  71   2   0   6 0.00  0.0    0  2.9  8 310   M    M   1        12 330
================================================================================
SM 2446 1733        29 111  3.70     0.0 266.6          M      136
================================================================================
AV 78.9 55.9                               8.6 FASTST   M    M   4    MAX(MPH)
                                 MISC ---->  # 53  20               # 69  320
================================================================================
NOTES:
# LAST OF SEVERAL OCCURRENCES

COLUMN 17 PEAK WIND IN M.P.H.

PRELIMINARY LOCAL CLIMATOLOGICAL DATA (WS FORM: F-6) , PAGE 2

                                          STATION:  GRAND FORKS INTL AP ND
                                          MONTH:    JULY
                                          YEAR:     2014
                                          LATITUDE:   47 57 N
                                          LONGITUDE:  97 11 W

[TEMPERATURE DATA]      [PRECIPITATION DATA]       SYMBOLS USED IN COLUMN 16

AVERAGE MONTHLY: 67.4   TOTAL FOR MONTH:   3.70    1 = FOG OR MIST
DPTR FM NORMAL:  -1.2   DPTR FM NORMAL:    0.55    2 = FOG REDUCING VISIBILITY
HIGHEST:    92 ON 20, 5 GRTST 24HR  2.79 ON 21-21      TO 1/4 MILE OR LESS
LOWEST:     46 ON  2                               3 = THUNDER
                        SNOW, ICE PELLETS, HAIL    4 = ICE PELLETS
                        TOTAL MONTH:   0.0 INCH    5 = HAIL
                        GRTST 24HR     0.0         6 = FREEZING RAIN OR DRIZZLE
                        GRTST DEPTH:   0           7 = DUSTSTORM OR SANDSTORM:
                                                       VSBY 1/2 MILE OR LESS
                                                   8 = SMOKE OR HAZE
[NO. OF DAYS WITH]      [WEATHER - DAYS WITH]      9 = BLOWING SNOW
                                                   X = TORNADO
MAX 32 OR BELOW:   0    0.01 INCH OR MORE:   8
MAX 90 OR ABOVE:   3    0.10 INCH OR MORE:   3
MIN 32 OR BELOW:   0    0.50 INCH OR MORE:   2
MIN  0 OR BELOW:   0    1.00 INCH OR MORE:   1

[HDD (BASE 65) ]
TOTAL THIS MO.    29    CLEAR  (SCALE 0-3)  10
DPTR FM NORMAL     1    PTCLDY (SCALE 4-7)  19
TOTAL FM JUL 1    29    CLOUDY (SCALE 8-10)  2
DPTR FM NORMAL     1

[CDD (BASE 65) ]
TOTAL THIS MO.   111
DPTR FM NORMAL   -30    [PRESSURE DATA]
TOTAL FM JAN 1   231    HIGHEST SLP M ON M
DPTR FM NORMAL    -2    LOWEST  SLP 29.46 ON  1

[REMARKS]
#FINAL-07-14#




U.S. Dept. of Commerce
NOAA National Weather Service
1325 East West Highway
Silver Spring, MD 20910
E-mail: w-nws.webmaster@noaa.gov
Page last modified: May 16, 2007
NATIONAL WEATHER SERVICE: for Safety, for Work, for Fun - FOR LIFE