939
CXUS53 KFGF 010915
CF6GFK
PRELIMINARY LOCAL CLIMATOLOGICAL DATA (WS FORM: F-6)

                                          STATION:   GRAND FORKS INTL AP ND
                                          MONTH:     SEPTEMBER
                                          YEAR:      2014
                                          LATITUDE:   47 57 N
                                          LONGITUDE:  97 11 W

  TEMPERATURE IN F:       :PCPN:    SNOW:  WIND      :SUNSHINE: SKY     :PK WND
================================================================================
1   2   3   4   5  6A  6B    7    8   9   10  11  12  13   14  15   16   17  18
                                     12Z  AVG MX 2MIN
DY MAX MIN AVG DEP HDD CDD  WTR  SNW DPTH SPD SPD DIR MIN PSBL S-S WX    SPD DR
================================================================================

 1  76  51  64   1   1   0    T  0.0    0  4.2 24 310   M    M   3 3      33 300
 2  79  51  65   2   0   0 0.04  0.0    0  8.3 26 210   M    M   4        37 200
 3  82  48  65   3   0   0 0.00  0.0    0  5.9 15  60   M    M   3 12     20  60
 4  75  53  64   2   1   0 0.08  0.0    0 12.0 26 310   M    M   6 1      36 310
 5  73  45  59  -3   6   0 0.00  0.0    0  8.5 18 250   M    M   2        25 250
 6  80  46  63   2   2   0 0.00  0.0    0  7.3 18 270   M    M   2 8      26 260
 7  82  47  65   4   0   0 0.00  0.0    0  8.0 23 190   M    M   1 1      28 190
 8  86  54  70  10   0   5 0.00  0.0    0 16.0 24  20   M    M   3        31 360
 9  54  47  51  -9  14   0 0.47  0.0    0 15.5 24  20   M    M  10 1      32  30
10  59  45  52  -7  13   0 0.00  0.0    0 16.2 25  20   M    M   8        33  30
11  55  38  47 -12  18   0    T  0.0    0  7.9 21 360   M    M   8        24 360
12  58  37  48 -10  17   0 0.00  0.0    0  6.8 14 280   M    M   6        20 320
13  65  36  51  -7  14   0 0.04  0.0    0 11.4 32 190   M    M   6        40 190
14  59  44  52  -6  13   0 0.00  0.0    0  7.5 16 320   M    M   8        21 310
15  69  33  51  -6  14   0 0.00  0.0    0  7.5 17 260   M    M   3        25 270
16  75  42  59   2   6   0 0.00  0.0    0  7.2 13 230   M    M   2        16 220
17  66  41  54  -2  11   0 0.00  0.0    0  7.9 17  10   M    M   1        23 360
18  74  36  55  -1  10   0 0.00  0.0    0 11.6 25 180   M    M   5 12     33 180
19  84  59  72  17   0   7 0.10  0.0    0 13.8 25 190   M    M   5 1      33 190
20  69  49  59   4   6   0 0.31    M    0  8.9 31 300   M    M   7 13     43 290
21  68  47  58   4   7   0 0.00  0.0    0  7.5 17 350   M    M   4        20 350
22  78  44  61   7   4   0 0.00  0.0    0  7.7 15 200   M    M   0        18 200
23  78  51  65  11   0   0 0.00  0.0    0 12.7 25 180   M    M   2        32 160
24  71  58  65  12   0   0 0.00  0.0    0  9.3 14 190   M    M   9 1      17 190
25  86  54  70  17   0   5 0.00  0.0    0  8.1 15 150   M    M   2 1      17 150
26  85  61  73  21   0   8 0.00  0.0    0 14.1 25 180   M    M   0        33 180
27  87  61  74  22   0   9 0.00  0.0    0 10.5 20 190   M    M   0        25 200
28  61  49  55   4  10   0 0.19  0.0    0 13.9 25 360   M    M   7 1      31  10
29  61  45  53   2  12   0 0.00  0.0    0  8.4 16  10   M    M   7 1      20  10
30  62  42  52   2  13   0 0.06  0.0    0 15.0 29 140   M    M   7        37 150
================================================================================
SM 2157 1414       192  34  1.29     0.0 299.6          M      131
================================================================================
AV 71.9 47.1                              10.0 FASTST   M    M   4    MAX(MPH)
                                 MISC ---->  # 32 190               # 43  290
================================================================================
NOTES:
# LAST OF SEVERAL OCCURRENCES

COLUMN 17 PEAK WIND IN M.P.H.

PRELIMINARY LOCAL CLIMATOLOGICAL DATA (WS FORM: F-6) , PAGE 2

                                          STATION:  GRAND FORKS INTL AP ND
                                          MONTH:    SEPTEMBER
                                          YEAR:     2014
                                          LATITUDE:   47 57 N
                                          LONGITUDE:  97 11 W

[TEMPERATURE DATA]      [PRECIPITATION DATA]       SYMBOLS USED IN COLUMN 16

AVERAGE MONTHLY: 59.5   TOTAL FOR MONTH:   1.29    1 = FOG OR MIST
DPTR FM NORMAL:   2.6   DPTR FM NORMAL:   -0.76    2 = FOG REDUCING VISIBILITY
HIGHEST:    87 ON 27    GRTST 24HR  0.47 ON  9- 9      TO 1/4 MILE OR LESS
LOWEST:     33 ON 15                               3 = THUNDER
                        SNOW, ICE PELLETS, HAIL    4 = ICE PELLETS
                        TOTAL MONTH:   0.0 INCH    5 = HAIL
                        GRTST 24HR     0.0         6 = FREEZING RAIN OR DRIZZLE
                        GRTST DEPTH:   0           7 = DUSTSTORM OR SANDSTORM:
                                                       VSBY 1/2 MILE OR LESS
                                                   8 = SMOKE OR HAZE
[NO. OF DAYS WITH]      [WEATHER - DAYS WITH]      9 = BLOWING SNOW
                                                   X = TORNADO
MAX 32 OR BELOW:   0    0.01 INCH OR MORE:   8
MAX 90 OR ABOVE:   0    0.10 INCH OR MORE:   4
MIN 32 OR BELOW:   0    0.50 INCH OR MORE:   0
MIN  0 OR BELOW:   0    1.00 INCH OR MORE:   0

[HDD (BASE 65) ]
TOTAL THIS MO.   192    CLEAR  (SCALE 0-3)  12
DPTR FM NORMAL   -77    PTCLDY (SCALE 4-7)  14
TOTAL FM JUL 1   246    CLOUDY (SCALE 8-10)  4
DPTR FM NORMAL  -105

[CDD (BASE 65) ]
TOTAL THIS MO.    34
DPTR FM NORMAL     8    [PRESSURE DATA]
TOTAL FM JAN 1   395    HIGHEST SLP M ON M
DPTR FM NORMAL    17    LOWEST  SLP 29.47 ON 19

[REMARKS]
#FINAL-09-14#




U.S. Dept. of Commerce
NOAA National Weather Service
1325 East West Highway
Silver Spring, MD 20910
E-mail: w-nws.webmaster@noaa.gov
Page last modified: May 16, 2007
NATIONAL WEATHER SERVICE: for Safety, for Work, for Fun - FOR LIFE