313
CXUS53 KIND 010730
CF6GEZ
PRELIMINARY LOCAL CLIMATOLOGICAL DATA (WS FORM: F-6)

                                          STATION:   SHELBYVILLE IN
                                          MONTH:     NOVEMBER
                                          YEAR:      2014
                                          LATITUDE:   39 35 N
                                          LONGITUDE:  85 48 W

  TEMPERATURE IN F:       :PCPN:    SNOW:  WIND      :SUNSHINE: SKY     :PK WND
================================================================================
1   2   3   4   5  6A  6B    7    8   9   10  11  12  13   14  15   16   17  18
                                     12Z  AVG MX 2MIN
DY MAX MIN AVG DEP HDD CDD  WTR  SNW DPTH SPD SPD DIR MIN PSBL S-S WX    SPD DR
================================================================================

 1  45  29  37 -12  28   0    T    M    M 12.5 24 340   M    M   6        32 340
 2  51  22  37 -12  28   0 0.00    M    M  4.6 10 200   M    M   1        14 250
 3  67  42  55   6  10   0 0.00    M    M 11.6 21 210   M    M   4        25 210
 4  59  48  54   6  11   0 0.28    M    M 11.3 24 230   M    M   7 18     30 230
 5  55  38  47  -1  18   0 0.00    M    M  3.2  8 290   M    M   1 12      9 290
 6  50  42  46  -2  19   0 0.18    M    M 13.8 26 310   M    M   9 1      35 310
 7  47  36  42  -5  23   0    T    M    M  7.0 18 330   M    M   6        23 310
 8  52  38  45  -2  20   0 0.00    M    M 11.2 20 290   M    M   6 18     25 290
 9  54  30  42  -5  23   0 0.00    M    M  8.0 17 200   M    M   1 8      21 190
10  62  38  50   4  15   0 0.00    M    M 13.5 25 170   M    M   0        31 170
11  63  36  50   4  15   0 0.11    M    M 14.8 22 280   M    M   6 18     28 200
12  37  30  34 -11  31   0 0.00    M    M 11.1 22 320   M    M  10        28 330
13  30  21  26 -19  39   0    T    M    M 11.0 17 300   M    M   8        24 290
14  34  18  26 -19  39   0 0.00    M    M  6.0 14 270   M    M   1        18 240
15  36  15  26 -18  39   0    T    M    M  3.5 13 160   M    M   2 8      16 170
16  37  29  33 -11  32   0 0.17    M    M  3.9 10 190   M    M  10 128    12 170
17  32  16  24 -19  41   0 0.04    M    M 14.1 24 270   M    M   7 18     31 280
18  21  11  16 -27  49   0    T    M    M 14.2 24 260   M    M   4        32 260
19  39  15  27 -15  38   0 0.00    M    M 16.8 25 270   M    M   5        34 270
20  32  19  26 -16  39   0 0.00    M    M 11.9 24 270   M    M   3 8      28 250
21  34  10  22 -20  43   0 0.00    M    M  6.2 13 140   M    M   0        16 150
22  57  32  45   4  20   0 0.04    M    M 11.5 20 190   M    M  10        25 180
23  59  45  52  12  13   0 1.55    M    M 13.0 26 180   M    M   7 1      32 180
24  59  37  48   8  17   0 1.11    M    M 20.5 41 230   M    M  10 13     52 240
25  38  29  34  -6  31   0 0.00    M    M  9.3 20 270   M    M   9        24 270
26  36  29  33  -6  32   0 0.00    M    M  4.7 10  30   M    M   7        12  50
27  34  26  30  -9  35   0    T    M    M 11.1 20 300   M    M  10 8      25 300
28  34  23  29  -9  36   0 0.00    M    M 10.3 20 160   M    M   5        24 170
29  56  34  45   7  20   0 0.00    M    M 14.2 24 200   M    M   5        32 190
30  65  46  56  19   9   0 0.08    M    M 15.3 25 210   M    M  10 1      31 210
================================================================================
SM 1375  884       813   0  3.56    M    320.1          M      170
================================================================================
AV 45.8 29.5                              10.7 FASTST   M    M   6    MAX(MPH)
                                 MISC ---->  # 41 230               # 52  240
================================================================================
NOTES:
# LAST OF SEVERAL OCCURRENCES

COLUMN 17 PEAK WIND IN M.P.H.

PRELIMINARY LOCAL CLIMATOLOGICAL DATA (WS FORM: F-6) , PAGE 2

                                          STATION:  SHELBYVILLE IN
                                          MONTH:    NOVEMBER
                                          YEAR:     2014
                                          LATITUDE:   39 35 N
                                          LONGITUDE:  85 48 W

[TEMPERATURE DATA]      [PRECIPITATION DATA]       SYMBOLS USED IN COLUMN 16

AVERAGE MONTHLY: 37.7   TOTAL FOR MONTH:   3.56    1 = FOG OR MIST
DPTR FM NORMAL:  -6.0   DPTR FM NORMAL:   -0.17    2 = FOG REDUCING VISIBILITY
HIGHEST:    67 ON  3    GRTST 24HR  2.65 ON 23-24      TO 1/4 MILE OR LESS
LOWEST:     10 ON 21                               3 = THUNDER
                        SNOW, ICE PELLETS, HAIL    4 = ICE PELLETS
                        TOTAL MONTH:    M          5 = HAIL
                        GRTST 24HR    M  ON   M    6 = FREEZING RAIN OR DRIZZLE
                        GRTST DEPTH:  M  ON   M    7 = DUSTSTORM OR SANDSTORM:
                                                       VSBY 1/2 MILE OR LESS
                                                   8 = SMOKE OR HAZE
[NO. OF DAYS WITH]      [WEATHER - DAYS WITH]      9 = BLOWING SNOW
                                                   X = TORNADO
MAX 32 OR BELOW:   4    0.01 INCH OR MORE:   9
MAX 90 OR ABOVE:   0    0.10 INCH OR MORE:   6
MIN 32 OR BELOW:  18    0.50 INCH OR MORE:   2
MIN  0 OR BELOW:   0    1.00 INCH OR MORE:   2

[HDD (BASE 65) ]
TOTAL THIS MO.   813    CLEAR  (SCALE 0-3)   8
DPTR FM NORMAL   173    PTCLDY (SCALE 4-7)  14
TOTAL FM JUL 1  1184    CLOUDY (SCALE 8-10)  8
DPTR FM NORMAL   109

[CDD (BASE 65) ]
TOTAL THIS MO.     0
DPTR FM NORMAL     0    [PRESSURE DATA]
TOTAL FM JAN 1  1080    HIGHEST SLP 30.54 ON 21
DPTR FM NORMAL   167    LOWEST  SLP 29.17 ON 23

[REMARKS]
#FINAL-11-14#




U.S. Dept. of Commerce
NOAA National Weather Service
1325 East West Highway
Silver Spring, MD 20910
E-mail: w-nws.webmaster@noaa.gov
Page last modified: May 16, 2007
NATIONAL WEATHER SERVICE: for Safety, for Work, for Fun - FOR LIFE