816
CXUS53 KIND 300730
CF6GEZ
PRELIMINARY LOCAL CLIMATOLOGICAL DATA (WS FORM: F-6)

                                          STATION:   SHELBYVILLE IN
                                          MONTH:     JULY
                                          YEAR:      2014
                                          LATITUDE:   39 35 N
                                          LONGITUDE:  85 48 W

  TEMPERATURE IN F:       :PCPN:    SNOW:  WIND      :SUNSHINE: SKY     :PK WND
================================================================================
1   2   3   4   5  6A  6B    7    8   9   10  11  12  13   14  15   16   17  18
                                     12Z  AVG MX 2MIN
DY MAX MIN AVG DEP HDD CDD  WTR  SNW DPTH SPD SPD DIR MIN PSBL S-S WX    SPD DR
================================================================================

 1  89  68  79   5   0  14 0.11    M    M  9.5 22 320   0    0   0        30 320
 2  83  66  75   1   0  10 0.00    M    M  9.2 18 250   M    M   4        23 240
 3  76  59  68  -6   0   3    T    M    M  8.5 17 340   M    M   6        20 340
 4  80  53  67  -7   0   2 0.00    M    M  4.8 14 360   M    M   1        19  30
 5  81  53  67  -7   0   2 0.00    M    M  5.6 13 180   M    M   0        21 150
 6  84  62  73  -1   0   8    T    M    M  8.4 20 210   M    M   6 8      31 210
 7  84  70  77   3   0  12 0.00    M    M 10.6 21 210   M    M   4        26 210
 8  83  68  76   2   0  11 0.53    M    M 12.3 30 230   M    M   0 13     40 230
 9  83  62  73  -1   0   8 0.00    M    M  6.8 15 250   M    M   2        26 340
10  82  59  71  -3   0   6 0.00    M    M  4.8 10 360   M    M   1        21  90
11  85  56  71  -3   0   6 0.00    M    M  3.6  8 250   M    M   0        28  90
12  82  63  73  -1   0   8    T    M    M  7.7 18 180   M    M   2        22 180
13  88  73  81   7   0  16 0.00    M    M  8.8 18 260   M    M   4 18     23 270
14  86  68  77   3   0  12 0.29    M    M  6.0 32 290   M    M   6 1238   42 260
15  73  58  66  -8   0   1 0.00    M    M  9.0 18 320   M    M   5 1      23 290
16  75  54  65  -9   0   0 0.00    M    M  5.5 14 350   M    M   3        17 340
17  78  50  64 -10   1   0 0.00    M    M  3.5 13 330   M    M   0 1      22 340
18  78  53  66  -8   0   1 0.00    M    M  4.3 16 140   M    M   1        20 130
19  79  61  70  -4   0   5 0.00    M    M  3.5  9 340   M    M   8 18     14  10
20  84  57  71  -3   0   6 0.00    M    M  1.9  7  60   M    M   3 128    10  40
21  88  61  75   1   0  10 0.00    M    M  2.3  6  80   M    M   1 18      8 150
22  90  63  77   3   0  12 0.00    M    M  5.4 14 230   M    M   1 18     20 240
23  80  67  74   0   0   9 1.75    M    M  7.6 28 180   M    M   6 1238   34 170
24  78  59  69  -5   0   4 0.00    M    M  6.1 14 360   M    M   3 18     20 360
25  77  53  65  -9   0   0 0.00    M    M  3.2 10 150   M    M   2 1      13 210
26  85  67  76   2   0  11 0.12    M    M  8.7 20 320   M    M   8 138    22 310
27  86  69  78   4   0  13 0.23    M    M 11.6 28 300   M    M   6 13     37 300
28  76  54  65  -9   0   0 0.00    M    M 10.9 21 340   M    M   5        27 330
29  76  51  64 -10   1   0 0.09    M    M  4.8 16 300   M    M   4 13     20 300
================================================================================
SM 2369 1757         2 190  3.12    M    194.9            0     92
================================================================================
AV 81.7 60.6                               6.7 FASTST    0   0   3    MAX(MPH)
                                 MISC ---->  # 32 290               # 42  260
================================================================================
NOTES:
# LAST OF SEVERAL OCCURRENCES

COLUMN 17 PEAK WIND IN M.P.H.

PRELIMINARY LOCAL CLIMATOLOGICAL DATA (WS FORM: F-6) , PAGE 2

                                          STATION:  SHELBYVILLE IN
                                          MONTH:    JULY
                                          YEAR:     2014
                                          LATITUDE:   39 35 N
                                          LONGITUDE:  85 48 W

[TEMPERATURE DATA]      [PRECIPITATION DATA]       SYMBOLS USED IN COLUMN 16

AVERAGE MONTHLY: 71.1   TOTAL FOR MONTH:   3.12    1 = FOG OR MIST
DPTR FM NORMAL:  -2.9   DPTR FM NORMAL:   -1.32    2 = FOG REDUCING VISIBILITY
HIGHEST:    90 ON 22    GRTST 24HR  1.75 ON 22-23      TO 1/4 MILE OR LESS
LOWEST:     50 ON 17                               3 = THUNDER
                        SNOW, ICE PELLETS, HAIL    4 = ICE PELLETS
                        TOTAL MONTH:    M          5 = HAIL
                        GRTST 24HR    M  ON   M    6 = FREEZING RAIN OR DRIZZLE
                        GRTST DEPTH:  M  ON   M    7 = DUSTSTORM OR SANDSTORM:
                                                       VSBY 1/2 MILE OR LESS
                                                   8 = SMOKE OR HAZE
[NO. OF DAYS WITH]      [WEATHER - DAYS WITH]      9 = BLOWING SNOW
                                                   X = TORNADO
MAX 32 OR BELOW:   0    0.01 INCH OR MORE:   7
MAX 90 OR ABOVE:   1    0.10 INCH OR MORE:   6
MIN 32 OR BELOW:   0    0.50 INCH OR MORE:   2
MIN  0 OR BELOW:   0    1.00 INCH OR MORE:   1

[HDD (BASE 65) ]
TOTAL THIS MO.     2    CLEAR  (SCALE 0-3)  15
DPTR FM NORMAL     2    PTCLDY (SCALE 4-7)  13
TOTAL FM JUL 1     2    CLOUDY (SCALE 8-10)  1
DPTR FM NORMAL     2

[CDD (BASE 65) ]
TOTAL THIS MO.   190
DPTR FM NORMAL   -71    [PRESSURE DATA]
TOTAL FM JAN 1   669    HIGHEST SLP M ON M
DPTR FM NORMAL   118    LOWEST  SLP 29.68 ON  8

[REMARKS]




U.S. Dept. of Commerce
NOAA National Weather Service
1325 East West Highway
Silver Spring, MD 20910
E-mail: w-nws.webmaster@noaa.gov
Page last modified: May 16, 2007
NATIONAL WEATHER SERVICE: for Safety, for Work, for Fun - FOR LIFE