396
CXUS53 KIND 300730
CF6GEZ
PRELIMINARY LOCAL CLIMATOLOGICAL DATA (WS FORM: F-6)

                                          STATION:   SHELBYVILLE IN
                                          MONTH:     SEPTEMBER
                                          YEAR:      2014
                                          LATITUDE:   39 35 N
                                          LONGITUDE:  85 48 W

  TEMPERATURE IN F:       :PCPN:    SNOW:  WIND      :SUNSHINE: SKY     :PK WND
================================================================================
1   2   3   4   5  6A  6B    7    8   9   10  11  12  13   14  15   16   17  18
                                     12Z  AVG MX 2MIN
DY MAX MIN AVG DEP HDD CDD  WTR  SNW DPTH SPD SPD DIR MIN PSBL S-S WX    SPD DR
================================================================================

 1  84  72  78   8   0  13 0.13    M    M 11.7 23 220   M    M   6 1      30 220
 2  80  66  73   3   0   8 1.55    M    M  6.9 25 290   M    M   6 13     35 270
 3  85  61  73   3   0   8 0.00    M    M  2.8  8 200   M    M   3 12     12 180
 4  88  65  77   7   0  12 0.00    M    M  5.9 12 190   M    M   0 18     15 200
 5  90  71  81  12   0  16 0.05    M    M  7.9 20 350   M    M   1 138    26 360
 6  74  59  67  -2   0   2    T    M    M  6.3 15 350   M    M   5        19 360
 7  78  55  67  -2   0   2 0.00    M    M  5.5 10  50   M    M   1        15  70
 8  80  53  67  -1   0   2 0.00    M    M  3.2  9  50   M    M   0        12  30
 9  82  52  67  -1   0   2 0.00    M    M  5.1 16 160   M    M   0 1      20 200
10  83  66  75   7   0  10 0.36    M    M 15.2 29 190   M    M   5 138    38 200
11  74  58  66  -2   0   1 0.04    M    M 10.3 16 340   M    M  10 1      20 330
12  67  57  62  -5   3   0 0.00    M    M  6.1 12  60   M    M  10        15  60
13  66  48  57 -10   8   0 0.00    M    M  8.2 18 310   M    M   7 1      24 310
14  71  43  57  -9   8   0    T    M    M  3.1  8 170   M    M   1        12 170
15  72  45  59  -7   6   0 0.51    M    M  4.0 26 150   M    M   4 13     35 150
16  65  48  57  -9   8   0 0.00    M    M  3.1 10 360   M    M   7 18     14  60
17  69  43  56  -9   9   0 0.00    M    M  1.6  9 240   M    M   5 12     12 240
18  76  47  62  -3   3   0 0.00    M    M  4.2 14  50   M    M   1 128    24  90
19  77  49  63  -1   2   0 0.00    M    M  6.5 16 100   M    M   0 18     22  90
20  82  54  68   4   0   3    T    M    M  9.7 21 210   M    M   2 18     27 230
21  76  53  65   1   0   0 0.08    M    M 12.7 25 290   M    M   4 1      34 290
22  68  46  57  -6   8   0 0.00    M    M  4.9 13 360   M    M   1        17 350
23  75  42  59  -4   6   0 0.00    M    M  3.1 10 340   M    M   0        12 350
24  79  47  63   1   2   0 0.00    M    M  5.6 10 150   M    M   0        14 150
25  83  46  65   3   0   0 0.00    M    M  2.4  8  40   M    M   0 1      11  70
26  86  52  69   8   0   4 0.00    M    M  4.5 10  90   M    M   0        13 100
27  84  56  70   9   0   5 0.00    M    M  5.7 10  90   M    M   0 18     14  70
28  86  56  71  11   0   6 0.00    M    M  4.3 10 310   M    M   1        14 320
29  84  52  68   8   0   3 0.00    M    M  2.7 12 340   M    M   0 18     15 330
================================================================================
SM 2264 1562        63  97  2.72    M    173.2          M       80
================================================================================
AV 78.1 53.9                               6.0 FASTST   M    M   3    MAX(MPH)
                                 MISC ---->  # 29 190               # 38  200
================================================================================
NOTES:
# LAST OF SEVERAL OCCURRENCES

COLUMN 17 PEAK WIND IN M.P.H.

PRELIMINARY LOCAL CLIMATOLOGICAL DATA (WS FORM: F-6) , PAGE 2

                                          STATION:  SHELBYVILLE IN
                                          MONTH:    SEPTEMBER
                                          YEAR:     2014
                                          LATITUDE:   39 35 N
                                          LONGITUDE:  85 48 W

[TEMPERATURE DATA]      [PRECIPITATION DATA]       SYMBOLS USED IN COLUMN 16

AVERAGE MONTHLY: 66.0   TOTAL FOR MONTH:   2.72    1 = FOG OR MIST
DPTR FM NORMAL:   0.3   DPTR FM NORMAL:   -0.33    2 = FOG REDUCING VISIBILITY
HIGHEST:    90 ON  5    GRTST 24HR  1.68 ON  1- 2      TO 1/4 MILE OR LESS
LOWEST:     42 ON 23                               3 = THUNDER
                        SNOW, ICE PELLETS, HAIL    4 = ICE PELLETS
                        TOTAL MONTH:    M          5 = HAIL
                        GRTST 24HR    M  ON   M    6 = FREEZING RAIN OR DRIZZLE
                        GRTST DEPTH:  M  ON   M    7 = DUSTSTORM OR SANDSTORM:
                                                       VSBY 1/2 MILE OR LESS
                                                   8 = SMOKE OR HAZE
[NO. OF DAYS WITH]      [WEATHER - DAYS WITH]      9 = BLOWING SNOW
                                                   X = TORNADO
MAX 32 OR BELOW:   0    0.01 INCH OR MORE:   7
MAX 90 OR ABOVE:   1    0.10 INCH OR MORE:   4
MIN 32 OR BELOW:   0    0.50 INCH OR MORE:   2
MIN  0 OR BELOW:   0    1.00 INCH OR MORE:   1

[HDD (BASE 65) ]
TOTAL THIS MO.    63    CLEAR  (SCALE 0-3)  18
DPTR FM NORMAL    -9    PTCLDY (SCALE 4-7)   9
TOTAL FM JUL 1    68    CLOUDY (SCALE 8-10)  2
DPTR FM NORMAL   -10

[CDD (BASE 65) ]
TOTAL THIS MO.    97
DPTR FM NORMAL     4    [PRESSURE DATA]
TOTAL FM JAN 1  1067    HIGHEST SLP M ON M
DPTR FM NORMAL   168    LOWEST  SLP 29.64 ON 10

[REMARKS]




U.S. Dept. of Commerce
NOAA National Weather Service
1325 East West Highway
Silver Spring, MD 20910
E-mail: w-nws.webmaster@noaa.gov
Page last modified: May 16, 2007
NATIONAL WEATHER SERVICE: for Safety, for Work, for Fun - FOR LIFE