790
CXUS53 KIND 200730
CF6GEZ
PRELIMINARY LOCAL CLIMATOLOGICAL DATA (WS FORM: F-6)

                                          STATION:   SHELBYVILLE IN
                                          MONTH:     APRIL
                                          YEAR:      2014
                                          LATITUDE:   39 35 N
                                          LONGITUDE:  85 48 W

  TEMPERATURE IN F:       :PCPN:    SNOW:  WIND      :SUNSHINE: SKY     :PK WND
================================================================================
1   2   3   4   5  6A  6B    7    8   9   10  11  12  13   14  15   16   17  18
                                     12Z  AVG MX 2MIN
DY MAX MIN AVG DEP HDD CDD  WTR  SNW DPTH SPD SPD DIR MIN PSBL S-S WX    SPD DR
================================================================================

 1  69  50  60  12   5   0 0.06    M    M 14.3 29 260   M    M   3        39 260
 2  59  45  52   4  13   0 0.29    M    M  8.4 15  80   M    M   8 1      18  60
 3  68  53  61  12   4   0 1.71    M    M 13.3 24 180   M    M   7 13     33 140
 4  60  40  50   1  15   0 0.65    M    M 18.2 31 260   M    M  10 138    39 280
 5  53  35  44  -5  21   0 0.00    M    M  8.4 30 300   M    M   5        37 300
 6  59  35  47  -3  18   0 0.00    M    M  8.1 16  80   M    M   0        21 110
 7  53  44  49  -1  16   0 0.78    M    M 13.0 25 350   M    M   8 1      32 340
 8  59  39  49  -1  16   0 0.02    M    M  8.1 20 290   M    M   5 138    24 280
 9  63  38  51   0  14   0 0.00    M    M  7.3 16 240   M    M   1        24 290
10  77  47  62  11   3   0 0.14    M    M 18.0 33 180   M    M   2        41 180
11  70  47  59   8   6   0 0.02    M    M  6.0 15 270   M    M   4 1      19 260
12  78  43  61   9   4   0 0.00    M    M 13.8 29 190   M    M   2        36 190
13  80  65  73  21   0   8 0.00    M    M 17.4 28 210   M    M   1        35 220
14  73  34  54   2  11   0 0.25    M    M 17.8 43 210   M    M   9 1      53 210
15  41  30  36 -17  29   0    T    M    M 12.8 25 320   M    M   8        30 350
16  52  29  41 -12  24   0 0.00    M    M 10.4 20 110   M    M   0        25 100
17  69  36  53   0  12   0 0.00    M    M 10.0 20 180   M    M   0        26 190
18  73  40  57   3   8   0 0.00    M    M  4.7 13 340   M    M   2 8      22  30
19  71  42  57   3   8   0 0.00    M    M  9.8 20  50   M    M   0        27  60
================================================================================
SM 1227  792       227   8  3.92    M    219.8          M       75
================================================================================
AV 64.6 41.7                              11.6 FASTST   M    M   4    MAX(MPH)
                                 MISC ---->  # 43 210               # 53  210
================================================================================
NOTES:
# LAST OF SEVERAL OCCURRENCES

COLUMN 17 PEAK WIND IN M.P.H.

PRELIMINARY LOCAL CLIMATOLOGICAL DATA (WS FORM: F-6) , PAGE 2

                                          STATION:  SHELBYVILLE IN
                                          MONTH:    APRIL
                                          YEAR:     2014
                                          LATITUDE:   39 35 N
                                          LONGITUDE:  85 48 W

[TEMPERATURE DATA]      [PRECIPITATION DATA]       SYMBOLS USED IN COLUMN 16

AVERAGE MONTHLY: 53.1   TOTAL FOR MONTH:   3.92    1 = FOG OR MIST
DPTR FM NORMAL:   2.1   DPTR FM NORMAL:    1.46    2 = FOG REDUCING VISIBILITY
HIGHEST:    80 ON 13    GRTST 24HR  2.15 ON  3- 4      TO 1/4 MILE OR LESS
LOWEST:     29 ON 16                               3 = THUNDER
                        SNOW, ICE PELLETS, HAIL    4 = ICE PELLETS
                        TOTAL MONTH:    M          5 = HAIL
                        GRTST 24HR    M  ON   M    6 = FREEZING RAIN OR DRIZZLE
                        GRTST DEPTH:  M  ON   M    7 = DUSTSTORM OR SANDSTORM:
                                                       VSBY 1/2 MILE OR LESS
                                                   8 = SMOKE OR HAZE
[NO. OF DAYS WITH]      [WEATHER - DAYS WITH]      9 = BLOWING SNOW
                                                   X = TORNADO
MAX 32 OR BELOW:   0    0.01 INCH OR MORE:   9
MAX 90 OR ABOVE:   0    0.10 INCH OR MORE:   6
MIN 32 OR BELOW:   2    0.50 INCH OR MORE:   3
MIN  0 OR BELOW:   0    1.00 INCH OR MORE:   1

[HDD (BASE 65) ]
TOTAL THIS MO.   227    CLEAR  (SCALE 0-3)  10
DPTR FM NORMAL   -45    PTCLDY (SCALE 4-7)   5
TOTAL FM JUL 1  5543    CLOUDY (SCALE 8-10)  4
DPTR FM NORMAL   388

[CDD (BASE 65) ]
TOTAL THIS MO.     8
DPTR FM NORMAL     8    [PRESSURE DATA]
TOTAL FM JAN 1     8    HIGHEST SLP M ON M
DPTR FM NORMAL     7    LOWEST  SLP 29.44 ON  7

[REMARKS]




U.S. Dept. of Commerce
NOAA National Weather Service
1325 East West Highway
Silver Spring, MD 20910
E-mail: w-nws.webmaster@noaa.gov
Page last modified: May 16, 2007
NATIONAL WEATHER SERVICE: for Safety, for Work, for Fun - FOR LIFE