477
CXUS55 KRIW 010901
CF6GEY
PRELIMINARY LOCAL CLIMATOLOGICAL DATA (WS FORM: F-6)

                                          STATION:   GREYBULL WY
                                          MONTH:     NOVEMBER
                                          YEAR:      2014
                                          LATITUDE:   44 30 N
                                          LONGITUDE: 108  4 W

  TEMPERATURE IN F:       :PCPN:    SNOW:  WIND      :SUNSHINE: SKY     :PK WND
================================================================================
1   2   3   4   5  6A  6B    7    8   9   10  11  12  13   14  15   16   17  18
                                     12Z  AVG MX 2MIN
DY MAX MIN AVG DEP HDD CDD  WTR  SNW DPTH SPD SPD DIR MIN PSBL S-S WX    SPD DR
================================================================================

 1  73  40  57  18   8   0    T  0.0    0  6.1 22 150   M    M   1        26 150
 2  62  36  49  10  16   0 0.00  0.0    0  9.6 25 320   M    M   4        31 330
 3  52  29  41   3  24   0 0.00  0.0    0  8.2 18 310   M    M   2        22 320
 4  53  22  38   0  27   0 0.00  0.0    0  5.2 12  80   M    M   1        15  80
 5  57  28  43   6  22   0 0.00  0.0    0  4.6  9 190   M    M   1        12 130
 6  59  25  42   6  23   0 0.00  0.0    0  3.4 10 150   M    M   0        16 140
 7  62  33  48  12  17   0    T    M    0 13.0 43 340   M    M   3        53 340
 8  60  24  42   7  23   0 0.00    M    M  4.1 10 200   M    M   0        13 170
 9  54  32  43   8  22   0    T    M    M  7.5 37 330   M    M   2        44 330
10  35  15  25  -9  40   0    T    M    M 16.6 52 320   M    M   9 1      65 320
11  15  -1   7 -26  58   0    T    M    M 18.3 31 330   M    M   5 8      37 330
12   6 -10  -2 -35  67   0 0.00  0.0    M  5.1 13 120   M    M   1        16 130
13  10 -16  -3 -35  68   0 0.00  0.0    M  2.9  9 100   M    M   0 1      12 110
14  15   3   9 -22  56   0 0.08    M    M  6.1 16 320   M    M  10 18     18 300
15  10 -21  -5 -36  70   0 0.01    M    M  5.3 14 330   M    M   5 18     17 330
16   8 -22  -7 -37  72   0    T    M    M  1.6 10  90   M    M   3 18     11 100
17  10 -20  -5 -35  70   0 0.00  0.0    M  1.2  7 250   M    M   0 18      8 310
18  16 -13   2 -27  63   0 0.00  0.0    M  2.6  9 330   M    M   4        11 330
19  23  -2  11 -17  54   0 0.00  0.0    M  1.5  7 320   M    M   0 18      7 320
20  26  -4  11 -17  54   0 0.00  0.0    M  1.1  6 120   M    M   2         7 120
21  32   1  17 -10  48   0 0.00  0.0    M  2.1 10 120   M    M   0        12 120
22  43   8  26   0  39   0    T    M    M  4.7 33 320   M    M   2 1      41 310
23  40  18  29   3  36   0 0.00  0.0    M 10.0 33 330   M    M   5        40 320
24  40  20  30   5  35   0    T    M    M 11.8 29 330   M    M   6        38 320
25  33  22  28   3  37   0 0.39    M    M 10.6 31 330   M    M  10 12     39 340
26  31  21  26   2  39   0 0.10    M    M  3.2 17 290   M    M  10 1      19 290
27  34  19  27   3  38   0 0.00  0.0    M  3.5 13 150   M    M   1 1      17 130
28  49  26  38  15  27   0 0.00  0.0    M  6.4 17 260   M    M   0        23 140
29  47   0  24   2  41   0 0.01    M    M 14.3 35 310   M    M   2 1      40 310
30   7 -18  -5 -27  70   0    T    M    M  5.1 23 320   M    M   3 18     28 320
================================================================================
SM 1062  295      1264   0  0.59     0.0 195.7          M       92
================================================================================
AV 35.4  9.8                               6.5 FASTST   M    M   3    MAX(MPH)
                                 MISC ---->  # 52 320               # 65  320
================================================================================
NOTES:
# LAST OF SEVERAL OCCURRENCES

COLUMN 17 PEAK WIND IN M.P.H.

PRELIMINARY LOCAL CLIMATOLOGICAL DATA (WS FORM: F-6) , PAGE 2

                                          STATION:  GREYBULL WY
                                          MONTH:    NOVEMBER
                                          YEAR:     2014
                                          LATITUDE:   44 30 N
                                          LONGITUDE: 108  4 W

[TEMPERATURE DATA]      [PRECIPITATION DATA]       SYMBOLS USED IN COLUMN 16

AVERAGE MONTHLY: 22.6   TOTAL FOR MONTH:   0.59    1 = FOG OR MIST
DPTR FM NORMAL:  -7.9   DPTR FM NORMAL:    0.29    2 = FOG REDUCING VISIBILITY
HIGHEST:    73 ON  1    GRTST 24HR  0.42 ON 25-26      TO 1/4 MILE OR LESS
LOWEST:    -22 ON 16                               3 = THUNDER
                        SNOW, ICE PELLETS, HAIL    4 = ICE PELLETS
                        TOTAL MONTH:   0.0 INCH    5 = HAIL
                        GRTST 24HR     0.0         6 = FREEZING RAIN OR DRIZZLE
                        GRTST DEPTH:   0           7 = DUSTSTORM OR SANDSTORM:
                                                       VSBY 1/2 MILE OR LESS
                                                   8 = SMOKE OR HAZE
[NO. OF DAYS WITH]      [WEATHER - DAYS WITH]      9 = BLOWING SNOW
                                                   X = TORNADO
MAX 32 OR BELOW:  13    0.01 INCH OR MORE:   5
MAX 90 OR ABOVE:   0    0.10 INCH OR MORE:   2
MIN 32 OR BELOW:  27    0.50 INCH OR MORE:   0
MIN  0 OR BELOW:  11    1.00 INCH OR MORE:   0

[HDD (BASE 65) ]
TOTAL THIS MO.  1264    CLEAR  (SCALE 0-3)  20
DPTR FM NORMAL   229    PTCLDY (SCALE 4-7)   6
TOTAL FM JUL 1  1833    CLOUDY (SCALE 8-10)  4
DPTR FM NORMAL   -24

[CDD (BASE 65) ]
TOTAL THIS MO.     0
DPTR FM NORMAL     0    [PRESSURE DATA]
TOTAL FM JAN 1   698    HIGHEST SLP M ON M
DPTR FM NORMAL    29    LOWEST  SLP 29.38 ON 29

[REMARKS]
#FINAL-11-14#




U.S. Dept. of Commerce
NOAA National Weather Service
1325 East West Highway
Silver Spring, MD 20910
E-mail: w-nws.webmaster@noaa.gov
Page last modified: May 16, 2007
NATIONAL WEATHER SERVICE: for Safety, for Work, for Fun - FOR LIFE