517
CXUS55 KRIW 280901
CF6GEY
PRELIMINARY LOCAL CLIMATOLOGICAL DATA (WS FORM: F-6)

                                          STATION:   GREYBULL WY
                                          MONTH:     JULY
                                          YEAR:      2014
                                          LATITUDE:   44 30 N
                                          LONGITUDE: 108  4 W

  TEMPERATURE IN F:       :PCPN:    SNOW:  WIND      :SUNSHINE: SKY     :PK WND
================================================================================
1   2   3   4   5  6A  6B    7    8   9   10  11  12  13   14  15   16   17  18
                                     12Z  AVG MX 2MIN
DY MAX MIN AVG DEP HDD CDD  WTR  SNW DPTH SPD SPD DIR MIN PSBL S-S WX    SPD DR
================================================================================

 1  80  55  68  -3   0   3 0.00  0.0    0 11.7 22 340   M    M   0        27 340
 2  87  51  69  -2   0   4 0.00  0.0    0  4.0 13 150   M    M   0        17 160
 3  96  56  76   4   0  11    T  0.0    0  7.9 38 320   M    M   0 3      45 240
 4  95  57  76   4   0  11    T  0.0    0  6.6 40 300   M    M   1        54 310
 5 101  57  79   7   0  14 0.00  0.0    0  6.5 23 320   M    M   0        29 330
 6  97  65  81   9   0  16 0.00  0.0    0  5.3 17 310   M    M   0        22 310
 7  86  66  76   4   0  11 0.00  0.0    0 17.5 36 330   M    M   0        47 330
 8  90  57  74   1   0   9 0.00  0.0    0  4.5 13 330   M    M   1        15 350
 9  97  60  79   6   0  14 0.14  0.0    0  4.6 43 270   M    M   1 38     50 280
10  88  66  77   4   0  12 0.01  0.0    0  4.7 33 320   M    M   3        42 320
11  90  60  75   2   0  10 0.00  0.0    0  9.2 36  90   M    M   2 38     45  90
12  91  62  77   3   0  12 0.00  0.0    0  7.7 16 320   M    M   1        23 320
13  94  63  79   5   0  14 0.00  0.0    0  5.7 23 340   M    M   0        29 350
14  89  65  77   3   0  12 0.00  0.0    0  8.5 20 320   M    M   0        25 310
15  86  60  73  -1   0   8 0.06  0.0    0  7.6 37 330   M    M   3 13     46 330
16  84  58  71  -3   0   6 0.00  0.0    0   M 105 120   M    M   5         M  M
17  90  55  73  -1   0   8 0.00  0.0    0   M 150 270   M    M   0       187 270
18  94  58  76   2   0  11    T  0.0    0  7.0 20 350   M    M   0 3      24 350
19  95  62  79   5   0  14 0.00  0.0    0  5.8 17 290   M    M   0        22 290
20  97  58  78   3   0  13    T  0.0    0  4.9 14 280   M    M   0 8      19 290
21  94  69  82   7   0  17    T  0.0    0  8.1 38 320   M    M   3 3      51 320
22  98  61  80   5   0  15    T  0.0    0  6.3 25 330   M    M   0        32 340
23 103  60  82   7   0  17 0.00  0.0    0  5.9 22 150   M    M   0 3      27 150
24 105  66  86  11   0  21 0.00  0.0    0 10.0 37 290   M    M   0        45 290
25  95  58  77   2   0  12 0.00  0.0    0  6.9 26 330   M    M   1        33 320
26  89  55  72  -3   0   7 0.00  0.0    0  7.6 17 340   M    M   0        23 320
27  92  53  73  -2   0   8 0.00  0.0    0  3.8 12 330   M    M   0        15 150
================================================================================
SM 2503 1613         0 310  0.21     0.0 178.3          M       21
================================================================================
AV 92.7 59.7                               7.1 FASTST   M    M   1    MAX(MPH)
                                 MISC ---->  #150 270               #187  270
================================================================================
NOTES:
# LAST OF SEVERAL OCCURRENCES

COLUMN 17 PEAK WIND IN M.P.H.

PRELIMINARY LOCAL CLIMATOLOGICAL DATA (WS FORM: F-6) , PAGE 2

                                          STATION:  GREYBULL WY
                                          MONTH:    JULY
                                          YEAR:     2014
                                          LATITUDE:   44 30 N
                                          LONGITUDE: 108  4 W

[TEMPERATURE DATA]      [PRECIPITATION DATA]       SYMBOLS USED IN COLUMN 16

AVERAGE MONTHLY: 76.2   TOTAL FOR MONTH:   0.21    1 = FOG OR MIST
DPTR FM NORMAL:   2.7   DPTR FM NORMAL:   -0.39    2 = FOG REDUCING VISIBILITY
HIGHEST:   105 ON 24    GRTST 24HR  0.15 ON  9-10      TO 1/4 MILE OR LESS
LOWEST:     51 ON  2                               3 = THUNDER
                        SNOW, ICE PELLETS, HAIL    4 = ICE PELLETS
                        TOTAL MONTH:   0.0 INCH    5 = HAIL
                        GRTST 24HR     0.0         6 = FREEZING RAIN OR DRIZZLE
                        GRTST DEPTH:   0           7 = DUSTSTORM OR SANDSTORM:
                                                       VSBY 1/2 MILE OR LESS
                                                   8 = SMOKE OR HAZE
[NO. OF DAYS WITH]      [WEATHER - DAYS WITH]      9 = BLOWING SNOW
                                                   X = TORNADO
MAX 32 OR BELOW:   0    0.01 INCH OR MORE:   3
MAX 90 OR ABOVE:  19    0.10 INCH OR MORE:   1
MIN 32 OR BELOW:   0    0.50 INCH OR MORE:   0
MIN  0 OR BELOW:   0    1.00 INCH OR MORE:   0

[HDD (BASE 65) ]
TOTAL THIS MO.     0    CLEAR  (SCALE 0-3)  24
DPTR FM NORMAL    -1    PTCLDY (SCALE 4-7)   3
TOTAL FM JUL 1     0    CLOUDY (SCALE 8-10)  0
DPTR FM NORMAL    -1

[CDD (BASE 65) ]
TOTAL THIS MO.   310
DPTR FM NORMAL    72    [PRESSURE DATA]
TOTAL FM JAN 1   401    HIGHEST SLP M ON M
DPTR FM NORMAL    37    LOWEST  SLP 29.61 ON 24

[REMARKS]




U.S. Dept. of Commerce
NOAA National Weather Service
1325 East West Highway
Silver Spring, MD 20910
E-mail: w-nws.webmaster@noaa.gov
Page last modified: May 16, 2007
NATIONAL WEATHER SERVICE: for Safety, for Work, for Fun - FOR LIFE