944
CXUS55 KRIW 300901
CF6GEY
PRELIMINARY LOCAL CLIMATOLOGICAL DATA (WS FORM: F-6)

                                          STATION:   GREYBULL WY
                                          MONTH:     SEPTEMBER
                                          YEAR:      2014
                                          LATITUDE:   44 30 N
                                          LONGITUDE: 108  4 W

  TEMPERATURE IN F:       :PCPN:    SNOW:  WIND      :SUNSHINE: SKY     :PK WND
================================================================================
1   2   3   4   5  6A  6B    7    8   9   10  11  12  13   14  15   16   17  18
                                     12Z  AVG MX 2MIN
DY MAX MIN AVG DEP HDD CDD  WTR  SNW DPTH SPD SPD DIR MIN PSBL S-S WX    SPD DR
================================================================================

 1  72  52  62  -5   3   0 0.00  0.0    0  4.9 13 240   M    M   2        15 240
 2  84  46  65  -1   0   0 0.00  0.0    0  4.8 13 190   M    M   0        15 180
 3  92  47  70   4   0   5 0.00  0.0    0 14.2 35 330   M    M   0        41 320
 4  70  49  60  -5   5   0 0.00  0.0    0 12.3 29 330   M    M   0        33 330
 5  76  41  59  -6   6   0 0.00  0.0    0  3.4 12 350   M    M   1        14 270
 6  83  42  63  -1   2   0 0.00  0.0    0  2.3  9 160   M    M   0        13 110
 7  86  47  67   3   0   2 0.00  0.0    0  7.2 22 150   M    M   0        28 150
 8  90  50  70   7   0   5 0.00  0.0    0  5.4 39 290   M    M   0        47 300
 9  70  48  59  -3   6   0 0.05  0.0    0 15.2 32 300   M    M   2 1      39 290
10  58  40  49 -13  16   0 0.10    M    M 13.5 31 320   M    M   9 1      38 320
11  45  34  40 -22  25   0 0.30    M    M  9.2 23 320   M    M   8 1      31 320
12  58  30  44 -17  21   0 0.00  0.0    0  5.8 16 140   M    M   0 1      23 130
13  66  32  49 -11  16   0 0.00  0.0    0  4.1 15 340   M    M   0 1      17 350
14  72  36  54  -6  11   0 0.00  0.0    0  6.1 18 330   M    M   0        24 340
15  79  40  60   1   5   0 0.00  0.0    0  3.4 10 290   M    M   0        12 300
16  84  43  64   5   1   0    T  0.0    0  3.4 12 240   M    M   0        12 240
17  86  51  69  11   0   4    T  0.0    0  6.2 25 330   M    M   0 3      33 320
18  85  51  68  10   0   3 0.04  0.0    0  6.8 28 290   M    M   1 3      33 290
19  83  53  68  11   0   3 0.00  0.0    0  6.3 17 340   M    M   2        23 320
20  79  48  64   7   1   0 0.00  0.0    0  5.4 15 340   M    M   0        23 320
21  81  44  63   7   2   0 0.00  0.0    0  2.4  9 190   M    M   0        13 180
22  78  57  68  12   0   3 0.00  0.0    0  3.8  9 290   M    M   3 8      10 290
23  84  50  67  12   0   2    T  0.0    0  3.4  9 330   M    M   1        13 350
24  88  49  69  14   0   4 0.00  0.0    0  3.9 12 130   M    M   0        16 150
25  93  48  71  17   0   6 0.00  0.0    0  4.6 17 190   M    M   0        22 200
26  93  49  71  17   0   6 0.00  0.0    0  5.1 22 290   M    M   0 8      26 290
27  75  52  64  11   1   0    T  0.0    0 12.7 28 310   M    M   3        35 310
28  58  48  53   0  12   0 0.03  0.0    0 10.6 21 320   M    M  10 1      25 330
29  67  48  58   5   7   0 0.26  0.0    0  4.7 13 300   M    M   6 1      17 160
================================================================================
SM 2235 1325       140  43  0.78     0.0 191.1          M       48
================================================================================
AV 77.1 45.7                               6.6 FASTST   M    M   2    MAX(MPH)
                                 MISC ---->  # 39 290               # 47  300
================================================================================
NOTES:
# LAST OF SEVERAL OCCURRENCES

COLUMN 17 PEAK WIND IN M.P.H.

PRELIMINARY LOCAL CLIMATOLOGICAL DATA (WS FORM: F-6) , PAGE 2

                                          STATION:  GREYBULL WY
                                          MONTH:    SEPTEMBER
                                          YEAR:     2014
                                          LATITUDE:   44 30 N
                                          LONGITUDE: 108  4 W

[TEMPERATURE DATA]      [PRECIPITATION DATA]       SYMBOLS USED IN COLUMN 16

AVERAGE MONTHLY: 61.4   TOTAL FOR MONTH:   0.78    1 = FOG OR MIST
DPTR FM NORMAL:   1.9   DPTR FM NORMAL:   -0.07    2 = FOG REDUCING VISIBILITY
HIGHEST:    93 ON 26,25 GRTST 24HR  0.40 ON 10-11      TO 1/4 MILE OR LESS
LOWEST:     30 ON 12                               3 = THUNDER
                        SNOW, ICE PELLETS, HAIL    4 = ICE PELLETS
                        TOTAL MONTH:   0.0 INCH    5 = HAIL
                        GRTST 24HR     0.0         6 = FREEZING RAIN OR DRIZZLE
                        GRTST DEPTH:   0           7 = DUSTSTORM OR SANDSTORM:
                                                       VSBY 1/2 MILE OR LESS
                                                   8 = SMOKE OR HAZE
[NO. OF DAYS WITH]      [WEATHER - DAYS WITH]      9 = BLOWING SNOW
                                                   X = TORNADO
MAX 32 OR BELOW:   0    0.01 INCH OR MORE:   6
MAX 90 OR ABOVE:   4    0.10 INCH OR MORE:   3
MIN 32 OR BELOW:   2    0.50 INCH OR MORE:   0
MIN  0 OR BELOW:   0    1.00 INCH OR MORE:   0

[HDD (BASE 65) ]
TOTAL THIS MO.   140    CLEAR  (SCALE 0-3)  25
DPTR FM NORMAL   -56    PTCLDY (SCALE 4-7)   2
TOTAL FM JUL 1   167    CLOUDY (SCALE 8-10)  2
DPTR FM NORMAL   -50

[CDD (BASE 65) ]
TOTAL THIS MO.    43
DPTR FM NORMAL     9    [PRESSURE DATA]
TOTAL FM JAN 1   698    HIGHEST SLP M ON M
DPTR FM NORMAL    31    LOWEST  SLP 29.48 ON  3

[REMARKS]




U.S. Dept. of Commerce
NOAA National Weather Service
1325 East West Highway
Silver Spring, MD 20910
E-mail: w-nws.webmaster@noaa.gov
Page last modified: May 16, 2007
NATIONAL WEATHER SERVICE: for Safety, for Work, for Fun - FOR LIFE