227
CXUS56 KOTX 291500
CF6GEG
PRELIMINARY LOCAL CLIMATOLOGICAL DATA (WS FORM: F-6)

                                          STATION:   SPOKANE WA AIRPORT
                                          MONTH:     JANUARY
                                          YEAR:      2015
                                          LATITUDE:   47 37 N
                                          LONGITUDE: 117 32 W

  TEMPERATURE IN F:       :PCPN:    SNOW:  WIND      :SUNSHINE: SKY     :PK WND
================================================================================
1   2   3   4   5  6A  6B    7    8   9   10  11  12  13   14  15   16   17  18
                                     12Z  AVG MX 2MIN
DY MAX MIN AVG DEP HDD CDD  WTR  SNW DPTH SPD SPD DIR MIN PSBL S-S WX    SPD DR
================================================================================

 1  19   8  14 -13  51   0 0.00  0.0    1  1.4  6 100   M    M   8 8       8 120
 2  24  18  21  -6  44   0 0.05  0.8    1  3.0  9 350   M    M  10 1      11 360
 3  24   9  17 -11  48   0 0.04  0.5    2  3.3  9  40   M    M   9 12     10  40
 4  36  24  30   2  35   0 0.36  3.6    3  4.9 22 210   M    M  10 146    27 220
 5  42  33  38  10  27   0    T  0.0    3  8.4 28 220   M    M  10 12     33 210
 6  43  32  38  10  27   0 0.00  0.0    1  4.4 12 150   M    M   9 12     14 160
 7  34  30  32   4  33   0 0.00  0.0    T  6.3 13  50   M    M  10 12     16  50
 8  34  28  31   3  34   0    T  0.0    T  7.6 13  20   M    M   9 126    14  30
 9  34  27  31   2  34   0 0.00  0.0    T  4.6 12  70   M    M   8        14  80
10  30  28  29   0  36   0 0.03  0.8    0  1.7  6  80   M    M  10 168     7  70
11  30  25  28  -1  37   0    T    T    1  4.8  8  30   M    M   9 12     10  20
12  32  26  29   0  36   0 0.00  0.0    0  3.8  8  60   M    M   9 1      12 350
13  31  29  30   1  35   0    T  0.1    T  3.2  7 340   M    M  10 1       8 190
14  33  24  29   0  36   0 0.00  0.0    0  4.4 10 360   M    M   7        12  10
15  32  25  29  -1  36   0 0.06  1.0    1  5.2 10  80   M    M  10 1      13  80
16  37  25  31   1  34   0 0.24  0.6    1  7.1 22 220   M    M   7 12     29 220
17  34  24  29  -1  36   0 0.63  0.6    T  5.7 10  60   M    M   9 12     12  70
18  45  33  39   9  26   0 0.33  0.0    0 18.6 36 220   M    M   6 1      47 230
19  42  27  35   5  30   0 0.00  0.0    0  7.3 22 220   M    M   5 1      26 220
20  31  24  28  -2  37   0 0.00  0.0    0  4.2  8  30   M    M   9 12     11  40
21  32  26  29  -1  36   0 0.00  0.0    0  5.1  9  30   M    M   9 12     12  60
22  32  25  29  -1  36   0 0.17  2.1    0  4.0  8  60   M    M   9 1       9  60
23  41  31  36   5  29   0    T  0.0    0  4.5 17 200   M    M  10 12     24 200
24  42  34  38   7  27   0    T  0.0    0  3.2 14 190   M    M  10 12     18 200
25  55  37  46  15  19   0 0.00  0.0    0  5.6 12 210   M    M   9 12     14 200
26  49  33  41  10  24   0 0.00  0.0    0  4.5 10  60   M    M   8 12     13  60
27  37  30  34   3  31   0 0.00  0.0    0  4.8 12 260   M    M   8 12     13 270
28  37  31  34   3  31   0    T  0.0    0  5.1 10  50   M    M   9 12     12  40
================================================================================
SM  992  746       945   0  1.91    10.1 146.7          M      246
================================================================================
AV 35.4 26.6                               5.2 FASTST   M    M   9    MAX(MPH)
                                 MISC ---->  # 36 220               # 47  230
================================================================================
NOTES:
# LAST OF SEVERAL OCCURRENCES

COLUMN 17 PEAK WIND IN M.P.H.

PRELIMINARY LOCAL CLIMATOLOGICAL DATA (WS FORM: F-6) , PAGE 2

                                          STATION:  SPOKANE WA AIRPORT
                                          MONTH:    JANUARY
                                          YEAR:     2015
                                          LATITUDE:   47 37 N
                                          LONGITUDE: 117 32 W

[TEMPERATURE DATA]      [PRECIPITATION DATA]       SYMBOLS USED IN COLUMN 16

AVERAGE MONTHLY: 31.0   TOTAL FOR MONTH:   1.91    1 = FOG OR MIST
DPTR FM NORMAL:   1.7   DPTR FM NORMAL:    0.26    2 = FOG REDUCING VISIBILITY
HIGHEST:    55 ON 25    GRTST 24HR  0.96 ON 17-18      TO 1/4 MILE OR LESS
LOWEST:      8 ON  1                               3 = THUNDER
                        SNOW, ICE PELLETS, HAIL    4 = ICE PELLETS
                        TOTAL MONTH:  10.1 INCHES  5 = HAIL
                        GRTST 24HR   3.6 ON   M    6 = FREEZING RAIN OR DRIZZLE
                        GRTST DEPTH:   3 ON  5, 4  7 = DUSTSTORM OR SANDSTORM:
                                                       VSBY 1/2 MILE OR LESS
                                                   8 = SMOKE OR HAZE
[NO. OF DAYS WITH]      [WEATHER - DAYS WITH]      9 = BLOWING SNOW
                                                   X = TORNADO
MAX 32 OR BELOW:  11    0.01 INCH OR MORE:   9
MAX 90 OR ABOVE:   0    0.10 INCH OR MORE:   5
MIN 32 OR BELOW:  23    0.50 INCH OR MORE:   1
MIN  0 OR BELOW:   0    1.00 INCH OR MORE:   0

[HDD (BASE 65) ]
TOTAL THIS MO.   945    CLEAR  (SCALE 0-3)   0
DPTR FM NORMAL   -52    PTCLDY (SCALE 4-7)   5
TOTAL FM JUL 1  3305    CLOUDY (SCALE 8-10) 23
DPTR FM NORMAL  -526

[CDD (BASE 65) ]
TOTAL THIS MO.     0
DPTR FM NORMAL     0    [PRESSURE DATA]
TOTAL FM JAN 1     0    HIGHEST SLP  0.00 ON 20
DPTR FM NORMAL     0    LOWEST  SLP  0.00 ON M

[REMARKS]




U.S. Dept. of Commerce
NOAA National Weather Service
1325 East West Highway
Silver Spring, MD 20910
E-mail: w-nws.webmaster@noaa.gov
Page last modified: May 16, 2007
NATIONAL WEATHER SERVICE: for Safety, for Work, for Fun - FOR LIFE