408
CXUS56 KOTX 011500
CF6GEG
PRELIMINARY LOCAL CLIMATOLOGICAL DATA (WS FORM: F-6)

                                          STATION:   SPOKANE WA AIRPORT
                                          MONTH:     AUGUST
                                          YEAR:      2014
                                          LATITUDE:   47 37 N
                                          LONGITUDE: 117 32 W

  TEMPERATURE IN F:       :PCPN:    SNOW:  WIND      :SUNSHINE: SKY     :PK WND
================================================================================
1   2   3   4   5  6A  6B    7    8   9   10  11  12  13   14  15   16   17  18
                                     12Z  AVG MX 2MIN
DY MAX MIN AVG DEP HDD CDD  WTR  SNW DPTH SPD SPD DIR MIN PSBL S-S WX    SPD DR
================================================================================

 1  96  66  81   9   0  16 0.00  0.0    0  5.9 21 130   M    M   8        26 130
 2  94  67  81   9   0  16 0.00  0.0    0  8.6 30 350   M    M   6 378    39 320
 3  93  62  78   6   0  13 0.00  0.0    0  5.4 16  30   M    M   3        21  40
 4  97  65  81   9   0  16 0.00  0.0    0  6.1 13 360   M    M   1        17 350
 5  96  67  82  10   0  17 0.00  0.0    0  7.0 18 240   M    M   2        22 230
 6  89  61  75   3   0  10 0.00  0.0    0  9.6 17 230   M    M   4        23 220
 7  87  60  74   3   0   9 0.00  0.0    0  9.5 17 220   M    M   2        21 230
 8  81  58  70  -1   0   5 0.00  0.0    0  9.9 20 220   M    M   4        25 220
 9  88  57  73   2   0   8 0.00  0.0    0  5.4 12 160   M    M   5        13 160
10  93  58  76   5   0  11 0.00  0.0    0  4.0 12  30   M    M   5        20  60
11  98  62  80   9   0  15 0.00  0.0    0  4.7 12  70   M    M   5        15  60
12  90  63  77   7   0  12 0.04  0.0    0  8.8 26 230   M    M   8 378    30 230
13  82  59  71   1   0   6 0.00  0.0    0  5.1 10  70   M    M   7 1      14  40
14  77  61  69  -1   0   4 0.00  0.0    0  6.3 16 210   M    M   9        20 210
15  74  61  68  -2   0   3 0.01  0.0    0  4.7 23 260   M    M   8 3      27 260
16  81  59  70   0   0   5 0.00  0.0    0  6.0 18 230   M    M   5 1      27 250
17  86  59  73   4   0   8 0.00  0.0    0  4.1 13 260   M    M   4        19 240
18  91  63  77   8   0  12 0.00  0.0    0  5.3 16 270   M    M   2        20 280
19  89  63  76   7   0  11    T  0.0    0  6.8 21 320   M    M   6 3      26 310
20  79  60  70   1   0   5 0.12  0.0    0 10.1 23 350   M    M   6 3      29 200
21  80  57  69   1   0   4 0.00  0.0    0  6.5 23 360   M    M   6 3      27 350
22  74  54  64  -4   1   0 0.41  0.0    0  8.6 21  10   M    M   6 3      35  20
23  78  55  67  -1   0   2 0.00  0.0    0  6.1 14  50   M    M   3        19  40
24  76  56  66  -2   0   1 0.00  0.0    0  7.4 16  40   M    M   5        25  40
25  80  55  68   1   0   3 0.00  0.0    0  5.4 13  10   M    M   3        17  50
26  84  55  70   3   0   5 0.00  0.0    0  5.8 15 260   M    M   2        19 260
27  89  61  75   8   0  10 0.00  0.0    0  8.0 16 230   M    M   1        25 230
28  83  60  72   6   0   7 0.00  0.0    0 12.9 23 240   M    M   4        29 200
29  82  56  69   3   0   4 0.00  0.0    0 11.5 26 230   M    M   6        37 220
30  74  53  64  -2   1   0 0.00  0.0    0 13.4 22 210   M    M   7        28 210
31  71  52  62  -4   3   0 0.00  0.0    0 14.0 23 210   M    M   6        31 230
================================================================================
SM 2632 1845         5 238  0.58     0.0 232.9          M      149
================================================================================
AV 84.9 59.5                               7.5 FASTST   M    M   5    MAX(MPH)
                                 MISC ---->  # 30 350               # 39  320
================================================================================
NOTES:
# LAST OF SEVERAL OCCURRENCES

COLUMN 17 PEAK WIND IN M.P.H.

PRELIMINARY LOCAL CLIMATOLOGICAL DATA (WS FORM: F-6) , PAGE 2

                                          STATION:  SPOKANE WA AIRPORT
                                          MONTH:    AUGUST
                                          YEAR:     2014
                                          LATITUDE:   47 37 N
                                          LONGITUDE: 117 32 W

[TEMPERATURE DATA]      [PRECIPITATION DATA]       SYMBOLS USED IN COLUMN 16

AVERAGE MONTHLY: 72.2   TOTAL FOR MONTH:   0.58    1 = FOG OR MIST
DPTR FM NORMAL:   2.9   DPTR FM NORMAL:   -0.01    2 = FOG REDUCING VISIBILITY
HIGHEST:    98 ON 11    GRTST 24HR  0.41 ON 22-22      TO 1/4 MILE OR LESS
LOWEST:     52 ON 31                               3 = THUNDER
                        SNOW, ICE PELLETS, HAIL    4 = ICE PELLETS
                        TOTAL MONTH:   0.0 INCH    5 = HAIL
                        GRTST 24HR     0.0         6 = FREEZING RAIN OR DRIZZLE
                        GRTST DEPTH:   0           7 = DUSTSTORM OR SANDSTORM:
                                                       VSBY 1/2 MILE OR LESS
                                                   8 = SMOKE OR HAZE
[NO. OF DAYS WITH]      [WEATHER - DAYS WITH]      9 = BLOWING SNOW
                                                   X = TORNADO
MAX 32 OR BELOW:   0    0.01 INCH OR MORE:   4
MAX 90 OR ABOVE:   9    0.10 INCH OR MORE:   2
MIN 32 OR BELOW:   0    0.50 INCH OR MORE:   0
MIN  0 OR BELOW:   0    1.00 INCH OR MORE:   0

[HDD (BASE 65) ]
TOTAL THIS MO.     5    CLEAR  (SCALE 0-3)   8
DPTR FM NORMAL   -28    PTCLDY (SCALE 4-7)  21
TOTAL FM JUL 1    12    CLOUDY (SCALE 8-10)  2
DPTR FM NORMAL   -53

[CDD (BASE 65) ]
TOTAL THIS MO.   238
DPTR FM NORMAL    70    [PRESSURE DATA]
TOTAL FM JAN 1   606    HIGHEST SLP 30.12 ON 23
DPTR FM NORMAL   195    LOWEST  SLP 29.61 ON 19

[REMARKS]
#FINAL-08-14#




U.S. Dept. of Commerce
NOAA National Weather Service
1325 East West Highway
Silver Spring, MD 20910
E-mail: w-nws.webmaster@noaa.gov
Page last modified: May 16, 2007
NATIONAL WEATHER SERVICE: for Safety, for Work, for Fun - FOR LIFE