311
CXUS56 KOTX 290900
CF6GEG
PRELIMINARY LOCAL CLIMATOLOGICAL DATA (WS FORM: F-6)

                                          STATION:   SPOKANE WA AIRPORT
                                          MONTH:     JULY
                                          YEAR:      2014
                                          LATITUDE:   47 37 N
                                          LONGITUDE: 117 32 W

  TEMPERATURE IN F:       :PCPN:    SNOW:  WIND      :SUNSHINE: SKY     :PK WND
================================================================================
1   2   3   4   5  6A  6B    7    8   9   10  11  12  13   14  15   16   17  18
                                     12Z  AVG MX 2MIN
DY MAX MIN AVG DEP HDD CDD  WTR  SNW DPTH SPD SPD DIR MIN PSBL S-S WX    SPD DR
================================================================================

 1  88  55  72   6   0   7 0.00  0.0    0  8.7 17  40   M    M   2        21  40
 2  92  63  78  12   0  13 0.00  0.0    0  5.5 15 230   M    M   6        19 230
 3  86  68  77  10   0  12 0.00  0.0    0 11.5 21 240   M    M   7        28 210
 4  80  60  70   3   0   5 0.00  0.0    0  7.1 16 200   M    M   8        21 190
 5  85  61  73   6   0   8 0.00  0.0    0  8.8 18 220   M    M   7        23 210
 6  90  63  77   9   0  12 0.00  0.0    0  9.2 21 240   M    M   5        27 250
 7  90  64  77   9   0  12 0.00  0.0    0  3.6 13 300   M    M   1        17 290
 8  94  65  80  12   0  15 0.00  0.0    0  5.4 13 300   M    M   2        16 310
 9  93  67  80  12   0  15 0.00  0.0    0 10.7 21 190   M    M   6        26 190
10  91  62  77   8   0  12 0.00  0.0    0  7.9 15 210   M    M   3        20 240
11  93  63  78   9   0  13 0.00  0.0    0  6.1 15  50   M    M   4        18  60
12  95  63  79  10   0  14 0.00  0.0    0  4.9 15  50   M    M   3        18  60
13  97  63  80  10   0  15 0.00  0.0    0  4.6 14  30   M    M   4        16  60
14  95  68  82  12   0  17 0.13  0.0    0  7.6 22 160   M    M   7 138    29 160
15  94  61  78   8   0  13 0.00  0.0    0  4.5 12 230   M    M   2        14  30
16  99  67  83  13   0  18 0.00  0.0    0  7.7 16 250   M    M   2        21 240
17  90  65  78   8   0  13 0.00  0.0    0 12.9 24 240   M    M   7 8      29 240
18  85  61  73   2   0   8 0.00  0.0    0 10.4 18 200   M    M   9 8      24 200
19  89  62  76   5   0  11 0.00  0.0    0 17.4 33 230   M    M   8 8      41 230
20  81  63  72   1   0   7 0.00  0.0    0 11.5 23 200   M    M   7 8      28 250
21  77  54  66  -5   0   1 0.00  0.0    0  8.4 18 210   M    M   5        24 210
22  79  60  70  -1   0   5 0.01  0.0    0  7.6 14 150   M    M   9        22  60
23  88  55  72   0   0   7 0.04  0.0    0 10.9 54 210   M    M   6 1378   66 220
24  69  48  59 -13   6   0 0.00  0.0    0 16.0 28 240   M    M   6        34 220
25  77  51  64  -8   1   0 0.00  0.0    0  7.1 15 240   M    M   2        21 230
26  86  55  71  -1   0   6 0.00  0.0    0  5.0 14 230   M    M   1        17 250
27  93  62  78   6   0  13 0.00  0.0    0  5.9 13  20   M    M   4        17  40
28  98  69  84  12   0  19    T  0.0    0  5.4 15  70   M    M   5        18  70
================================================================================
SM 2474 1718         7 291  0.18     0.0 232.3          M      138
================================================================================
AV 88.4 61.4                               8.3 FASTST   M    M   5    MAX(MPH)
                                 MISC ---->  # 54 210               # 66  220
================================================================================
NOTES:
# LAST OF SEVERAL OCCURRENCES

COLUMN 17 PEAK WIND IN M.P.H.

PRELIMINARY LOCAL CLIMATOLOGICAL DATA (WS FORM: F-6) , PAGE 2

                                          STATION:  SPOKANE WA AIRPORT
                                          MONTH:    JULY
                                          YEAR:     2014
                                          LATITUDE:   47 37 N
                                          LONGITUDE: 117 32 W

[TEMPERATURE DATA]      [PRECIPITATION DATA]       SYMBOLS USED IN COLUMN 16

AVERAGE MONTHLY: 74.9   TOTAL FOR MONTH:   0.18    1 = FOG OR MIST
DPTR FM NORMAL:   5.2   DPTR FM NORMAL:   -0.41    2 = FOG REDUCING VISIBILITY
HIGHEST:    99 ON 16    GRTST 24HR  0.13 ON 14-14      TO 1/4 MILE OR LESS
LOWEST:     48 ON 24                               3 = THUNDER
                        SNOW, ICE PELLETS, HAIL    4 = ICE PELLETS
                        TOTAL MONTH:   0.0 INCH    5 = HAIL
                        GRTST 24HR     0.0         6 = FREEZING RAIN OR DRIZZLE
                        GRTST DEPTH:   0           7 = DUSTSTORM OR SANDSTORM:
                                                       VSBY 1/2 MILE OR LESS
                                                   8 = SMOKE OR HAZE
[NO. OF DAYS WITH]      [WEATHER - DAYS WITH]      9 = BLOWING SNOW
                                                   X = TORNADO
MAX 32 OR BELOW:   0    0.01 INCH OR MORE:   3
MAX 90 OR ABOVE:  15    0.10 INCH OR MORE:   1
MIN 32 OR BELOW:   0    0.50 INCH OR MORE:   0
MIN  0 OR BELOW:   0    1.00 INCH OR MORE:   0

[HDD (BASE 65) ]
TOTAL THIS MO.     7    CLEAR  (SCALE 0-3)   9
DPTR FM NORMAL   -24    PTCLDY (SCALE 4-7)  17
TOTAL FM JUL 1     7    CLOUDY (SCALE 8-10)  2
DPTR FM NORMAL   -24

[CDD (BASE 65) ]
TOTAL THIS MO.   291
DPTR FM NORMAL   134    [PRESSURE DATA]
TOTAL FM JAN 1   311    HIGHEST SLP  0.00 ON  9
DPTR FM NORMAL    91    LOWEST  SLP  0.00 ON M

[REMARKS]




U.S. Dept. of Commerce
NOAA National Weather Service
1325 East West Highway
Silver Spring, MD 20910
E-mail: w-nws.webmaster@noaa.gov
Page last modified: May 16, 2007
NATIONAL WEATHER SERVICE: for Safety, for Work, for Fun - FOR LIFE