884
CXUS56 KOTX 231500
CF6GEG
PRELIMINARY LOCAL CLIMATOLOGICAL DATA (WS FORM: F-6)

                                          STATION:   SPOKANE WA AIRPORT
                                          MONTH:     APRIL
                                          YEAR:      2014
                                          LATITUDE:   47 37 N
                                          LONGITUDE: 117 32 W

  TEMPERATURE IN F:       :PCPN:    SNOW:  WIND      :SUNSHINE: SKY     :PK WND
================================================================================
1   2   3   4   5  6A  6B    7    8   9   10  11  12  13   14  15   16   17  18
                                     12Z  AVG MX 2MIN
DY MAX MIN AVG DEP HDD CDD  WTR  SNW DPTH SPD SPD DIR MIN PSBL S-S WX    SPD DR
================================================================================

 1  56  32  44   0  21   0 0.00  0.0    0  6.6 15 350   M    M   3        22 320
 2  56  31  44   0  21   0 0.00  0.0    0  9.0 22 250   M    M   7 12     25 260
 3  54  33  44  -1  21   0    T  0.0    0 10.1 26 240   M    M   8        32 240
 4  51  38  45   0  20   0 0.05  0.0    0 13.6 26 220   M    M   7 1      33 220
 5  52  33  43  -2  22   0 0.02  0.0    0 12.4 24 230   M    M   7        29 230
 6  60  38  49   4  16   0 0.00  0.0    0 13.7 25 260   M    M   4        30 220
 7  64  38  51   6  14   0 0.00  0.0    0  8.3 16 220   M    M   6        20 210
 8  69  43  56  10   9   0    T  0.0    0 14.0 25 230   M    M   7        36 230
 9  58  40  49   3  16   0    T  0.0    0 11.5 25 230   M    M   5        30 260
10  57  35  46   0  19   0 0.00  0.0    0  9.4 17 240   M    M   6        22 210
11  65  36  51   5  14   0 0.00  0.0    0 12.3 24 250   M    M   4        30 240
12  59  32  46   0  19   0 0.02  0.0    0  7.0 29 270   M    M   3        36 270
13  57  33  45  -1  20   0 0.00  0.0    0  5.8 16  60   M    M   2        19  50
14  64  34  49   3  16   0 0.00  0.0    0  7.7 18 220   M    M   5        22 210
15  59  40  50   3  15   0    T  0.0    0 13.3 28 280   M    M   9        33 280
16  51  38  45  -2  20   0 0.04  0.0    0  9.7 20 230   M    M   9 1      23 230
17  50  43  47   0  18   0 0.34  0.0    0 12.0 24 210   M    M  10 1      31 210
18  54  36  45  -2  20   0 0.00  0.0    0 17.7 30 210   M    M   5        36 220
19  63  33  48   0  17   0    T  0.0    0 13.5 36 260   M    M   5        44 260
20  56  35  46  -2  19   0 0.00  0.0    0  8.1 24 220   M    M   4        31 220
21  59  38  49   1  16   0 0.00  0.0    0  9.0 16  30   M    M   8        18  40
22  52  36  44  -4  21   0 0.09  0.0    0 14.4 28 210   M    M   8 1      32 220
================================================================================
SM 1266  795       394   0  0.56     0.0 239.1          M      132
================================================================================
AV 57.5 36.1                              10.9 FASTST   M    M   6    MAX(MPH)
                                 MISC ---->  # 36 260               # 44  260
================================================================================
NOTES:
# LAST OF SEVERAL OCCURRENCES

COLUMN 17 PEAK WIND IN M.P.H.

PRELIMINARY LOCAL CLIMATOLOGICAL DATA (WS FORM: F-6) , PAGE 2

                                          STATION:  SPOKANE WA AIRPORT
                                          MONTH:    APRIL
                                          YEAR:     2014
                                          LATITUDE:   47 37 N
                                          LONGITUDE: 117 32 W

[TEMPERATURE DATA]      [PRECIPITATION DATA]       SYMBOLS USED IN COLUMN 16

AVERAGE MONTHLY: 46.8   TOTAL FOR MONTH:   0.56    1 = FOG OR MIST
DPTR FM NORMAL:   0.7   DPTR FM NORMAL:   -0.41    2 = FOG REDUCING VISIBILITY
HIGHEST:    69 ON  8    GRTST 24HR  0.34 ON 16-17      TO 1/4 MILE OR LESS
LOWEST:     31 ON  2                               3 = THUNDER
                        SNOW, ICE PELLETS, HAIL    4 = ICE PELLETS
                        TOTAL MONTH:   0.0 INCH    5 = HAIL
                        GRTST 24HR     0.0         6 = FREEZING RAIN OR DRIZZLE
                        GRTST DEPTH:   0           7 = DUSTSTORM OR SANDSTORM:
                                                       VSBY 1/2 MILE OR LESS
                                                   8 = SMOKE OR HAZE
[NO. OF DAYS WITH]      [WEATHER - DAYS WITH]      9 = BLOWING SNOW
                                                   X = TORNADO
MAX 32 OR BELOW:   0    0.01 INCH OR MORE:   6
MAX 90 OR ABOVE:   0    0.10 INCH OR MORE:   1
MIN 32 OR BELOW:   3    0.50 INCH OR MORE:   0
MIN  0 OR BELOW:   0    1.00 INCH OR MORE:   0

[HDD (BASE 65) ]
TOTAL THIS MO.   394    CLEAR  (SCALE 0-3)   2
DPTR FM NORMAL   -21    PTCLDY (SCALE 4-7)  17
TOTAL FM JUL 1  6217    CLOUDY (SCALE 8-10)  3
DPTR FM NORMAL   206

[CDD (BASE 65) ]
TOTAL THIS MO.     0
DPTR FM NORMAL     0    [PRESSURE DATA]
TOTAL FM JAN 1     0    HIGHEST SLP M ON M
DPTR FM NORMAL     0    LOWEST  SLP  0.00 ON M

[REMARKS]




U.S. Dept. of Commerce
NOAA National Weather Service
1325 East West Highway
Silver Spring, MD 20910
E-mail: w-nws.webmaster@noaa.gov
Page last modified: May 16, 2007
NATIONAL WEATHER SERVICE: for Safety, for Work, for Fun - FOR LIFE