850
CXUS54 KMAF 011100
CF6GDP
PRELIMINARY LOCAL CLIMATOLOGICAL DATA (WS FORM: F-6)

                                          STATION:   Guadalupe Pass
                                          MONTH:     JULY
                                          YEAR:      2014
                                          LATITUDE:   31 49 N
                                          LONGITUDE: 104 48 W

  TEMPERATURE IN F:       :PCPN:    SNOW:  WIND      :SUNSHINE: SKY     :PK WND
================================================================================
1   2   3   4   5  6A  6B    7    8   9   10  11  12  13   14  15   16   17  18
                                     12Z  AVG MX 2MIN
DY MAX MIN AVG DEP HDD CDD  WTR  SNW DPTH SPD SPD DIR MIN PSBL S-S WX    SPD DR
================================================================================

 1  86  67  77   0   0  12 0.14  0.0    0 22.4 41  50   M    M   0 8      49  50
 2  80  64  72  -5   0   7 0.00  0.0    0 29.6 41  50   M    M   1 8      50  30
 3  83  62  73  -4   0   8    T  0.0    0 20.3 38  40   M    M   5        41  40
 4  87  65  76  -1   0  11 0.00  0.0    0 14.1 31  60   M    M   2        37  70
 5  92  66  79   2   0  14 0.00  0.0    0 13.1 33  50   M    M   2        37  50
 6  81  66  74  -3   0   9    T  0.0    0 17.3 31  70   M    M   4 8      36  80
 7  91  64  78   2   0  13 0.00  0.0    0 10.2 24 210   M    M   2        29 180
 8  90  65  78   2   0  13 0.00  0.0    0 13.0 30  80   M    M   1 8      37 110
 9  89  69  79   3   0  14 0.00  0.0    0 15.3 30  50   M    M   1        34  80
10  89  66  78   2   0  13 0.00  0.0    0 14.3 35  60   M    M   0        37  80
11  86  60  73  -3   0   8 0.00  0.0    0 22.6 36  80   M    M   0 8      39  80
12  84  61  73  -3   0   8    T  0.0    0 14.2 32  70   M    M   2 18     34  70
13  87  65  76   0   0  11 0.00  0.0    0 12.2 20  60   M    M   0        32  50
14  88  68  78   2   0  13 0.13  0.0    0 13.1 49  50   M    M   2 8      56  40
15  84  62  73  -3   0   8 0.07  0.0    0 23.0 48  40   M    M   3 18     54  40
16  85  60  73  -3   0   8 1.03  0.0    0 14.8 30 250   M    M   4 128    35 240
17  86  61  74  -2   0   9 0.21  0.0    0 17.1 33  40   M    M   4 1      37  90
18  86  61  74  -2   0   9 0.04  0.0    0 16.3 29  40   M    M   5 12     33  70
19  94  64  79   3   0  14    T  0.0    0 13.5 40  40   M    M   1 12     45  40
20  95  67  81   5   0  16 0.00  0.0    0 18.4 36  40   M    M   0        39  50
21  93  70  82   6   0  17    T  0.0    0 14.5 40  40   M    M   1        46  40
22  88  70  79   3   0  14 0.00  0.0    0 17.1 31  50   M    M   1 8      35  50
23  87  69  78   2   0  13 0.00  0.0    0 16.9 32  80   M    M   1 8      38  80
24  89  68  79   3   0  14 0.00  0.0    0 13.4 24  80   M    M   0        29  70
25  92  72  82   6   0  17 0.00  0.0    0 11.3 23  50   M    M   0        26  60
26  95  71  83   7   0  18 0.00  0.0    0 14.2 25  50   M    M   0        31  80
27  93  73  83   7   0  18 0.00  0.0    0 13.1 25  70   M    M   1        30  80
28  86  64  75  -1   0  10 0.22  0.0    0 18.7 32  70   M    M   3 1      40  70
29  86  65  76   0   0  11 0.00  0.0    0 13.4 29  40   M    M   1        34  40
30  98  68  83   7   0  18 0.05  0.0    0 18.0 55  70   M    M   1        61  80
31  68  59  64 -12   1   0    T  0.0    0 25.3 39  60   M    M   6 128    45  60
================================================================================
SM 2718 2032         1 368  1.89     0.0 510.7          M       54
================================================================================
AV 87.7 65.5                              16.5 FASTST   M    M   2    MAX(MPH)
                                 MISC ---->  # 55  70               # 61   80
================================================================================
NOTES:
# LAST OF SEVERAL OCCURRENCES

COLUMN 17 PEAK WIND IN M.P.H.

PRELIMINARY LOCAL CLIMATOLOGICAL DATA (WS FORM: F-6) , PAGE 2

                                          STATION:  Guadalupe Pass
                                          MONTH:    JULY
                                          YEAR:     2014
                                          LATITUDE:   31 49 N
                                          LONGITUDE: 104 48 W

[TEMPERATURE DATA]      [PRECIPITATION DATA]       SYMBOLS USED IN COLUMN 16

AVERAGE MONTHLY: 76.6   TOTAL FOR MONTH:   1.89    1 = FOG OR MIST
DPTR FM NORMAL:   0.5   DPTR FM NORMAL:   -0.35    2 = FOG REDUCING VISIBILITY
HIGHEST:    98 ON 30    GRTST 24HR  1.10 ON 15-16      TO 1/4 MILE OR LESS
LOWEST:     59 ON 31                               3 = THUNDER
                        SNOW, ICE PELLETS, HAIL    4 = ICE PELLETS
                        TOTAL MONTH:   0.0 INCH    5 = HAIL
                        GRTST 24HR     0.0         6 = FREEZING RAIN OR DRIZZLE
                        GRTST DEPTH:   0           7 = DUSTSTORM OR SANDSTORM:
                                                       VSBY 1/2 MILE OR LESS
                                                   8 = SMOKE OR HAZE
[NO. OF DAYS WITH]      [WEATHER - DAYS WITH]      9 = BLOWING SNOW
                                                   X = TORNADO
MAX 32 OR BELOW:   0    0.01 INCH OR MORE:   8
MAX 90 OR ABOVE:  10    0.10 INCH OR MORE:   5
MIN 32 OR BELOW:   0    0.50 INCH OR MORE:   1
MIN  0 OR BELOW:   0    1.00 INCH OR MORE:   1

[HDD (BASE 65) ]
TOTAL THIS MO.     1    CLEAR  (SCALE 0-3)  23
DPTR FM NORMAL    -1    PTCLDY (SCALE 4-7)   8
TOTAL FM JUL 1     1    CLOUDY (SCALE 8-10)  0
DPTR FM NORMAL    -1

[CDD (BASE 65) ]
TOTAL THIS MO.   368
DPTR FM NORMAL    23    [PRESSURE DATA]
TOTAL FM JAN 1  1078    HIGHEST SLP 30.14 ON  4
DPTR FM NORMAL   158    LOWEST  SLP 29.66 ON  1

[REMARKS]
#FINAL-07-14#




U.S. Dept. of Commerce
NOAA National Weather Service
1325 East West Highway
Silver Spring, MD 20910
E-mail: w-nws.webmaster@noaa.gov
Page last modified: May 16, 2007
NATIONAL WEATHER SERVICE: for Safety, for Work, for Fun - FOR LIFE