452
CXUS54 KFWD 240730
CF6GDJ
PRELIMINARY LOCAL CLIMATOLOGICAL DATA (WS FORM: F-6)

                                          STATION:   GRANBURY
                                          MONTH:     JULY
                                          YEAR:      2014
                                          LATITUDE:   32 26 N
                                          LONGITUDE:  97 48 W

  TEMPERATURE IN F:       :PCPN:    SNOW:  WIND      :SUNSHINE: SKY     :PK WND
================================================================================
1   2   3   4   5  6A  6B    7    8   9   10  11  12  13   14  15   16   17  18
                                     12Z  AVG MX 2MIN
DY MAX MIN AVG DEP HDD CDD  WTR  SNW DPTH SPD SPD DIR MIN PSBL S-S WX    SPD DR
================================================================================

 1  95  74  85   2   0  20 0.00  0.0    0  8.8 20 150   M    M   0        24 150
 2  91  75  83   0   0  18 0.00  0.0    0  3.2 10  80   M    M   1         M  M
 3  87  75  81  -2   0  16 0.00  0.0    0  5.3 13 340   M    M   0 8      17 350
 4  92  72  82  -1   0  17 0.00  0.0    0  5.4 10 130   M    M   1         M  M
 5  93  73  83   0   0  18 0.00  0.0    0  7.2 13 120   M    M   1        18 130
 6  93  72  83   0   0  18 0.00  0.0    0  5.8 13 110   M    M   1        16 130
 7  98  75  87   4   0  22 0.00  0.0    0  7.1 15 170   M    M   0        16 160
 8  98  76  87   4   0  22 0.00  0.0    0  6.3 13 180   M    M   0         M  M
 9  98  76  87   4   0  22 0.00  0.0    0  4.8 13 150   M    M   0         M  M
10  98  75  87   4   0  22 0.00  0.0    0  8.0 14 160   M    M   0        18 160
11  96  72  84   1   0  19 0.00  0.0    0  8.5 17 160   M    M   1        25 170
12  98  66  82  -2   0  17 0.00  0.0    0  6.4 14 140   M    M   0        20 140
13 100  73  87   3   0  22 0.00  0.0    0  4.6 10 150   M    M   1         M  M
14 102  74  88   4   0  23    M  0.0    0  3.6 13 220   M    M   2 3      22 220
15  93  75  84   0   0  19 0.00  0.0    0  4.6 12  60   M    M   3        17  50
16  92  70  81  -3   0  16 0.00  0.0    0  5.7 20 170   M    M   2        25 170
17  82  71  77  -7   0  12 0.03  0.0    0  5.2  9 140   M    M   7 1       M  M
18  77  67  72 -12   0   7 0.00  0.0    0  5.0 10  10   M    M   9 1       M  M
19  85  69  77  -7   0  12 0.00  0.0    0  5.4 10 110   M    M   6         M  M
20  94  68  81  -3   0  16 0.00  0.0    0  6.8  9 110   M    M   2         M  M
21  99  77  88   4   0  23 0.00  0.0    0  6.9 12 120   M    M   2 18     16 140
22  99  77  88   4   0  23 0.00  0.0    0  5.1  8  90   M    M   1         M  M
23  97  73  85   1   0  20 0.00  0.0    0  3.4 17 100   M    M   1 18     25 100
================================================================================
SM 2157 1675         0 424  0.03     0.0 133.1          M       41
================================================================================
AV 93.8 72.8                               5.8 FASTST   M    M   2    MAX(MPH)
                                 MISC ---->    20   M                 25    M
================================================================================
NOTES:
# LAST OF SEVERAL OCCURRENCES

COLUMN 17 PEAK WIND IN M.P.H.

PRELIMINARY LOCAL CLIMATOLOGICAL DATA (WS FORM: F-6) , PAGE 2

                                          STATION:  GRANBURY
                                          MONTH:    JULY
                                          YEAR:     2014
                                          LATITUDE:   32 26 N
                                          LONGITUDE:  97 48 W

[TEMPERATURE DATA]      [PRECIPITATION DATA]       SYMBOLS USED IN COLUMN 16

AVERAGE MONTHLY: 83.3   TOTAL FOR MONTH:   0.03    1 = FOG OR MIST
DPTR FM NORMAL:  -0.2   DPTR FM NORMAL:       M    2 = FOG REDUCING VISIBILITY
HIGHEST:   102 ON 14    GRTST 24HR  0.03 ON 17-17      TO 1/4 MILE OR LESS
LOWEST:     66 ON 12                               3 = THUNDER
                        SNOW, ICE PELLETS, HAIL    4 = ICE PELLETS
                        TOTAL MONTH:   0.0 INCH    5 = HAIL
                        GRTST 24HR     0.0         6 = FREEZING RAIN OR DRIZZLE
                        GRTST DEPTH:   0           7 = DUSTSTORM OR SANDSTORM:
                                                       VSBY 1/2 MILE OR LESS
                                                   8 = SMOKE OR HAZE
[NO. OF DAYS WITH]      [WEATHER - DAYS WITH]      9 = BLOWING SNOW
                                                   X = TORNADO
MAX 32 OR BELOW:   0    0.01 INCH OR MORE:   1
MAX 90 OR ABOVE:  19    0.10 INCH OR MORE:   0
MIN 32 OR BELOW:   0    0.50 INCH OR MORE:   0
MIN  0 OR BELOW:   0    1.00 INCH OR MORE:   0

[HDD (BASE 65) ]
TOTAL THIS MO.     0    CLEAR  (SCALE 0-3)  20
DPTR FM NORMAL     0    PTCLDY (SCALE 4-7)   2
TOTAL FM JUL 1     0    CLOUDY (SCALE 8-10)  1
DPTR FM NORMAL     0

[CDD (BASE 65) ]
TOTAL THIS MO.   424
DPTR FM NORMAL     0    [PRESSURE DATA]
TOTAL FM JAN 1  1419    HIGHEST SLP M ON M
DPTR FM NORMAL   219    LOWEST  SLP M ON M

[REMARKS]




U.S. Dept. of Commerce
NOAA National Weather Service
1325 East West Highway
Silver Spring, MD 20910
E-mail: w-nws.webmaster@noaa.gov
Page last modified: May 16, 2007
NATIONAL WEATHER SERVICE: for Safety, for Work, for Fun - FOR LIFE